NOAA Reports


Report for 2009 Mar
MONTHLY CLIMATOLOGICAL SUMMARY for MAR. 2009

NAME: Sunset Beach   CITY: Sunset Beach STATE: North Carolina
ELEV: 52 Feet LAT: 033:54:59 LONG: 0078:29:50

                            TEMPERATURE ( F), RAIN (in.), WIND SPEED (mph)

                                                 HEAT     COOL           AVG
      MEAN                                       DEG      DEG            WIND                        DOM
DAY   TEMP    HIGH   TIME      LOW     TIME      DAYS     DAYS   RAIN    SPEED    HIGH    TIME       DIR
----------------------------------------------------------------------------------------------------------------------------------------------------------
13    52.7    63.8   17:00    41.6   23:52     20.9     00.0   00.00   00.9     11.5    22:55      N 
14    48.6    55.8   15:55    41.4   03:44     17.6     00.0   00.00   00.4     08.1    03:17     SSW
15    56.6    63.9   15:59    49.2   07:29     09.3     00.0   00.06   00.0     03.5    16:59      W 
16    55.3    57.7   02:29    52.9   23:54     09.9     00.0   00.82   00.0     04.6    17:31     NNE
17    54.5    59.3   15:44    49.8   09:00     11.9     00.0   00.08   01.4     17.3    13:07      NE
18    50.5    64.3   14:35    36.8   07:35     15.3     00.0   00.00   00.4     10.4    15:57     ENE
19    57.3    73.6   13:31    40.9   01:15     08.4     00.0   00.00   00.2     11.5    15:35      SE
20    51.8    62.4   16:51    41.2   21:50     11.7     00.0   00.00   01.5     20.7    02:36     SSW
21    46.3    57.3   15:29    35.4   23:37     20.3     00.0   00.00   01.0     12.7    15:29      SW
22    46.4    62.7   13:12    30.2   07:19     20.5     00.0   00.00   00.6     12.7    13:37     SSW
23    52.1    72.1   13:14    32.2   06:58     13.5     00.0   00.00   00.2     08.1    17:27      SW
24    51.7    61.9   14:10    41.5   05:53     14.7     00.0   00.00   01.2     12.7    15:34     NNE
25    51.8    63.2   13:34    40.3   05:41     12.1     00.0   00.17   00.9     12.7    12:05      SE
26    61.4    65.1   16:00    57.8   00:24     04.5     00.0   00.55   00.3     15.0    15:44     SSE
27    66.0    71.6   14:29    60.4   07:29     00.0     00.0   00.00   00.5     13.8    23:59      SE
28    66.1    70.6   13:45    61.6   08:29     00.0     00.6   00.82   00.3     13.8    21:00      SE
29    61.7    70.6   13:03    52.7   00:00     00.9     00.0   00.08   01.6     19.6    21:43     SSW
30    56.7    69.4   14:23    44.1   07:15     10.6     00.0   00.00   00.9     15.0    00:33     WSW
31    55.4    70.8   14:04    40.0   07:02     08.5     00.0   01.65   00.5     11.5    12:07      S 
----------------------------------------------------------------------------------------------------------------------------------------------------------
53.9 (54.9)   73.6  day 19     30.2  day 22   210.4    000.6   04.23   00.7     20.7   day 29      S 
Min <=  86: 19
Max Rain: 0.82 ON 28-03-09
Days of Rain: 7 (> .008in) 5 (> .08in) 2 (> 0.8in)