NOAA Reports


Report for 2009 Sep
MONTHLY CLIMATOLOGICAL SUMMARY for SEP. 2009

NAME: Sunset Beach   CITY: Sunset Beach (Mainland) STATE: North Carolina
ELEV: 52 Feet LAT: 033:54:59 LONG: 0078:29:50

                            TEMPERATURE ( F), RAIN (in.), WIND SPEED (mph)

                                                 HEAT     COOL           AVG
      MEAN                                       DEG      DEG            WIND                        DOM
DAY   TEMP    HIGH   TIME      LOW     TIME      DAYS     DAYS   RAIN    SPEED    HIGH    TIME       DIR
----------------------------------------------------------------------------------------------------------------------------------------------------------
01    74.1    81.5   14:45    66.8   06:53     00.0     07.7   00.00   02.2     15.0    13:44     ENE
02    71.9    79.8   14:00    64.0   06:55     00.0     05.4   00.00   01.6     16.1    12:22     WSW
03    74.1    81.6   16:16    66.7   07:15     00.0     07.8   00.00   01.5     13.8    09:21     WSW
04    72.7    81.7   17:40    63.6   00:00     00.0     06.4   00.00   00.4     11.5    20:01     NNE
05    74.3    88.4   14:37    60.3   06:36     00.0     08.1   00.00   00.8     12.7    15:26      NE
06    74.0    81.4   13:42    66.6   00:01     00.0     08.3   00.12   01.5     18.4    14:43      NE
07    73.7    77.8   13:27    69.7   04:54     00.0     07.2   00.11   01.4     13.8    16:09     NNE
08    75.9    83.0   16:29    68.8   23:59     00.0     09.5   00.00   00.6     16.1    14:49     NNW
09    74.3    83.9   16:17    64.6   06:56     00.0     07.1   00.01   00.6     11.5    15:20      NE
10    71.1    78.7   15:14    63.4   02:01     00.0     05.1   00.00   01.1     13.8    15:14      NE
11    69.4    78.0   13:40    60.8   07:13     00.0     03.7   00.00   00.2     09.2    13:53     NNW
12    71.8    84.1   12:39    59.6   06:19     00.0     06.2   00.00   00.4     10.4    15:34      SW
13    74.6    85.9   13:47    63.4   06:25     00.0     07.5   00.00   00.6     11.5    09:42     ESE
14    72.4    85.1   13:03    59.7   07:12     00.0     06.5   00.00   00.4     09.2    16:51      SE
15    72.6    86.3   13:08    58.9   07:01     00.0     07.1   00.00   00.2     09.2    14:44     SSW
16    75.3    87.9   13:24    62.6   06:37     00.0     09.4   00.00   00.3     09.2    16:25     SSE
17    75.1    82.0   15:32    68.2   06:08     00.0     09.1   00.00   00.6     11.5    13:00     ENE
18    74.0    80.1   17:19    67.9   23:54     00.0     07.6   00.00   00.1     05.8    17:28      NE
19    76.2    86.6   12:28    65.8   04:15     00.0     09.3   00.00   01.1     16.1    14:37     ENE
20    76.1    85.9   14:53    66.2   00:10     00.0     09.7   00.00   01.8     17.3    17:13     ENE
21    76.2    87.5   14:44    65.0   07:27     00.0     10.4   00.00   01.3     13.8    14:57     ENE
22    78.1    86.6   12:47    69.7   05:33     00.0     11.1   00.00   00.9     13.8    11:05     ENE
23    77.8    85.2   16:20    70.4   00:00     00.0     11.2   01.59   00.3     12.7    01:25      E 
24    77.2    86.6   13:04    67.7   06:55     00.0     11.5   00.01   00.3     09.2    16:08     SSE
25    79.1    88.0   14:02    70.2   00:00     00.0     11.5   01.53   01.0     11.5    22:35     WSW
26    72.3    78.1   12:44    66.6   06:18     00.0     06.5   00.79   01.2     11.5    12:58      NE
27    75.2    83.9   15:00    66.5   22:06     00.0     11.2   00.00   02.6     16.1    14:32     WSW
28    73.4    83.7   13:03    63.2   06:38     00.0     09.6   00.00   04.2     21.9    20:57     WSW
29    65.4    78.0   00:01    52.8   07:24     00.0     01.2   00.00   01.1     15.0    15:21      W 
30    62.0    74.3   15:49    49.6   07:23     03.9     00.0   00.00   00.6     12.7    14:51     NNW
----------------------------------------------------------------------------------------------------------------------------------------------------------
72.6 (73.7)   88.4  day 05     49.6  day 30   003.9    232.8   04.16   01.0     21.9   day 28     NNE
Max >=  86: 8
Min <=  86: 30
Max Rain: 1.59 ON 23-09-09
Days of Rain: 7 (> .008in) 5 (> .08in) 2 (> 0.8in)