NOAA Reports


Report for 2010 Mar
 MONTHLY CLIMATOLOGICAL SUMMARY for MAR. 2010

NAME: Sunset Beach   CITY: Sunset Beach (Mainland) STATE: North Carolina
ELEV: 52 LAT: 033:54:59 LONG: 0078:29:50

                            TEMPERATURE ( F), RAIN (in.), WIND SPEED (mph)

                                                 HEAT     COOL           AVG
      MEAN                                       DEG      DEG            WIND                        DOM
DAY   TEMP    HIGH   TIME      LOW     TIME      DAYS     DAYS   RAIN    SPEED    HIGH    TIME       DIR
----------------------------------------------------------------------------------------------------------------------------------------------------------
01    39.8    52.9   14:20    28.0   06:50     25.1     00.0   00.00   00.8     11.5    16:40     WSW
02    38.2    43.8   15:50    29.8   02:30     26.7     00.0   00.86   02.2     19.6    12:10      NE
03    40.3    46.4   14:30    35.1   05:20     24.6     00.0   00.02   01.6     16.1    14:00     WNW
04    42.4    59.6   01:05    31.3   00:00     22.5     00.0   00.00   01.1     13.8    15:40     WNW
05    38.9    52.9   15:40    27.6   06:50     26.0     00.0   00.00   01.0     19.6    13:20      NW
06    41.6    57.5   15:50    29.5   07:10     23.4     00.0   00.00   01.0     13.8    12:30     NNE
07    44.8    62.3   12:30    26.3   07:00     20.1     00.0   00.00   01.3     12.7    14:40      W 
08    52.1    68.8   14:40    36.3   06:40     12.9     00.0   00.00   01.2     12.7    14:20      W 
09    52.6    64.9   13:50    36.0   07:00     12.4     00.0   00.00   01.3     12.7    18:30     WSW
10    57.4    67.4   12:00    45.1   07:10     07.5     00.0   00.07   00.4     11.5    11:50      SW
11    59.7    66.4   13:00    56.4   05:40     05.3     00.0   00.99   00.5     20.7    00:00      SE
12    63.4    73.1   15:40    58.2   22:20     01.5     00.0   00.01   02.7     21.9    00:10     ENE
13    59.2    67.9   13:00    51.5   07:10     05.8     00.0   00.07   03.6     23.0    17:30      W 
14    54.2    70.6   00:12    45.7   08:00     10.8     00.0   00.00   03.3     17.3    15:30      W 
15    55.4    66.4   15:00    44.1   08:00     09.5     00.0   00.00   01.6     16.1    14:10      W 
16    50.5    58.2   13:10    40.9   08:10     14.4     00.0   00.00   01.0     13.8    13:00      NE
17    48.6    62.5   13:50    35.1   08:00     16.3     00.0   00.04   00.6     11.5    13:50     ENE
18    50.3    61.0   15:20    44.0   04:00     14.6     00.0   00.05   00.5     10.3    15:50     NNE
19    57.5    73.5   14:00    41.8   07:50     07.5     00.0   00.00   01.1     10.3    17:00      W 
20    58.2    73.5   13:40    40.9   07:50     06.7     00.0   00.00   00.8     11.5    17:50     WSW
21    58.1    68.7   13:40    45.0   07:20     06.8     00.0   00.00   00.9     14.9    20:00     SSE
22    55.3    61.4   01:00    46.5   23:10     09.6     00.0   00.10   03.4     21.9    18:00     WSW
23    52.2    65.2   16:10    41.2   07:50     12.8     00.0   00.01   03.5     20.7    13:40      W 
24    55.2    72.0   13:20    37.6   07:10     09.8     00.0   00.00   01.3     14.9    16:20     WSW
25    61.3    70.9   14:10    47.5   07:50     03.6     00.0   00.00   01.4     12.7    15:40      SW
26    64.3    73.7   14:20    50.1   00:00     00.7     00.0   00.00   04.2     20.7    13:20      W 
27    50.2    61.1   14:30    40.0   07:20     14.7     00.0   00.00   02.6     19.6    09:30     ENE
28    57.8    69.4   14:28    46.8   04:45     07.1     00.0   00.00   03.0     21.9    14:02     ESE
29    61.0    70.0   14:45    54.6   23:05     03.9     00.0   01.43   01.4     23.0    04:51      S 
30    60.3    71.0   17:10    50.7   07:27     04.6     00.0   00.17   02.9     20.7    15:09      W 
31    59.9    75.2   13:49    42.3   07:26     05.1     00.0   00.00   02.0     14.9    15:23     WSW
----------------------------------------------------------------------------------------------------------------------------------------------------------
52.9 (53.1)   75.2  day 31     26.3  day 07   372.3    000.0   03.80   01.7     23.0   day 14      W 
Min <=  86: 31
Max Rain: 1.43 ON 29-03-10
Days of Rain: 12 (> .008in) 5 (> .08in) 3 (> 0.8in)