NOAA Reports


Report for 2010 May

Daily noaa report



                            MONTHLY CLIMATOLOGICAL SUMMARY for MAY. 2010

NAME: Sunset Beach   CITY: Sunset Beach (Mainland) STATE: North Carolina
ELEV: 52 LAT: 033:54:59 LONG: 0078:29:50

                            TEMPERATURE ( F), RAIN (in.), WIND SPEED (mph)

                                                 HEAT     COOL           AVG
      MEAN                                       DEG      DEG            WIND                        DOM
DAY   TEMP    HIGH   TIME      LOW     TIME      DAYS     DAYS   RAIN    SPEED    HIGH    TIME       DIR
----------------------------------------------------------------------------------------------------------------------------------------------------------
01    72.1    78.0   15:20    67.5   06:50     00.0     07.2   00.00   02.0     19.6    17:00     WSW
02    73.7    80.0   13:40    69.8   02:50     00.0     08.8   00.00   02.7     19.6    16:50     WSW
03    73.5    79.6   14:20    70.7   04:10     00.0     08.6   00.00   04.5     19.6    17:50     WSW
04    71.6    74.5   10:50    64.6   00:00     00.0     06.7   00.53   01.4     17.3    04:20     WSW
05    71.3    80.4   13:10    60.5   06:50     00.0     06.4   00.01   00.3     10.3    15:20      SW
06    72.2    81.9   14:20    61.6   04:20     00.0     07.3   00.01   01.4     11.5    22:10      SW
07    75.9    85.2   11:50    67.9   07:10     00.0     10.9   00.00   01.2     11.5    00:00     WSW
08    76.3    83.1   13:10    70.7   21:10     00.0     11.4   00.00   03.6     20.7    14:40     WSW
09    64.2    80.3   01:08    49.4   00:00     00.8     00.0   00.00   01.1     12.7    16:20      N 
10    59.0    70.9   13:30    44.5   03:40     06.0     00.0   00.00   01.2     16.1    15:10      E 
11    65.1    71.1   10:40    58.2   00:10     00.0     00.2   00.00   01.2     19.6    10:40      E 
12    72.4    78.9   13:50    67.5   05:30     00.0     07.5   00.00   03.4     21.9    14:30     WSW
13    73.3    80.9   14:20    65.1   05:10     00.0     08.4   00.00   02.1     13.8    15:20     WSW
14    73.7    81.0   14:00    65.7   06:50     00.0     08.8   00.00   01.8     14.9    17:50     WSW
15    74.1    82.6   12:50    66.3   04:10     00.0     09.2   00.00   02.6     16.1    17:50     WSW
16    73.7    80.8   14:10    66.1   04:10     00.0     08.8   00.00   02.0     14.9    18:30     WSW
17    72.6    78.5   13:00    69.0   08:20     00.0     07.6   00.78   00.3     08.1    21:10      SW
18    71.8    77.6   17:10    67.0   23:50     00.0     06.9   00.49   01.0     12.7    14:20      W 
19    73.7    83.1   16:40    66.4   01:50     00.0     08.8   00.01   01.0     13.8    18:20      W 
20    71.1    79.3   14:20    62.1   00:00     00.0     06.2   00.00   00.8     12.7    15:20     ENE
21    70.2    80.7   13:20    57.9   06:40     00.0     05.2   00.00   00.7     11.5    18:40     ESE
22    70.9    81.4   14:00    61.0   04:30     00.0     06.0   00.00   00.3     10.3    15:10     SSE
23    70.7    83.7   13:40    61.1   06:30     00.0     05.7   01.37   00.5     19.6    14:50      SE
24    70.4    77.7   15:50    65.4   07:30     00.0     05.5   00.51   01.1     13.8    14:00      NE
25    71.6    81.8   15:30    65.9   02:50     00.0     06.6   00.04   01.7     16.1    11:10      NE
26    70.8    78.6   16:00    64.7   06:50     00.0     05.8   00.04   01.7     14.9    03:10      NE
27    73.9    88.1   14:10    62.4   06:30     00.0     08.9   00.00   00.5     11.5    13:50     ENE
28    74.0    82.4   16:00    65.1   06:30     00.0     09.1   00.00   01.3     16.1    17:50     ESE
29    73.9    80.9   14:00    66.2   04:40     00.0     08.9   03.25   01.0     14.9    12:50     ESE
30    75.1    84.0   14:20    63.0   06:40     00.0     10.1   00.00   00.9     11.5    19:30      SW
31    74.5    74.5   23:54    74.5   23:54     00.0     09.6   00.00   02.3     04.6    23:54      SW
----------------------------------------------------------------------------------------------------------------------------------------------------------
73.5 (72.1)   88.1  day 27     44.5  day 10   006.7    734.5   07.05   01.2     21.9   day 12     WSW
Max >=  86: 1
Min <=  86: 85
Max Rain: 3.25 ON 29-05-10
Days of Rain: 11 (> .008in) 6 (> .08in) 2 (> 0.8in)