NOAA Reports


Report for 2010 Jul

Daily noaa report



                            MONTHLY CLIMATOLOGICAL SUMMARY for JUL. 2010

NAME: Sunset Beach   CITY: Sunset Beach (Mainland) STATE: North Carolina
ELEV: 52 LAT: 033:54:59 LONG: 0078:29:50

                            TEMPERATURE ( F), RAIN (in.), WIND SPEED (mph)

                                                 HEAT     COOL           AVG
      MEAN                                       DEG      DEG            WIND                        DOM
DAY   TEMP    HIGH   TIME      LOW     TIME      DAYS     DAYS   RAIN    SPEED    HIGH    TIME       DIR
----------------------------------------------------------------------------------------------------------------------------------------------------------
01    75.7    84.2   17:26    69.4   00:00     00.0     10.7   01.26   01.2     14.9    12:43      NE
02    73.7    84.7   15:20    62.1   00:00     00.0     08.7   00.00   01.6     16.1    09:31     ENE
03    72.1    84.3   14:42    58.4   05:10     00.0     07.2   00.00   01.4     12.7    16:17     ENE
04    74.1    85.9   13:10    65.8   00:00     00.0     09.2   00.00   00.5     09.2    12:10     ENE
05    76.7    86.6   14:15    62.5   06:11     00.0     11.8   00.00   00.4     10.3    17:07     SSW
06    77.1    88.7   16:02    64.4   06:07     00.0     12.2   00.00   00.9     11.5    17:35      SW
07    82.0    95.9   15:45    69.2   06:28     00.0     17.1   00.00   00.8     10.3    19:29     WSW
08    79.9    95.2   13:10    71.9   23:28     00.0     14.9   00.06   00.9     16.1    18:00     NNW
09    79.2    92.2   15:20    70.6   05:19     00.0     14.3   00.40   01.6     25.3    23:36     WSW
10    78.5    89.8   15:09    72.3   01:04     00.0     13.5   00.68   01.4     16.1    16:30     WSW
11    79.9    89.0   12:36    73.1   00:00     00.0     15.0   00.00   00.8     12.7    16:01     ESE
12    78.9    88.3   14:21    70.0   06:05     00.0     13.9   00.10   00.6     17.3    21:00      S 
13    81.0    88.6   14:46    73.8   04:50     00.0     16.1   00.00   02.5     17.3    15:32     WSW
14    83.3    89.3   13:49    79.7   00:00     00.0     18.4   00.24   04.2     18.4    15:08     WSW
15    81.5    87.8   11:43    76.6   01:38     00.0     16.6   00.12   02.0     17.3    13:42     WSW
16    82.9    88.7   13:21    80.3   05:05     00.0     18.0   00.00   04.8     20.7    20:30     WSW
17    83.0    88.4   13:32    77.0   22:53     00.0     18.0   00.00   05.2     18.4    09:07     WSW
18    81.9    88.4   12:01    74.9   03:09     00.0     16.9   00.00   04.5     19.6    13:27     WSW
19    82.9    89.1   14:38    79.0   05:21     00.0     18.0   00.00   05.7     21.9    17:47     WSW
20    84.0    91.3   14:10    80.5   06:54     00.0     19.0   00.00   05.5     21.9    15:06     WSW
21    82.6    90.7   13:22    77.1   23:30     00.0     17.7   00.00   04.2     18.4    19:28     WSW
22    82.9    91.9   14:19    75.4   04:31     00.0     17.9   00.72   01.2     12.7    18:39     WSW
23    84.2    89.5   15:21    78.2   04:22     00.0     19.2   00.00   03.2     19.6    17:21     WSW
24    83.2    88.4   13:49    78.3   07:12     00.0     18.2   00.00   04.2     18.4    16:28     WSW
25    84.4    90.8   13:19    78.7   06:31     00.0     19.5   00.00   05.6     20.7    14:36     WSW
26    84.3    93.9   12:22    77.7   23:07     00.0     19.4   00.32   01.1     17.3    00:11      SW
27    78.8    88.1   13:06    73.8   15:31     00.0     13.8   00.96   00.8     19.6    11:26      E 
28    81.4    89.6   13:34    75.1   01:49     00.0     16.5   00.01   00.3     09.2    14:36      SE
29    79.7    90.6   11:31    73.6   17:22     00.0     14.7   03.78   01.0     69.0    15:41     SSW
30    80.9    90.8   15:25    73.1   06:41     00.0     15.9   00.00   00.7     11.5    11:47     NNE
31    78.8    88.0   12:10    69.3   06:46     00.0     13.9   00.00   00.0     00.0    23:54      E 
----------------------------------------------------------------------------------------------------------------------------------------------------------
80.0 (81.1)   95.9  day 07     58.0  day 04   000.0    483.5   08.53   02.3     69.0   day 29     WSW
Max >=  86: 27
Min <=  86: 32
Max Rain: 3.78 ON 29-07-10
Days of Rain: 12 (> .008in) 10 (> .08in) 3 (> 0.8in)