NOAA Reports


Report for 2010 Aug

Daily noaa report



                            MONTHLY CLIMATOLOGICAL SUMMARY for AUG. 2010

NAME: Sunset Beach   CITY: Sunset Beach (Mainland) STATE: North Carolina
ELEV: 52 LAT: 033:54:59 LONG: 0078:29:50

                            TEMPERATURE ( F), RAIN (in.), WIND SPEED (mph)

                                                 HEAT     COOL           AVG
      MEAN                                       DEG      DEG            WIND                        DOM
DAY   TEMP    HIGH   TIME      LOW     TIME      DAYS     DAYS   RAIN    SPEED    HIGH    TIME       DIR
----------------------------------------------------------------------------------------------------------------------------------------------------------
01    77.1    84.2   13:11    73.2   11:21     00.0     12.2   00.22   00.9     17.3    14:52      E 
02    78.7    87.5   16:54    73.3   07:18     00.0     13.8   00.16   00.3     08.1    13:51     ENE
03    77.3    89.0   11:55    72.2   06:27     00.0     12.4   00.00   00.6     11.5    11:28     NNE
04    84.7    89.1   00:59    81.9   23:23     00.0     19.7   00.00   03.6     16.1    18:39      SW
05    84.1    89.5   14:02    78.6   07:19     00.0     19.2   00.00   05.5     20.7    16:20     WSW
06    79.0    88.7   12:03    73.5   14:38     00.0     14.1   02.25   02.0     29.9    13:16     WSW
07    78.2    89.6   14:12    71.3   06:21     00.0     13.3   00.20   00.4     09.2    18:54      W 
08    81.0    90.8   17:45    73.1   03:21     00.0     16.1   00.01   01.0     12.7    12:46      E 
09    80.5    89.8   11:53    73.4   06:13     00.0     15.6   00.00   01.2     14.9    15:40      E 
10    83.5    90.2   14:26    76.5   07:01     00.0     18.6   00.01   02.9     19.6    16:40      SW
11    84.2    91.0   12:55    78.0   07:00     00.0     19.2   00.00   05.2     23.0    18:38     WSW
12    84.8    92.2   13:11    79.0   07:09     00.0     19.9   00.00   04.7     19.6    16:21     WSW
13    82.9    95.8   13:08    77.1   15:09     00.0     18.0   01.20   00.8     20.7    14:35      N 
14    82.4    89.5   14:39    76.7   06:49     00.0     17.4   00.00   02.9     20.7    16:52     ENE
15    81.0    87.9   11:32    73.4   07:00     00.0     16.0   00.00   01.2     23.0    13:10      E 
16    79.9    89.0   13:04    70.0   05:16     00.0     15.0   00.00   00.5     11.5    15:05      SE
17    81.9    89.9   14:17    71.9   06:24     00.0     17.0   00.00   00.5     13.8    16:25     SSW
18    84.0    90.3   14:15    77.4   07:04     00.0     19.0   00.20   02.9     18.4    18:02      SW
19    80.4    90.5   14:24    74.6   06:38     00.0     15.4   01.16   00.9     20.7    15:16     WSW
20    80.1    87.8   14:14    74.4   23:55     00.0     15.1   01.16   00.4     17.3    04:53      NE
21    80.4    90.6   13:37    71.8   06:53     00.0     15.4   00.01   01.2     16.1    15:28     ENE
22    80.9    90.7   14:33    74.1   07:00     00.0     16.0   00.19   00.4     12.7    14:14      SE
23    80.7    88.2   16:21    74.5   06:05     00.0     15.8   00.01   01.3     16.1    02:30     WSW
24    76.2    83.4   10:44    71.8   03:07     00.0     11.3   01.01   00.6     18.4    15:30     NNE
25    76.1    85.0   15:51    68.4   07:06     00.0     11.1   00.00   00.7     11.5    13:36      E 
26    78.6    88.7   14:23    69.6   06:34     00.0     13.7   00.00   00.3     12.7    15:55     SSE
27    78.5    86.1   11:21    71.9   06:30     00.0     13.5   00.00   01.0     13.8    18:24     ESE
28    78.2    87.8   13:32    70.0   05:10     00.0     13.2   00.01   00.8     16.1    13:21      E 
29    76.6    87.7   15:26    65.4   07:10     00.0     11.6   00.00   01.6     17.3    14:20     ENE
30    75.0    89.6   13:40    61.8   06:49     00.0     10.0   00.00   00.8     12.7    14:48      E 
31    77.2    91.7   12:50    64.1   07:02     00.0     12.2   00.01   00.0     00.0    23:54      SE
----------------------------------------------------------------------------------------------------------------------------------------------------------
80.1 (81.0)   95.8  day 13     61.8  day 30   000.0    486.0   07.81   01.5     29.9   day 19     SSW
Max >=  86: 29
Min <=  86: 32
Max Rain: 2.25 ON 6-08-10
Days of Rain: 70 (> .008in) 10 (> .08in) 5 (> 0.8in)