NOAA Reports


Report for 2010 Oct

Daily noaa report



                            MONTHLY CLIMATOLOGICAL SUMMARY for OCT. 2010

NAME: Sunset Beach   CITY: Sunset Beach (Mainland) STATE: North Carolina
ELEV: 52 LAT: 033:54:59 LONG: 0078:29:50

                            TEMPERATURE ( F), RAIN (in.), WIND SPEED (mph)

                                               HEAT     COOL           AVG
      MEAN                                     DEG      DEG            WIND                       DOM
DAY   TEMP    HIGH   TIME     LOW    TIME      DAYS     DAYS    RAIN   SPEED    HIGH    TIME      DIR
----------------------------------------------------------------------------------------------------------------------------------------------------------
01    68.2   075.3   17:00    63.7   20:20     00.0     03.3   00.00   00.8     12.7    15:00      N 
02    67.1   074.3   17:00    59.7   08:10     00.0     02.1   00.00   01.0     11.5    16:20      NE
03    63.6   069.4   12:20    55.5   23:50     01.3     00.0   00.00   00.8     11.5    16:30      NE
04    59.3   069.8   16:20    51.9   00:00     05.6     00.0   00.00   00.5     13.8    10:30     NNE
05    57.5   069.5   16:20    48.6   04:40     07.4     00.0   00.01   00.5     10.3    16:40     NNE
06    55.5   069.0   17:00    44.9   07:40     09.5     00.0   00.01   00.7     11.5    15:00     WNW
07    62.7   079.7   16:20    48.0   07:20     02.3     00.0   00.00   00.8     11.5    15:40     WSW
08    65.4   079.1   15:50    55.4   00:00     00.0     00.5   00.00   00.9     11.5    11:40      NE
09    66.9   080.8   14:50    50.7   07:40     00.0     02.0   00.01   00.8     10.3    16:10     WSW
10    67.5   081.5   13:50    52.8   07:30     00.0     02.6   00.00   00.4     09.2    17:30     WSW
11    71.9   080.7   14:30    60.7   07:50     00.0     07.0   00.00   01.2     11.5    17:30     WSW
12    73.8   084.6   14:10    65.9   05:10     00.0     08.9   00.01   01.6     14.9    17:00     WSW
13    72.1   082.6   15:40    63.8   07:50     00.0     07.2   00.00   00.8     09.2    16:50     WSW
14    66.5   080.9   14:00    55.5   23:20     00.0     01.5   00.09   00.9     14.9    13:50     WSW
15    58.6   072.6   00:12    44.4   07:40     06.3     00.0   00.01   01.5     16.1    16:40      W 
16    54.8   069.5   15:30    44.1   06:50     10.2     00.0   00.00   00.5     12.7    13:20     NNW
17    59.2   075.3   15:10    41.0   07:40     05.8     00.0   00.00   01.0     12.7    16:10     WSW
18    67.6   078.5   13:20    49.3   07:40     00.0     02.6   00.00   02.0     12.7    17:10     WSW
19    70.3   078.3   15:20    62.5   22:10     00.0     05.4   00.00   01.7     16.1    16:30     WSW
20    63.7   078.9   13:30    53.4   07:20     01.2     00.0   00.00   00.6     14.9    13:50     WSW
21    63.9   076.0   14:20    50.9   07:00     01.0     00.0   00.00   02.6     11.5    16:10     WSW
22    59.5   072.4   14:40    44.3   00:00     05.5     00.0   00.00   00.7     11.5    13:30      NE
23    55.4   073.0   14:10    40.3   08:00     09.6     00.0   00.00   00.4     11.5    16:40     ESE
24    63.9   078.4   14:30    49.9   06:40     01.0     00.0   00.00   00.5     11.5    15:50     SSE
25    68.9   076.4   13:50    61.2   00:30     00.0     04.0   00.86   00.6     13.8    16:40      S 
26    74.5   079.9   15:00    69.7   01:40     00.0     09.6   00.01   02.3     18.4    15:00     WSW
27    76.2   081.4   14:20    73.6   04:40     00.0     11.3   00.00   03.1     24.1    15:00     WSW
28    74.1   080.1   12:40    68.0   23:30     00.0     09.1   02.30   01.2     16.1    05:10     WSW
29    59.0   069.6   01:19    44.3   00:00     05.9     00.0   00.01   00.8     13.8    10:10      N 
30    52.2   067.5   13:40    39.5   07:30     12.8     00.0   00.00   00.4     09.2    16:40      W 
31    64.4   076.6   15:40    50.5   00:20     00.6     00.0   00.01   02.7     19.6    13:30     WSW
----------------------------------------------------------------------------------------------------------------------------------------------------------
64.6 (64.9)   84.6  day 12     39.5  day 30   086.0    076.9   03.34   01.1     24.2   day 21     WSW
Min <=  86: 31
Max Rain: 2.30 ON 28-10-10
Days of Rain: 65 (> .008in) 3 (> .08in) 2 (> 0.8in)