NOAA Reports


Report for 2010 Nov

Daily noaa report



                            MONTHLY CLIMATOLOGICAL SUMMARY for NOV. 2010

NAME: Sunset Beach   CITY: Sunset Beach (Mainland) STATE: North Carolina
ELEV: 52 LAT: 033:54:59 LONG: 0078:29:50

                            TEMPERATURE ( F), RAIN (in.), WIND SPEED (mph)

                                               HEAT     COOL           AVG
      MEAN                                     DEG      DEG            WIND                       DOM
DAY   TEMP    HIGH   TIME     LOW    TIME      DAYS     DAYS    RAIN   SPEED    HIGH    TIME      DIR
----------------------------------------------------------------------------------------------------------------------------------------------------------
01    60.0   071.8   15:30    49.5   08:10     05.0     00.0   00.00   01.1     12.7    17:20     ENE
02    54.4   060.4   16:00    47.2   08:10     10.6     00.0   00.00   01.7     17.3    14:20      NE
03    55.8   061.3   14:30    51.9   03:50     09.1     00.0   00.00   01.0     12.7    14:10      NE
04    58.2   068.2   13:40    52.9   00:00     06.7     00.0   00.81   00.4     17.3    13:50     NNE
05    51.5   061.8   15:30    41.6   00:00     13.5     00.0   00.02   00.6     13.8    14:40      W 
06    45.0   057.8   13:40    37.0   05:20     19.9     00.0   00.00   00.6     11.5    16:50     NNW
07    42.8   055.0   13:10    34.4   23:00     22.2     00.0   00.00   00.7     13.8    12:40     NNE
08    47.1   064.7   15:00    31.3   06:50     17.8     00.0   00.00   01.3     13.8    14:40     WNW
09    53.7   071.2   14:50    40.7   06:50     11.3     00.0   00.00   00.5     10.3    14:30      NW
10    53.0   069.8   14:20    41.1   02:50     11.9     00.0   00.00   00.8     11.5    14:10     NNE
11    51.2   067.3   14:30    40.1   22:40     13.8     00.0   00.01   00.9     13.8    13:00      NE
12    47.0   063.5   15:30    37.6   23:20     18.0     00.0   00.01   00.8     13.8    11:30     NNE
13    47.2   067.7   14:30    35.5   05:30     17.8     00.0   00.00   00.5     10.3    12:50     NNE
14    47.7   068.1   13:20    33.0   06:50     17.3     00.0   00.01   00.2     08.1    14:00      NW
15    54.2   070.7   14:10    36.4   05:30     10.8     00.0   00.00   00.2     12.7    23:50      S 
16    67.6   072.2   15:20    65.1   00:10     00.0     02.7   00.01   01.9     16.1    23:20      SW
17    57.2   067.7   00:10    41.5   00:00     07.8     00.0   00.00   01.5     19.6    00:10      W 
18    47.5   064.6   13:10    36.4   07:10     17.5     00.0   00.01   00.5     11.5    13:10     NNW
19    46.0   062.0   14:20    34.1   06:30     19.0     00.0   00.00   00.7     11.5    10:50      NE
20    51.3   068.7   14:00    36.7   07:10     13.6     00.0   00.00   01.0     12.7    15:40      W 
21    54.8   071.2   13:00    41.6   05:40     10.2     00.0   00.01   00.2     06.9    16:00     ENE
22    58.5   073.7   13:50    44.9   07:10     06.4     00.0   00.00   00.2     06.9    14:30     ESE
23    62.9   073.6   12:30    52.2   03:20     02.0     00.0   00.01   00.9     12.7    13:30      SW
24    57.6   069.0   14:10    43.8   00:00     07.3     00.0   00.02   01.0     11.5    15:00     ENE
25    59.7   071.7   14:00    43.2   01:29     05.2     00.0   00.01   00.7     12.7    14:00     SSE
26    63.9   073.7   12:00    59.7   16:10     01.1     00.0   00.15   02.3     17.3    12:50     WSW
27    47.1   060.0   00:10    31.7   00:00     17.8     00.0   00.00   00.8     12.7    01:10     WNW
28    41.2   056.8   14:30    30.1   02:40     23.7     00.0   00.00   00.7     11.5    10:10      NE
29    47.5   056.4   15:21    39.6   01:19     17.5     00.0   00.00   01.2     11.5    10:40      NE
30    65.4   073.2   11:44    48.3   00:02     00.0     00.4   00.34   03.0     29.9    21:29     SSE
----------------------------------------------------------------------------------------------------------------------------------------------------------
53.2 (54.2)   73.7  day 26     30.1  day 28   354.6    003.1   01.43   00.9     29.9   day 30     N
Min <=  86: 30
Max Rain: 0.81 ON 4-11-10
Days of Rain: 67 (> .008in) 57 (> .08in) 1 (> 0.8in)