NOAA Reports


Report for 2011

Daily noaa report



                            YEARLY CLIMATOLOGICAL SUMMARY for Dec 2011

NAME: Sunset Beach   CITY: Sunset Beach (Mainland) STATE: North Carolina
ELEV: 52 LAT: 033:54:59 LONG: 0078:29:50

                            TEMPERATURE ( F), RAIN (in.), WIND SPEED (mph)

                                                 HEAT     COOL           AVG
      MEAN                                       DEG      DEG            WIND                        DOM
MTH   TEMP    HIGH   TIME      LOW     TIME      DAYS     DAYS   RAIN    SPEED    HIGH    TIME       DIR
----------------------------------------------------------------------------------------------------------------------------------------------------------
01    40.0    69.4   13:10    15.2   07:14    769.0     000.0   02.13    01.5     50.6    23:54      W 
02    48.9    75.2   13:10    26.1   02:00    439.3     000.0   04.50    01.4     26.4    23:59     WSW
03    53.7    85.6   14:42    29.6   06:40    338.5    010.1   03.82    03.2     43.7    23:59     WSW
04    64.6    88.1   14:30    33.4   07:30    086.0    076.6   01.45    01.9     39.1    23:59     WSW
05    70.7    97.4   16:11    43.7   06:41    017.6    178.7   02.89    01.0     19.6    00:01     WSW
06    79.9    100.0   15:31    60.7   04:51     000.0    450.0   00.75    01.5     20.7    23:59     WSW
07    81.0    100.7   19:21    60.9   06:41     000.0    496.9   03.58    01.4     42.5    23:59     WSW
08    80.2    96.8   16:51    63.8   06:31     000.0    471.4   06.71    00.9     26.4    23:59     WSW
09    74.4    87.8   15:11    59.1   07:41    001.1    285.3   05.14    00.7     89.7    23:59     WSW
10    61.7    84.1   12:42    30.3   05:38    153.0    054.1   01.80    01.8     40.3    23:52     WSW
11    55.8    77.3   14:11    27.5   07:01    279.3    009.7   03.76    01.0     26.4    23:59     WSW
12    51.1    74.9   12:57    26.0   06:47    434.0    000.2   00.76    01.7     46.0    23:59     WSW
-------------------------------------------------------------------------------------------------------------------------------------------------------------
      63.7    100.7            15.2             2517.9    2033.0   37.30    1.5     16.7               WSW

Max >=  90.0: 103
Max <=  32.0: 0
Min <=  32.0: 363
Min <=   0.0: 0
Max >=  90.0: 103
Max <=  32.0: 0
Min <=  32.0: 363
Min <=   0.0: 0
Max <= 23.0: 0
Min <=  23.0: 6
Max <=  14.0: 0
Min <=  14.0: 0
Max <=   5.0: 0
Min <=   0.0: 0
Max <=  -4.0: 0
Min <=  -4.0: 0
Max <= -13.0: 0
Min <= -13.0: 0
Max Rain: 0.00 ON 31-01-12
Days of Rain: 119 (> .008in) 63 (> .08in) 15 (> 0.8in)
Days of Rain: 11 (> .008in) 3 (> .08in) 0 (> 0.8in)