NOAA Reports


Report for 2011 Feb

Daily noaa report



                            MONTHLY CLIMATOLOGICAL SUMMARY for FEB. 2011

NAME: Sunset Beach   CITY: Sunset Beach (Mainland) STATE: North Carolina
ELEV: 52 LAT: 033:54:59 LONG: 0078:29:50

                            TEMPERATURE ( F), RAIN (in.), WIND SPEED (mph)

                                               HEAT     COOL           AVG
      MEAN                                     DEG      DEG            WIND                       DOM
DAY   TEMP    HIGH   TIME     LOW    TIME      DAYS     DAYS    RAIN   SPEED    HIGH    TIME      DIR
----------------------------------------------------------------------------------------------------------------------------------------------------------
01    49.7   060.4   23:50    39.9   07:00     15.2     00.0   00.00   00.8     11.5    23:20     ENE
02    56.6   060.5   06:19    50.6   20:30     08.3     00.0   00.42   03.0     21.9    11:10     WSW
03    44.6   052.9   00:10    41.5   23:10     20.4     00.0   00.00   00.6     11.5    11:20      NE
04    39.6   044.6   18:10    36.3   09:20     25.3     00.0   01.82   01.4     12.7    09:00      NE
05    50.4   060.0   12:30    42.0   00:20     14.5     00.0   00.55   02.1     23.0    12:30     WSW
06    46.3   053.8   14:30    37.4   00:00     18.6     00.0   00.01   00.3     09.2    16:20     WSW
07    44.8   050.8   13:50    37.2   00:10     20.1     00.0   00.81   00.2     11.5    19:50      S 
08    46.4   056.7   13:50    31.7   23:30     18.6     00.0   00.01   01.6     12.7    06:00      W 
09    41.2   054.9   14:30    29.5   07:30     23.7     00.0   00.00   00.9     11.5    11:50      NE
10    37.4   043.6   13:50    27.6   00:00     27.5     00.0   00.14   00.9     17.3    10:50      NE
11    33.1   039.7   18:20    27.2   00:00     31.9     00.0   00.06   00.4     10.3    14:00      NE
12    39.5   056.1   14:50    26.1   02:00     25.4     00.0   00.01   00.9     12.7    15:10      W 
13    41.5   054.0   13:20    26.2   07:20     23.5     00.0   00.00   00.6     09.2    16:50      SW
14    50.7   060.7   14:00    41.8   23:40     14.3     00.0   00.00   02.6     18.4    15:50     WSW
15    47.0   060.9   14:10    34.1   23:40     17.9     00.0   00.00   01.1     21.9    12:30     ENE
16    46.4   062.0   15:20    31.2   02:00     18.6     00.0   00.00   00.8     13.8    12:30     ESE
17    54.8   070.3   13:40    39.2   06:20     10.1     00.0   00.00   00.8     16.1    22:50      S 
18    58.2   066.4   14:30    51.3   07:50     06.8     00.0   00.00   01.6     16.1    16:50     WSW
19    60.0   075.2   13:10    41.6   00:00     05.0     00.0   00.00   00.8     14.9    11:20     WNW
20    49.8   059.8   11:50    40.5   00:10     15.1     00.0   00.00   00.7     17.3    10:20      E 
21    59.3   066.3   12:30    50.5   00:10     05.6     00.0   00.00   04.0     19.6    15:40     WSW
22    56.1   069.9   11:30    44.4   00:00     08.9     00.0   00.00   02.4     12.7    20:20     ENE
23    44.7   059.8   14:30    33.8   07:50     20.3     00.0   00.00   01.2     13.8    01:09     ENE
24    53.1   065.3   13:50    36.3   02:20     11.9     00.0   00.09   01.2     13.8    14:10     ESE
25    57.5   064.1   16:20    47.0   23:20     07.4     00.0   00.18   02.9     19.6    09:10     WSW
26    53.1   066.2   14:00    40.0   07:20     11.8     00.0   00.03   01.1     12.7    12:40     ENE
27    55.7   064.2   15:10    45.0   00:50     09.2     00.0   00.01   00.7     10.3    22:30      SW
28    61.6   068.8   16:00    57.6   01:30     03.3     00.0   00.22   04.0     26.4    22:50     WSW
----------------------------------------------------------------------------------------------------------------------------------------------------------
49.3 (49.2)   75.2  day 19     26.1  day 12   439.3    000.0   04.50   01.4     26.5   day 25     WSW
Min <=  86: 28
Max Rain: 1.82 ON 4-02-11
Days of Rain: 68 (> .008in) 31 (> .08in) 2 (> 0.8in)