NOAA Reports


Report for 2011 Apr

Daily noaa report



                            MONTHLY CLIMATOLOGICAL SUMMARY for APR. 2011

NAME: Sunset Beach   CITY: Sunset Beach (Mainland) STATE: North Carolina
ELEV: 52 LAT: 033:54:59 LONG: 0078:29:50

                            TEMPERATURE ( F), RAIN (in.), WIND SPEED (mph)

                                               HEAT     COOL           AVG
      MEAN                                     DEG      DEG            WIND                       DOM
DAY   TEMP    HIGH   TIME     LOW    TIME      DAYS     DAYS    RAIN   SPEED    HIGH    TIME      DIR
----------------------------------------------------------------------------------------------------------------------------------------------------------
01    50.9   059.2   13:40    40.8   23:50     14.0     00.0   00.01   01.3     19.6    17:00      W 
02    55.7   069.8   16:10    41.2   00:10     09.3     00.0   00.00   03.0     24.1    15:10      W 
03    53.3   066.8   12:40    34.1   07:00     11.6     00.0   00.00   00.6     13.8    17:00     SSW
04    65.2   072.8   12:50    56.8   07:10     00.0     00.2   00.00   03.2     23.0    17:20     WSW
05    60.4   069.3   15:30    42.7   00:00     04.5     00.0   00.07   03.4     28.8    11:00     WSW
06    51.4   064.4   13:30    33.4   07:30     13.6     00.0   00.00   00.9     11.5    22:10     SSW
07    63.1   073.1   15:00    47.6   06:49     01.8     00.0   00.00   02.3     17.3    17:50     WSW
08    66.1   077.5   14:40    53.8   07:30     00.0     01.1   00.00   01.5     18.4    21:20     WSW
09    62.3   069.5   10:30    56.0   22:50     02.7     00.0   00.94   01.5     18.4    23:50     ENE
10    61.8   071.2   14:30    56.0   07:50     03.1     00.0   00.02   00.5     12.7    00:10      E 
11    66.2   075.0   16:20    58.5   00:20     00.0     01.3   00.01   01.3     13.8    19:40     WSW
12    64.9   070.2   10:50    58.6   15:40     00.0     00.0   00.11   03.1     19.6    18:10     WSW
13    59.6   072.9   16:20    47.3   07:20     05.3     00.0   00.00   01.0     16.1    15:00      W 
14    58.9   073.1   00:12    47.6   03:00     06.0     00.0   00.00   00.9     11.5    15:50     ENE
15    62.4   075.2   13:10    46.8   04:30     02.6     00.0   00.00   02.3     19.6    17:00      E 
16    68.3   074.2   13:40    64.2   00:00     00.0     03.4   00.02   03.2     19.6    15:50     SSW
17    60.2   072.2   14:00    48.1   07:20     04.7     00.0   00.00   01.1     12.7    17:20      W 
18    58.9   072.2   15:00    43.0   04:50     06.0     00.0   00.00   00.6     11.5    16:30     SSW
19    67.1   076.9   16:00    48.3   06:29     00.0     02.2   00.00   01.2     13.8    15:20      SW
20    71.9   080.6   15:10    66.3   03:10     00.0     07.0   00.00   02.1     17.3    14:30     WSW
21    71.6   088.1   14:30    60.4   00:00     00.0     06.7   00.00   01.4     18.4    18:00     NNE
22    64.4   070.5   10:40    59.1   02:10     00.5     00.0   00.14   01.8     17.3    10:50     ENE
23    71.7   079.1   14:50    65.6   00:10     00.0     06.7   00.00   00.8     13.8    17:10     SSW
24    72.7   080.4   12:30    65.0   07:00     00.0     07.7   00.01   01.0     13.8    16:50     WSW
25    73.0   080.5   14:40    65.6   22:00     00.0     08.0   00.00   00.5     11.5    16:20     SSW
26    71.9   081.3   13:28    67.8   00:00     00.0     07.0   00.10   01.2     25.3    15:40      S 
27    74.4   080.3   12:51    67.8   00:01     00.0     09.5   00.01   03.1     31.1    13:38     SSW
28    73.7   079.6   13:26    71.0   21:49     00.0     08.8   00.00   09.8     39.1    13:33     WSW
29    69.8   080.5   16:15    55.0   07:02     00.0     04.9   00.00   02.5     23.0    13:50     WSW
30    67.0   079.0   12:33    55.4   23:41     00.0     02.1   00.00   01.2     17.3    14:27     SSE
----------------------------------------------------------------------------------------------------------------------------------------------------------
64.6 (64.3)   88.1  day 21     33.4  day 06   085.8    076.6   01.45   01.9     39.1   day 28      SW
Max >=  86: 1
Min <=  86: 30
Max Rain: 0.94 ON 9-04-11
Days of Rain: 11 (> .008in) 4 (> .08in) 1 (> 0.8in)