NOAA Reports


Report for 2011 Aug

Daily noaa report



                            MONTHLY CLIMATOLOGICAL SUMMARY for AUG. 2011

NAME: Sunset Beach   CITY: Sunset Beach (Mainland) STATE: North Carolina
ELEV: 52 LAT: 033:54:59 LONG: 0078:29:50

                            TEMPERATURE ( F), RAIN (in.), WIND SPEED (mph)

                                               HEAT     COOL           AVG
      MEAN                                     DEG      DEG            WIND                       DOM
DAY   TEMP    HIGH   TIME     LOW    TIME      DAYS     DAYS    RAIN   SPEED    HIGH    TIME      DIR
----------------------------------------------------------------------------------------------------------------------------------------------------------
01    79.4   087.1   15:41    73.6   07:41     00.0     14.4   00.35   00.3     09.2    15:31     WNW
02    83.5   096.8   16:51    69.8   06:41     00.0     18.5   00.00   00.3     12.7    16:31      W 
03    84.3   092.1   11:41    74.2   06:51     00.0     19.4   00.00   02.3     18.4    20:41      W 
04    85.4   090.5   12:11    79.5   00:00     00.0     20.4   00.10   02.4     13.8    17:21      W 
05    81.5   086.6   15:01    78.8   03:11     00.0     16.6   01.59   00.1     10.3    00:00     WSW
06    82.4   089.2   14:51    78.8   07:01     00.0     17.4   00.21   00.7     11.5    17:21      W 
07    84.7   093.3   15:21    77.8   07:41     00.0     19.8   00.00   01.3     13.8    19:41      W 
08    86.5   095.5   13:31    78.2   07:21     00.0     21.6   00.00   00.9     12.7    18:31      W 
09    84.0   090.1   13:41    76.1   05:31     00.0     19.0   00.00   01.2     14.9    16:01      W 
10    83.6   092.3   12:51    75.2   00:00     00.0     18.6   00.00   00.4     11.5    11:01      SW
11    82.2   093.7   13:11    71.2   05:51     00.0     17.2   00.00   00.2     11.5    11:31      S 
12    80.1   090.5   13:01    75.8   06:31     00.0     15.2   00.00   00.6     21.9    15:01     SSE
13    80.5   086.6   12:01    74.3   07:01     00.0     15.5   00.20   00.6     12.7    04:41      SE
14    79.9   088.1   15:51    70.3   00:00     00.0     14.9   00.10   00.7     14.9    17:11      W 
15    77.3   087.4   16:41    66.7   06:51     00.0     12.4   00.01   00.0     08.1    17:31      W 
16    77.2   088.1   17:11    63.8   06:31     00.0     12.2   00.00   00.3     11.5    14:41     WNW
17    77.8   089.4   13:01    64.7   06:31     00.0     12.9   00.00   00.7     13.8    14:41     SSE
18    77.2   088.8   12:01    68.0   05:41     00.0     12.2   00.00   00.6     13.8    15:31      SE
19    78.6   091.2   14:11    66.0   06:51     00.0     13.7   00.00   00.4     11.5    22:01     WSW
20    79.6   089.9   16:31    70.3   07:11     00.0     14.6   00.00   00.5     13.8    19:31      NW
21    79.8   088.6   12:21    71.8   20:41     00.0     14.9   00.13   01.3     19.6    18:31     WNW
22    78.9   088.9   13:31    68.5   07:11     00.0     13.9   00.85   00.5     11.5    19:11      W 
23    78.1   086.6   13:31    70.5   02:51     00.0     13.2   00.00   01.1     16.1    17:31     ESE
24    77.8   088.5   13:51    68.4   06:21     00.0     12.8   00.01   00.2     11.5    14:01     ESE
25    81.6   089.8   15:01    71.1   06:51     00.0     16.7   00.00   00.5     11.5    19:21     SSE
26    76.2   086.6   04:41    73.3   20:31     00.0     11.3   01.89   03.2     26.4    17:01     ENE
27    79.2   088.0   17:01    73.3   05:51     00.0     14.3   01.27   04.2     26.4    13:51     WNW
28    78.9   089.7   13:21    67.6   07:21     00.0     13.9   00.00   00.4     11.5    16:01     WNW
29    77.4   090.4   14:47    67.5   04:01     00.0     12.4   00.00   00.3     12.7    13:30      SW
30    76.4   086.0   16:40    70.2   06:02     00.0     11.5   00.00   00.9     13.8    15:10      E 
31    74.6   086.8   15:33    64.0   07:12     00.0     09.6   00.00   00.6     16.1    11:12     ESE
----------------------------------------------------------------------------------------------------------------------------------------------------------
80.1 (80.6)   96.8  day 02     63.8  day 16   000.0    471.2   06.71   00.9     26.5   day 26     WSW
Max >=  86: 31
Min <=  86: 31
Max Rain: 1.89 ON 26-08-11
Days of Rain: 12 (> .008in) 10 (> .08in) 4 (> 0.8in)