NOAA Reports


Report for 2011 Oct

Daily noaa report



                            MONTHLY CLIMATOLOGICAL SUMMARY for OCT. 2011

NAME: Sunset Beach   CITY: Sunset Beach (Mainland) STATE: North Carolina
ELEV: 52 LAT: 033:54:59 LONG: 0078:29:50

                            TEMPERATURE ( F), RAIN (in.), WIND SPEED (mph)

                                               HEAT     COOL           AVG
      MEAN                                     DEG      DEG            WIND                       DOM
DAY   TEMP    HIGH   TIME     LOW    TIME      DAYS     DAYS    RAIN   SPEED    HIGH    TIME      DIR
----------------------------------------------------------------------------------------------------------------------------------------------------------
01    59.5   071.6   09:01    48.1   00:00     05.5     00.0   00.01   00.2     16.1    14:21      NW
02    54.1   071.6   08:41    43.2   07:51     10.8     00.0   00.00   00.3     11.5    15:21     NNE
03    55.4   072.9   16:21    40.3   05:51     09.5     00.0   00.00   00.4     14.9    15:21      SE
04    58.2   074.7   15:21    43.4   06:41     06.7     00.0   00.00   00.2     11.5    12:51     ENE
05    60.3   076.9   15:11    45.5   05:51     04.6     00.0   00.00   00.1     08.1    14:41     ENE
06    63.1   078.1   14:41    48.5   06:11     01.9     00.0   00.00   00.5     13.8    13:31     ENE
07    65.9   078.7   15:21    54.9   07:51     00.0     01.0   00.00   00.6     12.7    17:01     ENE
08    67.2   078.3   15:31    56.4   07:41     00.0     02.2   00.00   00.9     11.5    22:21     ENE
09    69.2   078.9   13:21    60.7   07:31     00.0     04.3   00.00   03.3     21.9    15:41      E 
10    68.9   073.2   16:31    66.1   09:21     00.0     03.9   00.37   03.1     12.7    03:41     ENE
11    68.0   071.8   16:11    63.9   08:31     00.0     03.0   00.57   03.8     20.7    18:47      E 
12    73.6   084.1   12:42    67.2   00:32     00.0     08.6   00.05   01.0     18.4    21:57      SW
13    73.9   080.4   12:50    70.0   06:23     00.0     08.9   00.01   02.8     27.6    17:20     WSW
14    66.7   077.2   15:16    59.4   23:17     00.0     01.8   00.08   03.6     24.1    01:06      W 
15    67.1   082.3   15:32    52.0   07:20     00.0     02.1   00.00   02.4     18.4    14:55      W 
16    64.5   077.5   13:47    45.1   07:38     00.4     00.0   00.00   00.8     16.1    00:59      W 
17    68.4   081.2   12:40    57.2   05:41     00.0     03.5   00.00   01.9     16.1    16:17     WSW
18    69.3   081.5   12:52    55.3   05:12     00.0     04.3   00.31   01.2     26.4    20:56     SSE
19    72.2   079.3   14:51    55.0   00:00     00.0     07.2   00.37   05.8     40.3    20:27     WSW
20    55.5   064.4   15:34    49.5   07:53     09.4     00.0   00.00   06.8     31.1    09:47      W 
21    53.7   068.3   16:03    42.9   07:40     11.2     00.0   00.00   00.4     11.5    14:22      W 
22    54.2   072.0   15:18    41.2   02:28     10.7     00.0   00.00   00.2     11.5    11:43      N 
23    57.6   073.5   13:36    44.6   00:54     07.3     00.0   00.00   00.5     18.4    11:14      NE
24    59.2   073.5   15:48    48.5   00:00     05.7     00.0   00.01   00.2     12.7    11:27      NE
25    56.6   072.5   15:21    45.8   04:23     08.4     00.0   00.00   00.7     13.8    09:54     ENE
26    59.1   074.6   14:37    40.4   07:47     05.8     00.0   00.01   02.8     16.1    21:08     WSW
27    68.0   078.6   16:29    57.8   23:08     00.0     03.1   00.00   04.5     27.6    11:42      W 
28    57.8   064.8   13:21    52.0   00:00     07.1     00.0   00.00   03.2     23.0    09:20     ENE
29    51.1   061.0   14:03    41.0   23:53     13.8     00.0   00.00   00.2     12.7    14:49     NNE
30    44.7   061.7   14:24    30.3   05:38     20.3     00.0   00.00   01.0     18.4    11:15     ENE
31    51.1   066.3   16:14    40.7   00:01     13.8     00.0   00.00   01.8     20.7    12:35     ENE
----------------------------------------------------------------------------------------------------------------------------------------------------------
61.7 (62.4)   84.1  day 12     30.3  day 30   153.1    054.1   01.80   01.8     40.3   day 19     WNW
Min <=  86: 31
Max Rain: 0.57 ON 11-10-11
Days of Rain: 10 (> .008in) 4 (> .08in) 0 (> 0.8in)