NOAA Reports


Report for 2011 Nov

Daily noaa report



                            MONTHLY CLIMATOLOGICAL SUMMARY for NOV. 2011

NAME: Sunset Beach   CITY: Sunset Beach (Mainland) STATE: North Carolina
ELEV: 52 LAT: 033:54:59 LONG: 0078:29:50

                            TEMPERATURE ( F), RAIN (in.), WIND SPEED (mph)

                                               HEAT     COOL           AVG
      MEAN                                     DEG      DEG            WIND                       DOM
DAY   TEMP    HIGH   TIME     LOW    TIME      DAYS     DAYS    RAIN   SPEED    HIGH    TIME      DIR
----------------------------------------------------------------------------------------------------------------------------------------------------------
01    52.4   065.3   15:11    37.9   17:51     12.5     00.0   00.00   00.8     12.7    00:38      NE
02    48.9   066.8   15:11    36.4   05:51     16.1     00.0   00.00   00.8     11.5    13:31     ENE
03    51.8   068.0   14:51    33.0   07:21     13.2     00.0   00.01   00.2     08.1    13:11      E 
04    61.4   071.6   13:11    38.0   23:41     03.6     00.0   01.35   01.5     20.7    23:01      N 
05    51.0   060.4   15:21    38.0   14:21     13.9     00.0   00.00   02.5     19.6    14:20      NE
06    55.5   069.1   14:51    38.0   03:31     09.4     00.0   00.00   01.2     14.9    13:51     ENE
07    58.2   071.9   15:41    38.1   23:41     06.8     00.0   00.00   00.8     11.5    10:41     ENE
08    57.0   073.1   14:51    38.1   12:51     07.9     00.0   00.01   00.8     12.7    10:51     ENE
09    58.9   076.5   14:11    38.1   02:01     06.0     00.0   00.01   00.2     11.5    13:31      NE
10    59.9   075.6   14:31    38.2   21:01     05.0     00.0   00.00   00.7     11.5    13:21     NNW
11    44.2   056.6   14:31    30.2   00:00     20.7     00.0   00.00   00.4     12.7    10:31     NNW
12    44.0   062.1   13:11    27.5   07:01     21.0     00.0   00.00   00.6     11.5    12:31      W 
13    55.8   070.7   12:41    37.6   03:21     09.1     00.0   00.00   00.4     10.3    13:21     WNW
14    64.0   074.3   14:01    38.3   23:11     00.9     00.0   00.00   01.2     13.8    13:01      W 
15    68.2   077.3   14:11    57.4   07:11     00.0     03.2   00.03   00.9     11.5    13:31     WSW
16    67.9   071.6   13:01    65.6   23:11     00.0     03.0   00.37   02.6     19.6    14:41      W 
17    60.5   074.1   11:41    38.3   03:51     04.4     00.0   00.04   02.3     23.0    11:41     WNW
18    40.2   054.2   14:11    28.0   07:21     24.7     00.0   00.00   00.7     12.7    11:11     ENE
19    52.5   070.6   13:51    33.8   00:01     12.4     00.0   00.00   00.4     11.5    14:21      E 
20    61.5   075.9   14:01    48.2   02:41     03.4     00.0   00.00   00.1     06.9    14:51      S 
21    66.2   075.9   14:01    38.3   07:01     00.0     01.2   00.00   00.9     12.7    10:41     WSW
22    65.0   075.8   11:51    38.4   19:01     00.0     00.1   00.01   00.2     08.1    15:31     WSW
23    65.4   074.1   12:31    49.4   00:00     00.0     00.5   00.53   03.8     24.1    12:21      W 
24    47.5   063.1   14:41    33.7   00:00     17.4     00.0   00.00   00.7     12.7    09:51      NE
25    44.2   065.8   12:51    29.2   06:51     20.7     00.0   00.01   00.1     06.9    13:31     NNE
26    51.4   071.9   13:01    32.1   05:01     13.5     00.0   00.00   00.2     10.3    12:11      W 
27    63.6   075.3   12:31    38.4   01:21     01.3     00.0   00.00   00.7     16.1    23:31     SSE
28    66.7   069.6   00:00    63.6   07:01     00.0     01.7   00.66   01.8     20.7    23:51     SSE
29    51.0   069.6   00:11    41.9   00:00     13.9     00.0   00.73   02.4     26.4    00:31      W 
30    43.4   057.2   14:31    33.8   23:59     21.5     00.0   00.00   00.8     10.3    14:01      W 
----------------------------------------------------------------------------------------------------------------------------------------------------------
55.9 (54.4)   77.3  day 15     27.5  day 12   279.5    009.7   03.76   01.0     26.5   day 29      NW
Min <=  86: 30
Max Rain: 1.35 ON 4-11-11
Days of Rain: 12 (> .008in) 5 (> .08in) 1 (> 0.8in)