NOAA Reports


Report for 2012 Jan

Daily noaa report




                            MONTHLY CLIMATOLOGICAL SUMMARY for JAN. 2012

NAME: Sunset Beach   CITY: Sunset Beach (Mainland) STATE: North Carolina
ELEV: 52 Feet LAT: 033:54:59.65 LONG: 0078:29:49.39

                            TEMPERATURE ( F), RAIN (in.), WIND SPEED (mph)

                                               HEAT     COOL           AVG
      MEAN                                     DEG      DEG            WIND                       DOM
DAY   TEMP    HIGH   TIME     LOW    TIME      DAYS     DAYS    RAIN   SPEED    HIGH    TIME      DIR
----------------------------------------------------------------------------------------------------------------------------------------------------------
01    50.3   064.7   13:34    33.1   06:28     14.7     00.0   00.00   04.1     26.4    21:10     WSW
02    47.6   059.2   02:07    32.5   19:59     17.3     00.0   00.00   01.2     16.1    15:58     WNW
03    32.0   040.2   13:47    23.6   23:42     32.9     00.0   00.00   02.1     20.7    04:58      NW
04    33.1   044.2   20:13    17.5   07:34     31.8     00.0   00.00   02.3     20.7    19:54      W 
05    44.4   059.2   13:52    32.5   00:00     20.6     00.0   00.00   01.5     18.4    00:25      W 
06    46.8   064.3   13:30    29.9   06:49     18.1     00.0   00.00   03.6     24.1    14:36     WSW
07    55.7   066.4   11:42    47.9   06:13     09.2     00.0   00.00   04.4     24.1    10:42     WSW
08    56.4   069.3   12:52    48.6   02:28     08.5     00.0   00.01   00.7     19.6    22:54     SSE
09    54.7   062.1   14:07    47.8   23:56     10.3     00.0   00.01   00.1     12.7    00:03     ESE
10    52.4   057.1   13:54    46.9   04:49     12.5     00.0   00.00   00.1     10.3    06:54      E 
11    57.7   063.5   13:43    52.2   05:12     07.2     00.0   01.18   02.0     23.0    15:05     SSW
12    54.9   062.0   23:26    48.1   07:45     10.0     00.0   00.00   08.6     35.6    23:49      W 
13    44.1   061.7   01:24    34.8   07:54     20.8     00.0   00.00   07.1     38.0    03:48      W 
14    38.7   049.7   15:00    30.6   22:14     26.2     00.0   00.00   01.3     16.1    16:26      W 
15    42.8   053.1   13:19    30.8   22:44     22.2     00.0   00.00   02.3     26.4    03:46     WNW
16    40.0   054.3   13:27    25.2   07:02     24.9     00.0   00.00   00.6     16.1    11:16      E 
17    55.4   066.6   13:13    43.9   01:43     09.6     00.0   00.00   04.6     27.6    13:03     WSW
18    51.7   057.5   06:28    32.5   00:00     13.3     00.0   00.16   03.3     26.4    03:31      W 
19    41.2   053.1   12:45    31.4   08:01     23.7     00.0   00.00   00.2     16.1    12:44      E 
20    50.8   061.0   11:28    37.7   05:39     14.2     00.0   00.01   00.4     14.9    21:36      SW
21    58.9   063.9   12:48    55.7   00:00     06.1     00.0   00.10   06.1     32.2    11:29     WSW
22    44.9   057.1   01:59    40.7   09:46     20.1     00.0   00.00   01.7     16.1    02:15      NE
23    52.1   065.5   12:43    41.8   05:20     12.8     00.0   00.00   00.5     18.4    13:01     ESE
24    61.8   072.3   12:41    45.9   00:00     03.2     00.0   00.00   02.3     20.7    05:27     WSW
25    50.0   068.2   12:42    36.9   06:10     15.0     00.0   00.01   00.3     16.1    14:21     SSE
26    58.7   071.1   14:28    41.3   01:50     06.3     00.0   00.05   00.7     20.7    18:19      S 
27    62.6   070.1   15:20    50.8   00:00     02.3     00.0   00.00   06.7     32.2    14:06      W 
28    47.3   063.5   14:34    33.6   07:09     17.6     00.0   00.45   00.8     18.4    15:54     WSW
29    44.4   058.4   15:14    31.3   00:00     20.5     00.0   00.00   00.4     14.9    09:03      NW
30    41.8   063.6   14:14    28.1   05:53     23.2     00.0   00.00   00.1     13.8    14:48      W 
31    46.7   064.7   12:51    28.6   07:21     18.3     00.0   00.00   01.5     19.6    14:36     WSW
----------------------------------------------------------------------------------------------------------------------------------------------------------
49.0 (49.2)   72.3  day 24     17.5  day 04   493.3    000.0   01.98   02.3     38.0   day 13      W 
Min <=  86: 31
Min <=  23: 1
Max Rain: 1.18 ON 11-01-14
Days of Rain: 9 (> .008in) 4 (> .08in) 1 (> 0.8in)