NOAA Reports


Report for 2012 Apr

Daily noaa report




                            MONTHLY CLIMATOLOGICAL SUMMARY for APR. 2012

NAME: Sunset Beach   CITY: Sunset Beach (Mainland) STATE: North Carolina
ELEV: 52 Feet LAT: 033:54:59.65 LONG: 0078:29:49.39

                            TEMPERATURE ( F), RAIN (in.), WIND SPEED (mph)

                                               HEAT     COOL           AVG
      MEAN                                     DEG      DEG            WIND                       DOM
DAY   TEMP    HIGH   TIME     LOW    TIME      DAYS     DAYS    RAIN   SPEED    HIGH    TIME      DIR
----------------------------------------------------------------------------------------------------------------------------------------------------------
01    63.5   070.5   14:01    58.7   11:21     01.4     00.0   00.00   00.9     11.5    16:01     WNW
02    69.8   085.7   16:21    62.0   00:00     00.0     04.9   00.00   02.8     18.4    17:10     WNW
03    63.0   074.6   15:01    49.6   05:11     01.9     00.0   00.00   00.6     12.7    11:29      S 
04    69.2   079.4   14:47    61.8   00:11     00.0     04.2   00.05   01.5     13.8    16:29     WSW
05    66.7   082.0   12:39    51.1   00:00     00.0     01.7   00.05   01.5     18.4    13:11      E 
06    49.5   060.4   17:39    40.3   00:00     15.4     00.0   00.64   01.3     14.9    17:00      NE
07    51.9   070.6   16:41    32.5   07:30     13.0     00.0   00.01   00.5     09.2    12:09      SW
08    63.2   077.6   14:19    45.3   02:11     01.7     00.0   00.00   03.0     17.3    08:50      W 
09    63.6   076.2   14:00    52.6   07:19     01.4     00.0   00.00   02.3     20.7    23:08     WSW
10    65.8   076.5   12:41    52.7   07:23     00.0     00.9   00.00   05.0     27.6    17:04      W 
11    61.1   069.2   15:42    46.6   00:00     03.9     00.0   00.00   02.5     28.8    02:37     WNW
12    50.8   067.4   16:09    34.5   07:22     14.2     00.0   00.00   01.1     18.4    17:06     NNW
13    53.2   070.0   14:00    34.1   07:02     11.7     00.0   00.00   01.2     16.1    12:48      SW
14    58.8   073.7   13:29    39.4   06:56     06.1     00.0   00.00   00.8     19.6    15:33      S 
15    69.3   077.7   14:42    62.3   06:34     00.0     04.4   00.00   04.5     27.6    13:27     WSW
16    70.0   080.4   13:28    56.8   07:35     00.0     05.0   00.00   04.0     27.6    15:38     WSW
17    72.2   082.2   15:21    64.8   07:15     00.0     07.3   00.00   04.3     23.0    16:20      W 
18    69.4   079.9   11:44    56.9   07:24     00.0     04.5   00.00   00.8     18.4    16:42     SSW
19    66.5   076.6   14:01    61.9   00:00     00.0     01.5   00.02   00.1     10.3    14:08     ENE
20    66.9   079.3   14:48    59.3   00:00     00.0     01.9   00.02   00.6     14.9    15:26      E 
21    67.5   081.3   11:30    56.8   07:09     00.0     02.5   00.23   01.0     20.7    13:37      S 
22    65.2   073.2   16:06    54.8   00:00     00.0     00.3   00.20   00.5     19.6    02:21     ENE
23    53.7   061.0   17:05    43.2   00:00     11.2     00.0   00.01   03.5     27.6    11:00     WNW
24    55.2   069.1   14:49    41.0   06:54     09.7     00.0   00.01   05.0     34.5    13:29      W 
25    58.6   070.0   18:43    45.2   02:36     06.4     00.0   00.02   00.7     18.4    14:31     WSW
26    71.4   085.0   14:01    66.2   00:06     00.0     06.5   00.02   11.4     35.6    20:29     WSW
27    73.2   085.8   13:51    65.9   02:59     00.0     08.2   00.05   04.1     26.4    05:41      W 
28    69.9   079.2   12:09    32.0   01:00     00.0     04.9   00.56   01.4     18.4    15:45     ESE
29    72.4   083.4   13:53    66.0   00:00     00.0     07.4   00.00   01.2     19.6    16:15     SSE
30    70.1   079.8   11:48    62.5   02:22     00.0     05.2   00.00   00.8     19.6    14:55     ESE
----------------------------------------------------------------------------------------------------------------------------------------------------------
64.0 (63.9)   85.8  day 27     32.0  day 28   098.1    071.3   02.24   02.3     35.7   day 26      W 
Min <=  86: 30
Max Rain: 0.64 ON 6-04-14
Days of Rain: 14 (> .008in) 4 (> .08in) 0 (> 0.8in)