NOAA Reports


Report for 2012 May

Daily noaa report




                            MONTHLY CLIMATOLOGICAL SUMMARY for MAY. 2012

NAME: Sunset Beach   CITY: Sunset Beach (Mainland) STATE: North Carolina
ELEV: 52 Feet LAT: 033:54:59.65 LONG: 0078:29:49.39

                            TEMPERATURE ( F), RAIN (in.), WIND SPEED (mph)

                                               HEAT     COOL           AVG
      MEAN                                     DEG      DEG            WIND                       DOM
DAY   TEMP    HIGH   TIME     LOW    TIME      DAYS     DAYS    RAIN   SPEED    HIGH    TIME      DIR
----------------------------------------------------------------------------------------------------------------------------------------------------------
01    74.3   082.0   14:30    69.3   06:46     00.0     09.4   00.01   04.4     26.4    10:50     WSW
02    73.7   083.6   14:39    64.9   06:42     00.0     08.8   00.00   04.4     31.1    17:27     WSW
03    74.4   088.4   13:35    64.2   06:50     00.0     09.5   00.00   03.1     26.4    16:12     WSW
04    73.4   084.9   15:16    61.2   04:19     00.0     08.4   00.01   02.9     20.7    17:46     WSW
05    77.3   087.5   12:25    69.4   06:33     00.0     12.3   00.02   03.9     24.1    19:24      W 
06    72.1   079.3   16:27    67.2   00:00     00.0     07.2   00.00   01.4     18.4    16:38     NNE
07    68.6   076.4   15:23    61.8   04:16     00.0     03.6   00.00   02.6     28.8    15:49     ESE
08    71.6   080.3   13:10    57.5   07:18     00.0     06.7   00.00   02.1     19.6    16:12     SSE
09    70.8   081.1   11:27    59.3   06:59     00.0     05.8   00.88   01.2     18.4    16:44      SW
10    68.1   081.1   16:26    56.0   06:51     00.0     03.2   00.01   01.0     20.7    14:28     WNW
11    65.9   082.5   16:10    49.7   06:33     00.0     00.9   00.00   01.4     14.9    17:28      NW
12    66.2   081.1   12:11    48.6   06:52     00.0     01.2   00.00   02.2     20.7    15:51      SE
13    69.1   073.5   13:11    57.0   02:21     00.0     04.2   00.08   02.8     20.7    06:07      SE
14    72.4   079.8   14:23    64.9   22:10     00.0     07.5   03.49   03.8     26.4    09:47      SE
15    74.5   082.2   13:56    68.5   05:26     00.0     09.6   00.03   02.0     23.0    14:31      SW
16    72.7   083.3   11:36    67.2   14:35     00.0     07.8   00.47   01.2     26.4    13:24     WSW
17    70.8   081.7   13:23    66.1   07:21     00.0     05.9   00.08   01.2     20.7    13:40     ENE
18    66.5   070.4   15:42    61.1   00:00     00.0     01.6   00.00   01.2     19.6    00:47      NE
19    63.6   075.6   17:49    56.0   03:11     01.4     00.0   00.02   00.7     21.9    00:14      NE
20    65.8   080.1   13:17    53.9   05:52     00.0     00.8   00.00   01.0     19.6    14:25     ENE
21    70.9   084.3   14:05    59.4   04:45     00.0     06.0   00.00   00.5     19.6    15:14     ESE
22    72.2   082.6   14:19    60.9   04:54     00.0     07.3   00.01   01.8     24.1    14:36      SW
23    74.5   082.9   13:40    65.7   06:19     00.0     09.5   00.01   01.6     23.0    12:34      SW
24    76.7   085.7   12:18    65.3   07:00     00.0     11.7   00.00   00.9     27.6    16:57     SSE
25    74.0   084.3   15:40    67.0   02:52     00.0     09.1   00.22   00.6     31.1    15:44      E 
26    75.7   086.3   14:09    68.1   06:01     00.0     10.7   00.03   03.3     31.1    14:50     ENE
27    78.2   085.4   13:01    72.2   06:37     00.0     13.2   00.00   04.3     31.1    16:53      E 
28    79.5   086.4   14:27    71.9   06:37     00.0     14.5   00.00   01.4     20.7    17:13      SE
29    79.1   085.4   14:27    74.0   06:32     00.0     14.1   00.00   01.0     20.7    14:19      S 
30    75.4   083.3   17:35    70.1   00:00     00.0     10.5   01.83   01.8     35.6    06:13     ENE
31    78.1   090.4   12:31    65.9   06:50     00.0     13.1   00.01   00.7     16.1    14:34     WSW
----------------------------------------------------------------------------------------------------------------------------------------------------------
72.4 (72.8)   90.4  day 31     48.6  day 12   001.4    234.1   07.22   02.0     35.7   day 30      S 
Max >=  86: 5
Min <=  86: 31
Max Rain: 3.49 ON 14-05-14
Days of Rain: 17 (> .008in) 5 (> .08in) 3 (> 0.8in)