NOAA Reports


Report for 2012 Jul

Daily noaa report




                            MONTHLY CLIMATOLOGICAL SUMMARY for JUL. 2012

NAME: Sunset Beach   CITY: Sunset Beach (Mainland) STATE: North Carolina
ELEV: 52 Feet LAT: 033:54:59.65 LONG: 0078:29:49.39

                            TEMPERATURE ( F), RAIN (in.), WIND SPEED (mph)

                                               HEAT     COOL           AVG
      MEAN                                     DEG      DEG            WIND                       DOM
DAY   TEMP    HIGH   TIME     LOW    TIME      DAYS     DAYS    RAIN   SPEED    HIGH    TIME      DIR
----------------------------------------------------------------------------------------------------------------------------------------------------------
01    82.9   094.4   14:21    71.8   19:51     00.0     18.0   00.18   01.3     28.8    19:01     WSW
02    81.4   088.9   12:41    73.4   08:31     00.0     16.5   00.01   01.2     75.9    00:14     WSW
03    82.8   096.4   13:01    71.2   06:41     00.0     17.9   00.00   00.9     14.9    18:31     WSW
04    84.4   092.2   15:41    73.4   16:51     00.0     19.4   00.00   01.3     13.8    15:01     WSW
05    84.2   092.5   15:31    74.7   07:01     00.0     19.2   00.00   02.1     16.1    15:41     WSW
06    84.9   092.1   14:41    79.5   00:31     00.0     20.0   00.00   01.5     16.1    18:01     WSW
07    85.1   095.4   12:51    73.4   02:31     00.0     20.2   00.00   02.5     16.1    20:11     WSW
08    85.8   094.0   11:51    73.4   15:51     00.0     20.9   00.00   03.2     18.4    18:31     WSW
09    85.5   094.9   13:01    73.4   17:11     00.0     20.6   02.50   02.5     19.6    17:21     WSW
10    78.5   092.0   11:21    72.5   07:11     00.0     13.5   00.37   00.3     11.5    15:11     WSW
11    79.3   090.2   15:41    71.4   01:48     00.0     14.4   00.12   00.1     09.2    15:11      SW
12    79.4   089.1   14:01    71.8   06:31     00.0     14.5   00.00   00.2     11.5    16:21     SSE
13    80.5   088.0   12:21    74.0   06:31     00.0     15.6   00.05   00.1     11.5    12:21     ESE
14    81.1   089.9   14:31    70.4   06:11     00.0     16.2   00.00   00.3     12.7    16:01     ESE
15    82.6   090.2   14:21    69.2   01:05     00.0     17.7   00.01   00.5     13.8    14:21      S 
16    81.0   090.1   13:41    69.3   06:41     00.0     16.0   00.00   01.0     13.8    17:01     WSW
17    83.7   093.3   14:41    73.5   11:51     00.0     18.7   00.00   01.3     14.9    18:11     WSW
18    82.7   091.4   14:31    74.1   06:31     00.0     17.7   00.00   02.3     17.3    23:31     WSW
19    84.5   092.4   14:11    73.5   04:11     00.0     19.6   00.00   03.6     20.7    19:31     WSW
20    83.4   089.2   14:21    73.5   15:31     00.0     18.4   00.00   04.6     24.1    18:11     WSW
21    83.5   090.5   13:31    78.1   07:21     00.0     18.5   00.00   03.6     19.6    18:11     WSW
22    85.3   093.4   13:11    79.3   07:31     00.0     20.4   00.00   02.3     14.9    19:11     WSW
23    84.9   096.8   13:01    73.5   17:31     00.0     20.0   00.00   02.6     19.6    21:31     WSW
24    85.8   095.3   12:11    77.6   06:41     00.0     20.9   00.00   02.6     19.6    22:31     WSW
25    84.2   096.5   14:41    75.3   07:11     00.0     19.2   00.00   00.7     12.7    02:21     WSW
26    85.2   092.7   14:41    73.5   20:31     00.0     20.2   00.00   02.5     18.4    16:51     WSW
27    86.0   093.2   14:31    80.7   07:21     00.0     21.0   00.00   02.3     17.3    20:41     WSW
28    81.3   090.1   15:51    72.7   18:41     00.0     16.3   00.33   01.4     18.4    18:01     WSW
29    80.5   093.9   12:41    73.5   23:31     00.0     15.6   00.62   00.6     24.1    17:31     WSW
30    77.0   083.0   18:11    73.3   12:41     00.0     12.0   00.79   00.4     14.9    02:01      SW
31    81.1   090.4   13:11    73.5   15:21     00.0     16.1   00.28   00.5     11.5    17:41      SW
----------------------------------------------------------------------------------------------------------------------------------------------------------
82.9 (82.9)   96.8  day 23     69.2  day 15   000.0    555.3   02.80   01.6     75.9   day 02     WSW
Max >=  86: 30
Min <=  86: 31
Max Rain: 2.50 ON 9-07-14
Days of Rain: 11 (> .008in) 8 (> .08in) 1 (> 0.8in)