NOAA Reports


Report for 2012 Sep

Daily noaa report




                            MONTHLY CLIMATOLOGICAL SUMMARY for SEP. 2012

NAME: Sunset Beach   CITY: Sunset Beach (Mainland) STATE: North Carolina
ELEV: 52 Feet LAT: 033:54:59.65 LONG: 0078:29:49.39

                            TEMPERATURE ( F), RAIN (in.), WIND SPEED (mph)

                                               HEAT     COOL           AVG
      MEAN                                     DEG      DEG            WIND                       DOM
DAY   TEMP    HIGH   TIME     LOW    TIME      DAYS     DAYS    RAIN   SPEED    HIGH    TIME      DIR
----------------------------------------------------------------------------------------------------------------------------------------------------------
01    83.2   093.2   12:51    75.1   05:21     00.0     18.2   00.00   00.8     12.7    16:11     WSW
02    83.6   093.4   12:51    75.9   07:41     00.0     18.7   00.00   00.5     11.5    15:01     WSW
03    82.7   089.8   13:21    76.7   07:31     00.0     17.7   00.00   00.8     11.5    18:11      SW
04    81.9   087.9   13:51    77.5   18:11     00.0     17.0   00.00   00.8     11.5    14:51      SW
05    82.4   088.6   13:21    77.5   23:31     00.0     17.5   00.00   01.6     14.9    16:11     WSW
06    82.9   089.5   14:51    77.5   20:51     00.0     18.0   00.00   01.6     12.7    18:31     WSW
07    81.0   088.7   14:11    74.6   07:51     00.0     16.1   00.39   00.1     12.7    23:41      SW
08    79.9   087.9   13:21    72.4   00:00     00.0     14.9   00.39   02.2     19.6    17:01     WSW
09    74.4   082.1   14:51    64.6   00:00     00.0     09.4   00.25   00.1     12.7    06:41     NNE
10    69.9   083.5   14:21    57.6   07:41     00.0     04.9   00.01   00.2     11.5    13:01     NNE
11    68.3   082.1   15:51    53.1   07:11     00.0     03.4   00.00   00.6     12.7    10:51      NE
12    69.1   083.0   15:41    54.5   06:41     00.0     04.2   00.00   00.4     11.5    12:01     ENE
13    71.8   084.1   16:21    61.0   07:31     00.0     06.9   00.00   00.5     12.7    13:01     ENE
14    72.9   086.0   13:51    64.9   01:11     00.0     08.0   00.06   00.1     09.2    15:01     ESE
15    73.8   087.3   14:41    64.7   04:11     00.0     08.9   00.01   00.2     08.1    16:31     ESE
16    74.1   082.9   12:51    65.2   01:51     00.0     09.1   00.15   00.4     13.8    12:51     ESE
17    76.9   086.3   14:51    66.4   07:51     00.0     12.0   00.05   00.0     11.5    15:31      SE
18    79.5   084.9   14:11    75.2   11:41     00.0     14.5   00.53   03.1     20.7    15:01      SW
19    71.3   078.9   12:11    63.1   00:00     00.0     06.3   00.00   00.3     10.3    18:31      NE
20    70.1   080.7   14:51    63.1   00:01     00.0     05.2   00.00   00.1     11.5    08:51      NE
21    70.3   083.2   14:21    58.4   07:51     00.0     05.4   00.00   00.1     08.1    15:21     SSE
22    71.5   083.1   15:41    60.5   07:31     00.0     06.6   00.00   00.6     10.3    16:41     SSW
23    73.5   082.9   14:21    60.8   22:41     00.0     08.6   00.00   00.4     11.5    15:51     NNE
24    66.2   078.4   15:31    54.2   00:00     00.0     01.3   00.00   00.5     16.1    11:51      NE
25    66.3   080.4   15:21    48.1   07:51     00.0     01.4   00.00   00.2     12.7    00:13      NE
26    68.3   084.2   13:41    53.0   07:51     00.0     03.4   00.00   00.1     09.2    16:01     SSE
27    69.5   086.9   15:01    53.0   08:01     00.0     04.5   00.00   00.1     10.3    12:31      SE
28    72.4   086.3   13:31    60.3   07:01     00.0     07.5   00.00   00.2     06.9    17:01      W 
29    73.9   082.1   14:41    66.3   04:51     00.0     09.0   00.01   00.1     08.1    11:31     WSW
30    69.7   077.5   22:41    66.1   09:01     00.0     04.8   00.02   00.0     08.1    22:41     NNE
----------------------------------------------------------------------------------------------------------------------------------------------------------
74.4 (74.8)   93.4  day 02     48.1  day 25   000.0    283.3   01.87   00.6     20.7   day 25      SW
Max >=  86: 13
Min <=  86: 30
Max Rain: 0.53 ON 18-09-14
Days of Rain: 11 (> .008in) 5 (> .08in) 0 (> 0.8in)