NOAA Reports


Report for 2012 Nov

Daily noaa report




                            MONTHLY CLIMATOLOGICAL SUMMARY for NOV. 2012

NAME: Sunset Beach   CITY: Sunset Beach (Mainland) STATE: North Carolina
ELEV: 52 Feet LAT: 033:54:59.65 LONG: 0078:29:49.39

                            TEMPERATURE ( F), RAIN (in.), WIND SPEED (mph)

                                               HEAT     COOL           AVG
      MEAN                                     DEG      DEG            WIND                       DOM
DAY   TEMP    HIGH   TIME     LOW    TIME      DAYS     DAYS    RAIN   SPEED    HIGH    TIME      DIR
----------------------------------------------------------------------------------------------------------------------------------------------------------
01    48.2   064.4   13:51    32.9   07:41     16.7     00.0   00.00   00.8     12.7    14:11     WSW
02    51.0   067.8   16:51    34.8   08:31     14.0     00.0   00.00   01.0     16.1    15:51     WSW
03    50.8   067.4   15:11    35.7   08:21     14.1     00.0   00.00   00.3     11.5    14:21     WSW
04    59.7   078.7   12:51    41.7   02:51     05.2     00.0   00.07   00.9     14.9    21:41     WSW
05    50.7   062.4   14:31    42.0   17:21     14.2     00.0   00.03   00.5     14.9    10:01      NE
06    43.9   046.4   16:31    41.4   04:11     21.0     00.0   00.02   00.4     10.3    15:51      NE
07    44.3   059.6   13:31    33.2   00:00     20.6     00.0   00.00   00.1     08.1    12:21     NNE
08    43.4   063.4   14:01    30.3   07:21     21.5     00.0   00.01   00.3     11.5    14:21      NW
09    44.9   065.3   14:01    30.1   06:41     20.0     00.0   00.00   00.1     08.1    15:01      W 
10    49.3   070.4   12:11    33.2   07:31     15.7     00.0   00.00   00.0     05.8    13:31     WSW
11    58.0   075.1   12:51    40.3   05:41     07.0     00.0   00.00   00.6     11.5    15:41     ESE
12    64.9   078.8   13:31    57.0   05:31     00.0     00.0   00.01   00.2     12.7    09:41      E 
13    59.7   070.8   12:41    47.2   00:00     05.3     00.0   00.01   00.8     17.3    20:41     ENE
14    48.5   054.6   14:41    41.9   09:31     16.4     00.0   00.00   01.1     17.3    04:11      NE
15    45.7   048.3   00:01    42.4   12:21     19.2     00.0   00.83   00.5     11.5    14:51     NNE
16    51.1   060.3   14:51    45.1   00:00     13.8     00.0   00.00   00.4     11.5    11:21     NNE
17    49.3   057.1   14:01    39.7   07:31     15.7     00.0   00.00   01.6     17.3    23:01      NE
18    53.4   055.5   19:41    50.1   06:01     11.5     00.0   00.97   03.0     19.6    18:31      NE
19    54.9   058.4   13:51    52.3   07:21     10.1     00.0   00.10   02.0     18.4    01:51     NNE
20    54.6   062.0   14:41    50.6   20:41     10.3     00.0   00.00   00.2     11.5    13:21     NNE
21    51.1   074.2   00:13    41.8   13:01     13.9     00.0   00.01   00.6     13.8    09:41     NNE
22    47.9   063.1   15:21    36.6   23:21     17.1     00.0   00.00   00.6     12.7    13:51     NNE
23    49.2   066.6   14:01    32.6   07:51     15.7     00.0   00.00   01.1     10.3    21:11     WSW
24    47.1   059.9   13:41    30.1   23:31     17.9     00.0   00.00   00.2     11.5    10:51      NW
25    39.4   055.0   14:01    25.7   07:41     25.6     00.0   00.00   00.3     08.1    03:11     WNW
26    46.2   065.8   12:39    29.8   07:08     18.8     00.0   00.00   00.7     14.9    15:16     SSW
27    49.1   063.1   11:29    35.4   04:02     15.8     00.0   00.13   00.2     16.1    15:25     SSW
28    46.1   057.2   14:20    30.4   00:00     18.8     00.0   00.00   00.7     14.9    08:15      N 
29    39.8   059.3   13:53    26.3   06:29     25.1     00.0   00.01   00.2     10.3    13:15     ENE
30    41.4   065.0   13:16    26.9   07:35     23.5     00.0   00.00   00.1     09.2    13:36     ESE
----------------------------------------------------------------------------------------------------------------------------------------------------------
49.5 (50.6)   78.8  day 12     25.7  day 25   464.5    000.0   02.22   00.7     19.6   day 21     NNE
Min <=  86: 30
Max Rain: 0.97 ON 18-11-14
Days of Rain: 12 (> .008in) 4 (> .08in) 2 (> 0.8in)