NOAA Reports


Report for 2013

Daily noaa report


                            YEARLY CLIMATOLOGICAL SUMMARY for Dec 2013

NAME: Sunset Beach   CITY: Sunset Beach (Mainland) STATE: North Carolina
ELEV: 19 LAT: 033:54:59.65 LONG: 0078:29:49.39

                            TEMPERATURE ( F), RAIN (in.), WIND SPEED (mph)

                                                 HEAT     COOL           AVG
      MEAN                                       DEG      DEG            WIND                        DOM
MTH   TEMP    HIGH   TIME      LOW     TIME      DAYS     DAYS   RAIN    SPEED    HIGH    TIME       DIR
----------------------------------------------------------------------------------------------------------------------------------------------------------
01    50.6   077.6   13:21    23.6   05:51    0444.0    0000.8   01.18    01.2     49.5    23:52      SW
02    47.4   071.3   14:35    22.3   06:22    0489.5    0000.0   05.38    02.8     38.0    23:59      SW
03    48.8   077.1   13:01    26.3   07:21    0496.6    0000.0   03.43    02.0     34.5    23:57     WSW
04    61.6   080.6   14:29    32.0   23:01    0131.5    0032.3   08.33    01.6     31.1    23:57     WSW
05    64.3   081.2   12:23    49.8   06:34    0014.8    0008.9   00.64    04.1     28.8    10:43     WSW
06    78.3   091.6   14:51    56.1   06:01    0000.0    0329.1   11.23    02.1     25.3    00:11      W 
07    80.0   093.9   12:57    66.1   06:15    0000.0    0451.4   10.69    02.0     26.4    23:59      W 
08    78.1   093.4   14:33    61.0   04:33    0000.0    0404.5   08.38    01.7     25.3    23:52     WNW
09    73.2   091.5   15:00    51.8   04:11    0001.3    0242.7   01.63    01.7     20.7    23:59     WNW
10    64.6   086.1   12:27    31.4   06:30    0086.3    0073.6   04.25    00.9     21.9    23:53     WNW
11    53.2   081.9   11:51    20.6   03:31    0364.0    0013.9   04.69    01.2     39.1    23:59     WNW
12    51.0   075.9   12:51    23.5   07:41    0438.4    0008.4   02.15    01.0     25.3    23:59      NW
-------------------------------------------------------------------------------------------------------------------------------------------------------------
      62.3    93.9            20.6            2466.5     1565.6   62.00     1.7     49.5               NW

Max >=  90.0: 70
Max <=  32.0: 0
Min <=  32.0: 333
Min <=   0.0: 0
Max >=  90.0: 70
Max <=  32.0: 0
Min <=  32.0: 333
Min <=   0.0: 0
Max <= 23.0: 0
Min <=  23.0: 3
Max <=  14.0: 0
Min <=  14.0: 0
Max <=   5.0: 0
Min <=   0.0: 0
Max <=  -4.0: 0
Min <=  -4.0: 0
Max <= -13.0: 0
Min <= -13.0: 0
Max Rain: 0.00 ON 31-01-14
Days of Rain: 133 (> .008in) 80 (> .08in) 19 (> 0.8in)