NOAA Reports


Report for 2013 Jan

Daily noaa report




                            MONTHLY CLIMATOLOGICAL SUMMARY for JAN. 2013

NAME: Sunset Beach   CITY: Sunset Beach (Mainland) STATE: North Carolina
ELEV: 52 Feet LAT: 033:54:59.65 LONG: 0078:29:49.39

                            TEMPERATURE ( F), RAIN (in.), WIND SPEED (mph)

                                               HEAT     COOL           AVG
      MEAN                                     DEG      DEG            WIND                       DOM
DAY   TEMP    HIGH   TIME     LOW    TIME      DAYS     DAYS    RAIN   SPEED    HIGH    TIME      DIR
----------------------------------------------------------------------------------------------------------------------------------------------------------
01    55.6   069.4   15:01    50.2   01:24     09.3     00.0   00.00   00.1     06.9    14:51     WSW
02    53.0   069.3   15:31    45.6   00:00     12.0     00.0   00.03   00.5     12.7    03:28      NE
03    43.1   069.2   19:31    35.7   00:00     21.9     00.0   00.17   00.1     11.5    19:31      NE
04    39.5   069.1   04:21    28.5   07:51     25.4     00.0   00.01   00.2     11.5    21:41      E 
05    37.8   068.9   12:31    25.6   08:11     27.1     00.0   00.01   00.1     10.3    10:51     SSE
06    47.4   054.4   15:41    35.7   00:01     17.6     00.0   00.02   00.0     06.9    20:01      SW
07    45.8   068.8   23:51    34.8   08:11     19.1     00.0   00.00   00.7     14.9    12:11      NE
08    51.1   068.3   14:01    39.3   05:21     13.8     00.0   00.00   00.5     11.5    15:21     ENE
09    59.6   074.9   13:11    45.9   00:51     05.3     00.0   00.00   00.1     17.3    19:31     ESE
10    59.9   070.4   12:31    49.8   08:11     05.1     00.0   00.01   01.9     12.7    14:01     ENE
11    61.1   074.0   14:51    53.2   03:11     03.9     00.0   00.07   00.5     09.2    15:11      W 
12    65.3   077.6   13:21    56.3   08:31     00.0     00.4   00.01   00.8     11.5    12:21     WSW
13    62.0   074.1   12:31    52.6   06:51     03.0     00.0   00.01   00.1     06.9    15:21     WSW
14    63.5   072.8   13:11    56.0   07:51     01.4     00.0   00.02   00.6     10.3    12:41      SW
15    64.0   075.2   13:51    59.0   04:51     01.0     00.0   00.01   00.1     08.1    18:41      SW
16    65.4   071.3   13:11    62.0   00:00     00.0     00.4   00.01   01.7     14.9    13:21      SW
17    63.4   075.4   12:41    45.0   00:00     01.6     00.0   00.56   02.3     26.4    19:21     WSW
18    42.8   053.7   14:51    31.4   00:00     22.1     00.0   00.00   01.0     17.3    02:51     NNE
19    43.3   061.8   14:11    29.8   01:38     21.6     00.0   00.00   00.1     06.9    10:21      NE
20    49.8   068.6   07:01    37.1   00:00     15.2     00.0   00.00   01.2     13.8    10:21      W 
21    47.8   068.6   21:01    31.9   07:31     17.2     00.0   00.01   01.0     13.8    15:51     WSW
22    41.3   053.0   00:01    26.7   00:00     23.6     00.0   00.00   00.5     09.2    15:21     WNW
23    35.2   068.5   11:21    25.2   02:51     29.8     00.0   00.00   00.9     10.3    09:21     NNW
24    43.6   055.0   10:41    27.1   00:00     21.4     00.0   00.00   03.4     17.3    17:41      NW
25    32.0   068.5   06:31    23.6   05:51     32.9     00.0   00.00   00.5     11.5    06:41     NNE
26    41.2   052.4   16:01    32.1   00:00     23.7     00.0   00.00   00.4     11.5    14:51      N 
27    36.6   049.7   15:51    27.8   07:41     28.3     00.0   00.00   00.9     12.7    13:51     ENE
28    46.7   068.4   13:51    31.1   00:01     18.3     00.0   00.00   00.1     09.2    13:41      E 
29    56.3   073.3   12:31    42.7   04:11     08.7     00.0   00.01   00.9     11.5    15:11     SSW
30    64.1   071.7   12:11    57.7   00:51     00.9     00.0   00.01   03.4     25.3    21:33      S 
31    51.9   065.8   00:47    44.0   22:15     13.1     00.0   00.22   12.7     49.5    01:06      SW
----------------------------------------------------------------------------------------------------------------------------------------------------------
50.6 (53.6)   77.6  day 12     23.6  day 25   444.0    000.8   01.18   01.2     49.5   day 31      SW
Min <=  86: 31
Max Rain: 0.56 ON 17-01-14
Days of Rain: 17 (> .008in) 3 (> .08in) 0 (> 0.8in)