NOAA Reports


Report for 2013 Feb

Daily noaa report




                            MONTHLY CLIMATOLOGICAL SUMMARY for FEB. 2013

NAME: Sunset Beach   CITY: Sunset Beach (Mainland) STATE: North Carolina
ELEV: 52 Feet LAT: 033:54:59.65 LONG: 0078:29:49.39

                            TEMPERATURE ( F), RAIN (in.), WIND SPEED (mph)

                                               HEAT     COOL           AVG
      MEAN                                     DEG      DEG            WIND                       DOM
DAY   TEMP    HIGH   TIME     LOW    TIME      DAYS     DAYS    RAIN   SPEED    HIGH    TIME      DIR
----------------------------------------------------------------------------------------------------------------------------------------------------------
01    44.2   056.8   12:30    28.5   22:25     20.7     00.0   00.00   07.8     38.0    09:09      SW
02    38.1   051.9   14:07    23.3   07:36     26.8     00.0   00.00   01.2     17.3    22:51     ENE
03    46.2   059.1   15:36    34.5   22:44     18.7     00.0   00.00   04.6     27.6    13:25      SW
04    39.5   052.0   13:23    24.7   07:16     25.5     00.0   00.00   00.2     10.3    14:50     SSW
05    50.6   063.0   12:34    37.7   06:06     14.4     00.0   00.00   04.0     21.9    14:41     SSW
06    53.9   071.3   14:35    38.6   23:53     11.0     00.0   00.00   00.6     16.1    16:28     ESE
07    51.9   061.1   12:53    38.8   00:03     13.1     00.0   00.67   04.5     23.0    18:32     NNE
08    55.7   063.8   15:38    47.6   00:00     09.2     00.0   00.18   03.6     18.4    14:29     WSW
09    44.5   059.6   15:46    30.3   00:00     20.4     00.0   00.00   00.7     21.9    12:05     WNW
10    45.3   061.1   14:32    26.3   06:52     19.6     00.0   00.00   01.6     21.9    15:02      NE
11    59.9   063.6   14:29    54.8   02:21     05.1     00.0   00.46   05.4     31.1    14:18     SSW
12    57.2   061.7   14:00    51.3   00:00     07.8     00.0   00.60   01.5     18.4    01:12     SSW
13    53.0   062.7   17:20    46.8   03:59     12.0     00.0   00.37   03.0     33.4    18:53      SW
14    48.2   054.4   15:51    37.9   00:00     16.7     00.0   00.00   00.3     13.8    10:34     NNW
15    44.0   061.4   12:36    31.3   07:25     20.9     00.0   00.01   00.5     14.9    12:32     ENE
16    39.9   056.0   13:20    33.4   23:36     25.1     00.0   00.19   01.8     23.0    15:01      W 
17    34.0   042.6   14:34    27.6   00:00     30.9     00.0   00.01   06.5     33.4    14:15     WSW
18    36.3   052.9   13:10    22.3   06:24     28.6     00.0   00.00   00.6     17.3    15:07      S 
19    47.6   061.1   10:37    30.3   01:15     17.3     00.0   00.00   04.4     27.6    19:43     SSW
20    46.6   058.2   12:56    32.8   07:42     18.4     00.0   00.00   01.3     18.4    16:46      SW
21    43.8   061.0   13:54    32.4   03:26     21.1     00.0   00.00   00.8     13.8    13:34      E 
22    45.8   051.0   16:00    37.2   00:02     19.1     00.0   00.12   01.5     14.9    06:59     NNE
23    46.5   050.5   15:46    43.6   07:47     18.4     00.0   00.44   00.2     13.8    10:56     NNW
24    53.3   066.8   15:46    42.1   00:00     11.7     00.0   00.02   01.2     13.8    14:51     WSW
25    42.6   045.4   14:38    37.4   02:36     22.3     00.0   00.09   02.5     19.6    08:27      N 
26    55.9   065.6   14:14    42.1   01:44     09.0     00.0   01.65   05.9     31.1    09:43      E 
27    53.8   059.5   13:06    48.9   08:03     11.1     00.0   00.00   06.2     23.0    15:56     SSW
28    50.4   059.7   12:29    40.6   23:59     14.5     00.0   00.00   06.5     27.6    10:47      SW
----------------------------------------------------------------------------------------------------------------------------------------------------------
47.5 (47.4)   71.3  day 06     22.3  day 18   489.6    000.0   05.38   02.8     38.0   day 01      SW
Min <=  86: 28
Min <=  23: 1
Max Rain: 1.65 ON 26-02-14
Days of Rain: 13 (> .008in) 10 (> .08in) 1 (> 0.8in)