NOAA Reports


Report for 2013 Mar

Daily noaa report




                            MONTHLY CLIMATOLOGICAL SUMMARY for MAR. 2013

NAME: Sunset Beach   CITY: Sunset Beach (Mainland) STATE: North Carolina
ELEV: 52 Feet LAT: 033:54:59.65 LONG: 0078:29:49.39

                            TEMPERATURE ( F), RAIN (in.), WIND SPEED (mph)

                                               HEAT     COOL           AVG
      MEAN                                     DEG      DEG            WIND                       DOM
DAY   TEMP    HIGH   TIME     LOW    TIME      DAYS     DAYS    RAIN   SPEED    HIGH    TIME      DIR
----------------------------------------------------------------------------------------------------------------------------------------------------------
01    44.9   056.4   14:11    35.3   07:21     20.1     00.0   00.00   00.7     11.5    15:11     WNW
02    42.2   053.7   12:51    31.2   23:51     22.7     00.0   00.00   00.3     11.5    12:31      W 
03    40.8   052.0   23:21    31.2   00:11     24.2     00.0   00.00   01.3     12.7    14:01     WNW
04    38.6   054.3   15:31    26.3   07:21     26.3     00.0   00.00   01.1     13.8    13:51     WNW
05    48.3   062.5   12:51    29.7   04:01     16.6     00.0   00.11   02.2     19.6    23:01     WSW
06    48.6   057.2   00:11    41.5   00:00     16.3     00.0   00.00   06.5     26.4    13:01     WNW
07    45.3   059.9   15:11    33.6   07:01     19.7     00.0   00.00   01.4     12.7    14:01      NW
08    44.2   059.9   15:31    30.5   07:11     20.8     00.0   00.00   01.0     11.5    17:11      NW
09    48.2   066.1   16:31    34.7   04:21     16.7     00.0   00.00   00.7     11.5    14:01     NNW
10    47.6   065.0   14:01    30.6   07:51     17.3     00.0   00.00   00.8     12.7    15:11      E 
11    56.3   068.4   16:21    38.8   00:31     08.7     00.0   00.00   00.8     14.9    23:21      SE
12    60.6   065.8   18:11    52.1   15:11     04.3     00.0   00.45   01.2     18.4    16:11      SW
13    51.7   064.1   16:01    39.4   23:11     13.3     00.0   00.01   01.1     16.1    16:01     WSW
14    44.6   056.0   17:01    33.5   08:21     20.3     00.0   00.00   00.9     13.8    16:11      NW
15    46.3   058.5   13:31    28.1   07:21     18.7     00.0   00.00   01.2     17.3    23:31     WSW
16    61.6   073.5   12:11    54.5   00:01     03.3     00.0   00.00   04.7     24.1    19:11     WSW
17    61.3   077.1   13:01    50.2   07:41     03.7     00.0   00.00   01.8     16.1    17:51     WSW
18    56.5   067.5   13:21    47.9   08:01     08.5     00.0   00.01   00.7     11.5    17:01      E 
19    59.3   071.5   17:01    45.5   00:00     05.7     00.0   00.01   01.6     11.5    13:51     WNW
20    49.7   061.2   14:11    37.5   00:00     15.2     00.0   00.00   00.5     12.7    10:51     NNW
21    44.3   056.3   16:21    32.0   04:21     20.7     00.0   00.00   02.2     19.6    15:01     WNW
22    40.4   051.8   15:21    27.6   08:01     24.5     00.0   00.00   00.7     12.7    17:11     WNW
23    44.5   054.4   18:41    34.6   05:11     20.4     00.0   00.13   00.1     06.9    16:21      SW
24    49.9   060.4   16:51    41.4   00:31     15.0     00.0   01.72   02.2     28.8    12:01      NE
25    47.6   054.2   14:51    42.8   00:00     17.4     00.0   00.00   04.7     24.1    15:31      W 
26    43.2   053.0   15:35    28.9   11:53     21.7     00.0   00.00   03.6     21.9    16:07      W 
27    44.3   059.1   16:29    31.0   07:31     20.6     00.0   00.00   02.9     23.0    15:00     WSW
28    43.9   060.2   15:42    29.0   07:26     21.1     00.0   00.00   02.4     20.7    15:50     WSW
29    47.6   060.5   14:46    29.2   07:43     17.4     00.0   00.00   02.9     21.9    17:28     SSW
30    55.5   066.5   13:54    46.0   00:00     09.4     00.0   00.00   01.5     16.1    15:56     ESE
31    58.6   066.3   16:21    44.6   02:17     06.3     00.0   00.15   07.9     34.5    16:56     SSW
----------------------------------------------------------------------------------------------------------------------------------------------------------
48.9 (48.9)   77.1  day 17     26.3  day 04   496.7    000.0   03.43   02.0     34.5   day 31     WSW
Min <=  86: 31
Max Rain: 1.72 ON 24-03-14
Days of Rain: 8 (> .008in) 5 (> .08in) 1 (> 0.8in)