NOAA Reports


Report for 2013 Sep

Daily noaa report




                            MONTHLY CLIMATOLOGICAL SUMMARY for SEP. 2013

NAME: Sunset Beach   CITY: Sunset Beach (Mainland) STATE: North Carolina
ELEV: 52 Feet LAT: 033:54:59.65 LONG: 0078:29:49.39

                            TEMPERATURE ( F), RAIN (in.), WIND SPEED (mph)

                                               HEAT     COOL           AVG
      MEAN                                     DEG      DEG            WIND                       DOM
DAY   TEMP    HIGH   TIME     LOW    TIME      DAYS     DAYS    RAIN   SPEED    HIGH    TIME      DIR
----------------------------------------------------------------------------------------------------------------------------------------------------------
01    82.0   089.4   14:11    73.1   06:28     00.0     17.1   00.00   03.2     23.0    15:20     WNW
02    83.5   089.8   15:00    79.3   07:12     00.0     18.6   00.00   05.2     20.7    16:23     WNW
03    78.3   087.4   14:35    72.1   23:33     00.0     13.4   00.25   02.0     20.7    15:19     WNW
04    79.3   089.3   12:44    71.0   07:12     00.0     14.4   00.00   01.0     14.9    14:34      SE
05    78.6   089.1   15:29    70.2   23:52     00.0     13.6   00.00   00.3     10.3    16:34     SSE
06    76.5   089.7   14:24    64.5   07:03     00.0     11.6   00.00   01.3     14.9    16:53     ESE
07    73.9   086.8   14:24    63.0   00:00     00.0     09.0   00.00   01.1     17.3    13:38      E 
08    74.8   086.8   13:30    59.5   04:44     00.0     09.9   00.00   01.4     14.9    17:39     WNW
09    76.7   088.1   13:30    65.3   07:05     00.0     11.8   00.00   00.8     14.9    15:08     SSE
10    76.8   090.0   13:27    65.7   06:31     00.0     11.9   00.00   01.5     17.3    16:26     ESE
11    75.3   087.8   15:44    66.0   05:48     00.0     10.4   00.00   01.1     16.1    15:11     ESE
12    77.1   088.9   14:16    64.4   05:30     00.0     12.1   00.00   01.1     17.3    14:22      W 
13    79.3   091.5   15:00    69.5   23:14     00.0     14.4   00.00   01.7     12.7    04:13     WNW
14    73.4   084.1   15:06    67.1   07:34     00.0     08.5   00.00   01.8     14.9    12:40     ENE
15    73.9   086.2   13:05    65.3   07:22     00.0     09.0   00.00   02.3     17.3    15:26     ESE
16    76.3   086.8   15:29    66.2   02:37     00.0     11.4   00.43   00.7     19.6    10:53      W 
17    71.4   081.2   14:16    64.0   00:00     00.0     06.4   00.00   03.6     17.3    11:20      E 
18    66.0   078.7   16:39    56.1   07:16     00.0     01.1   00.00   01.3     14.9    09:46      E 
19    68.0   082.5   15:18    57.6   04:01     00.0     03.1   00.00   00.9     12.7    10:09      E 
20    69.0   081.0   11:33    57.7   04:34     00.0     04.1   00.00   00.8     09.2    16:47     ESE
21    75.6   084.8   14:27    66.7   06:49     00.0     10.7   00.00   01.1     14.9    15:06      NW
22    72.8   079.0   02:21    66.7   00:00     00.0     07.8   00.84   02.3     20.7    04:09     WNW
23    66.1   079.1   15:04    54.2   06:16     00.0     01.2   00.00   01.4     14.9    15:11     ENE
24    63.9   078.1   14:27    52.7   06:08     01.0     00.0   00.00   01.4     16.1    10:58     ESE
25    64.7   076.0   14:14    51.8   04:11     00.2     00.0   00.02   01.4     12.7    15:00      E 
26    69.0   079.7   16:03    62.8   08:04     00.0     04.1   00.09   01.3     14.9    12:48     ENE
27    67.2   080.1   14:46    58.7   06:40     00.0     02.3   00.00   02.4     19.6    12:17     ENE
28    67.5   079.7   15:05    60.2   00:38     00.0     02.5   00.00   02.5     17.3    13:05     ENE
29    65.4   078.5   14:33    56.5   07:22     00.0     00.4   00.00   01.3     17.3    11:29     ENE
30    65.2   079.7   14:20    55.0   23:59     00.0     00.2   00.00   00.8     14.9    09:02      E 
----------------------------------------------------------------------------------------------------------------------------------------------------------
72.9 (73.9)   91.5  day 13     51.8  day 25   001.2    240.9   01.63   01.6     23.0   day 17     ENE
Max >=  86: 15
Min <=  86: 30
Max Rain: 0.84 ON 22-09-14
Days of Rain: 5 (> .008in) 4 (> .08in) 1 (> 0.8in)