NOAA Reports


Report for 2013 Nov

Daily noaa report




                            MONTHLY CLIMATOLOGICAL SUMMARY for NOV. 2013

NAME: Sunset Beach   CITY: Sunset Beach (Mainland) STATE: North Carolina
ELEV: 52 Feet LAT: 033:54:59.65 LONG: 0078:29:49.39

                            TEMPERATURE ( F), RAIN (in.), WIND SPEED (mph)

                                               HEAT     COOL           AVG
      MEAN                                     DEG      DEG            WIND                       DOM
DAY   TEMP    HIGH   TIME     LOW    TIME      DAYS     DAYS    RAIN   SPEED    HIGH    TIME      DIR
----------------------------------------------------------------------------------------------------------------------------------------------------------
01    72.9   081.2   21:01    69.0   01:29     00.0     07.9   00.06   03.3     18.4    15:01     WNW
02    64.0   081.2   18:01    51.1   00:00     01.0     00.0   00.14   00.3     16.1    22:01      NW
03    52.6   066.8   13:41    41.8   00:00     12.3     00.0   00.00   00.6     11.5    15:31     ENE
04    49.9   081.2   18:51    39.2   22:51     15.1     00.0   00.00   01.5     11.5    16:01      E 
05    55.4   081.2   10:31    40.8   02:21     09.5     00.0   00.03   01.5     10.3    16:31      E 
06    64.9   081.2   17:11    55.0   01:11     00.0     00.0   00.22   02.0     11.5    15:01      E 
07    66.5   081.2   09:41    55.7   00:00     00.0     01.6   00.78   00.5     16.1    23:41     NNW
08    48.6   081.2   18:31    35.0   22:41     16.3     00.0   00.00   01.5     11.5    11:11      E 
09    48.9   081.2   10:01    32.6   07:01     16.0     00.0   00.00   00.3     06.9    10:31      W 
10    55.4   081.2   17:21    43.2   23:41     09.6     00.0   00.00   00.6     09.2    13:11     WNW
11    50.3   081.3   09:41    38.2   23:21     14.7     00.0   00.00   01.0     11.5    09:51      E 
12    52.3   081.3   18:31    38.0   00:00     12.6     00.0   00.00   01.7     24.1    20:01     ENE
13    37.1   081.3   09:21    25.2   00:00     27.9     00.0   00.01   01.6     17.3    09:20      E 
14    39.5   081.3   02:31    22.2   04:21     25.4     00.0   00.00   00.3     09.2    13:11     NNW
15    53.5   081.2   23:41    33.2   04:21     11.4     00.0   00.00   00.8     12.7    12:51      E 
16    62.9   081.2   15:01   -00.0   00:41     02.0     00.0   00.00   00.5     10.3    13:01     ESE
17    64.7   076.5   12:31    51.5   06:01     00.3     00.0   00.03   00.8     48.3    00:13      E 
18    69.3   081.9   11:51    61.6   00:00     00.0     04.4   00.08   01.8     13.8    03:41     WNW
19    52.2   081.2   10:11    41.1   19:31     12.7     00.0   00.00   01.9     12.7    10:01      E 
20    49.0   081.2   18:51    40.1   07:41     16.0     00.0   00.00   02.0     11.5    14:11      E 
21    58.0   081.3   11:21    47.0   00:31     06.9     00.0   00.00   01.6     10.3    16:01      E 
22    63.5   081.3   17:31   -00.0   00:31     01.5     00.0   00.01   00.6     11.5    17:31      SE
23    61.1   081.3   09:41    53.1   00:00     03.8     00.0   00.19   00.7     11.5    12:51      N 
24    39.3   081.3   00:01    25.4   23:01     25.6     00.0   00.00   01.3     14.9    12:31      E 
25    34.9   081.3   09:11    20.6   03:31     30.0     00.0   00.00   01.1     13.8    09:11      E 
26    58.3   081.3   14:51    34.9   00:11     06.6     00.0   01.92   02.4     39.1    21:51     ESE
27    50.7   067.7   00:01    34.2   00:00     14.2     00.0   00.27   02.0     19.6    00:01      NW
28    34.2   046.9   14:21   -12.8   00:42     30.8     00.0   00.00   00.5     11.5    09:31      NE
29    40.3   081.3   08:31    27.8   05:41     24.6     00.0   00.00   00.8     09.2    12:31     ENE
30    45.2   081.3   15:51    31.4   07:21     19.7     00.0   00.00   01.1     10.3    13:01      E 
----------------------------------------------------------------------------------------------------------------------------------------------------------
53.2 (57.5)   81.9  day 18    -12.8  day 28   366.5    013.9   04.69   01.2     48.3   day 17     ENE
Min <=  86: 30
Min <=   0: 1
Min <=  23: 5
Min <=   5: 3
Min <=   0: 1
Min <=  -4: 1
Max Rain: 1.92 ON 26-11-14
Days of Rain: 12 (> .008in) 7 (> .08in) 1 (> 0.8in)