NOAA Reports


Report for 2014 Jan

Daily noaa report




                            MONTHLY CLIMATOLOGICAL SUMMARY for JAN. 2014

NAME: Sunset Beach   CITY: Sunset Beach (Mainland) STATE: North Carolina
ELEV: 52 Feet LAT: 033:54:59.65 LONG: 0078:29:49.39

                            TEMPERATURE ( F), RAIN (in.), WIND SPEED (mph)

                                               HEAT     COOL           AVG
      MEAN                                     DEG      DEG            WIND                       DOM
DAY   TEMP    HIGH   TIME     LOW    TIME      DAYS     DAYS    RAIN   SPEED    HIGH    TIME      DIR
----------------------------------------------------------------------------------------------------------------------------------------------------------
01    43.6   054.9   00:28    33.0   03:11     21.3     00.0   00.05   00.3     06.9    13:01      NE
02    51.0   058.0   20:21    46.0   00:51     14.0     00.0   00.94   00.9     19.6    20:31     NNW
03    36.1   051.8   00:11    24.2   00:00     28.8     00.0   00.00   02.1     14.9    13:51      N 
04    38.5   054.9   20:01    23.9   00:11     26.4     00.0   00.00   01.9     10.3    12:11      E 
05    55.4   065.9   14:41    44.1   00:51     09.5     00.0   00.25   00.5     10.3    11:41     NNW
06    49.2   062.0   06:08    30.8   00:00     15.8     00.0   00.04   04.4     24.1    21:21      NW
07    24.4   032.5   14:31    17.2   07:41     40.6     00.0   00.00   01.1     09.2    02:51     NNW
08    31.8   045.7   13:31    17.7   00:41     33.1     00.0   00.00   00.4     08.1    11:11     ESE
09    43.6   056.4   15:51    27.6   00:11     21.3     00.0   00.00   01.0     08.1    20:51      E 
10    62.1   072.3   13:11    47.4   02:31     02.8     00.0   00.02   01.8     16.1    13:21      SE
11    63.0   068.7   13:01    58.9   20:01     01.9     00.0   00.41   02.8     18.4    13:21     WNW
12    51.4   062.6   13:51    36.1   23:51     13.5     00.0   00.02   01.7     13.8    03:41      NW
13    47.3   063.3   14:31    31.1   06:51     17.7     00.0   00.00   00.2     08.1    13:21     WNW
14    53.7   060.6   09:11    39.5   23:41     11.2     00.0   00.44   01.3     17.3    12:51      NW
15    45.5   060.1   13:41    32.7   07:51     19.4     00.0   00.01   00.5     11.5    13:51     WNW
16    39.8   048.2   15:31    29.3   23:31     25.2     00.0   00.00   00.4     09.2    09:21     NNW
17    46.7   056.0   15:11    29.6   00:11     18.2     00.0   00.00   02.1     14.9    13:51     WNW
18    38.7   054.8   00:11    26.3   22:51     26.3     00.0   00.01   02.5     23.0    08:41      NW
19    45.2   056.4   14:41    28.1   00:01     19.8     00.0   00.00   01.9     13.8    08:21      NW
20    49.8   060.6   15:11    40.6   00:41     15.2     00.0   00.00   02.5     14.9    13:01     WNW
21    50.0   059.3   13:30    40.1   00:00     14.9     00.0   00.04   03.8     24.1    19:21     WNW
22    33.0   042.9   14:00    21.8   00:00     32.0     00.0   00.00   01.1     19.6    02:47     NNW
23    31.5   045.4   15:07    20.2   02:31     33.5     00.0   00.00   00.6     08.1    14:43      NW
24    25.1   034.2   14:25    11.6   23:50     39.9     00.0   00.00   02.0     20.7    14:00      NE
25    34.7   050.1   15:21    09.9   02:40     30.2     00.0   00.00   04.9     27.6    15:21     WNW
26    44.2   053.3   12:03    27.4   07:43     20.7     00.0   00.00   02.5     16.1    13:37     WNW
27    52.0   061.4   14:22    43.8   07:45     12.9     00.0   00.00   02.5     16.1    13:05     WNW
28    34.4   051.0   00:52    26.2   23:11     30.6     00.0   00.00   04.6     19.6    09:34      E 
29    26.0   028.8   16:47    22.0   07:31     38.9     00.0   00.07   01.7     16.1    14:33     ENE
30    29.2   033.0   15:02    24.6   03:57     35.7     00.0   00.01   01.8     14.9    08:47      E 
31    38.7   057.6   14:54    27.7   23:32     26.3     00.0   00.06   00.4     09.2    02:42      NE
----------------------------------------------------------------------------------------------------------------------------------------------------------
42.4 (42.0)   72.3  day 10     09.9  day 25   697.5    000.0   03.02   01.8     27.6   day 25      NW
Max <=  32: 1
Min <=  86: 31
Min <=  23: 7
Max Rain: 0.94 ON 2-01-14
Days of Rain: 14 (> .008in) 4 (> .08in) 1 (> 0.8in)