NOAA Reports


Report for 2014 May

Daily noaa report




                            MONTHLY CLIMATOLOGICAL SUMMARY for MAY. 2014

NAME: Sunset Beach   CITY: Sunset Beach (Mainland) STATE: North Carolina
ELEV: 52 Feet LAT: 033:54:59.65 LONG: 0078:29:49.39

                            TEMPERATURE ( F), RAIN (in.), WIND SPEED (mph)

                                               HEAT     COOL           AVG
      MEAN                                     DEG      DEG            WIND                       DOM
DAY   TEMP    HIGH   TIME     LOW    TIME      DAYS     DAYS    RAIN   SPEED    HIGH    TIME      DIR
----------------------------------------------------------------------------------------------------------------------------------------------------------
01    73.0   082.5   11:21    69.1   07:01     00.0     08.1   00.02   03.7     17.3    16:31     WSW
02    65.3   069.8   14:21    60.0   07:41     00.0     00.4   00.00   01.3     16.1    00:21      W 
03    68.6   096.0   00:13    59.3   06:31     00.0     03.7   00.01   01.5     34.5    00:13      W 
04    68.9   086.5   14:11    51.5   06:01     00.0     04.0   00.00   02.7     18.4    18:21      W 
05    71.0   080.9   11:21    61.7   07:21     00.0     06.0   00.00   03.0     18.4    16:21     ESE
06    77.5   093.9   14:31    66.9   00:31     00.0     12.6   00.00   02.5     14.9    15:51      W 
07    74.4   086.7   14:11    59.5   07:01     00.0     09.5   00.00   02.2     17.3    18:01     WSW
08    75.8   086.4   11:41    66.6   06:31     00.0     10.9   00.00   04.2     18.4    18:11     WSW
09    74.4   083.4   14:51    66.7   07:21     00.0     09.5   00.01   03.9     19.6    16:21     WSW
10    75.4   082.2   14:21    71.0   05:51     00.0     10.5   00.00   03.5     23.0    11:11     WSW
11    74.3   082.0   13:31    70.3   06:31     00.0     09.4   00.00   01.2     11.5    16:01     WSW
12    77.6   086.5   13:11    71.8   06:41     00.0     12.6   00.00   02.4     13.8    18:21     WSW
13    76.8   083.9   14:51    71.2   06:41     00.0     11.9   00.01   02.3     14.9    11:21     WSW
14    77.0   085.0   14:21    63.3   07:11     00.0     12.1   00.00   02.0     16.1    16:31     SSE
15    74.4   079.5   11:41    71.8   14:31     00.0     09.5   01.01   03.1     20.7    22:41      S 
16    71.2   080.1   16:21    60.8   00:00     00.0     06.3   00.13   02.4     19.6    00:51      W 
17    67.1   078.4   16:31    49.4   06:49     00.0     02.2   00.00   00.9     12.7    14:21     WNW
18    63.6   070.5   09:41    52.7   06:41     01.4     00.0   00.00   00.6     10.3    17:41     WNW
19    65.1   076.1   14:31    49.8   01:11     00.0     00.1   00.00   02.3     14.9    16:31      E 
20    64.5   077.4   14:41    45.8   06:41     00.4     00.0   00.00   02.0     16.1    17:51     WSW
21    72.6   081.1   13:41    64.8   04:01     00.0     07.7   00.00   04.2     20.7    16:01     WSW
22    80.2   094.8   16:41    69.5   06:41     00.0     15.2   00.00   02.4     13.8    17:51      W 
23    78.1   095.4   14:31    65.5   04:11     00.0     13.1   00.19   01.1     21.9    21:41     WSW
24    72.0   084.5   14:11    59.9   00:00     00.0     07.1   00.00   01.5     16.1    08:51     ENE
25    69.2   082.0   13:41    53.0   06:41     00.0     04.3   00.00   01.2     14.9    16:11     SSW
26    73.9   083.1   14:11    60.2   06:41     00.0     08.9   00.00   02.4     16.1    18:31      SW
27    76.2   082.5   14:41    71.3   05:51     00.0     11.3   00.10   05.0     23.0    14:01      W 
28    79.0   089.3   12:11    71.1   04:11     00.0     14.1   00.00   03.0     14.9    14:21      W 
29    77.0   089.2   11:41    69.3   06:51     00.0     12.1   00.43   01.8     11.5    16:51      SW
30    75.0   083.7   11:41    69.3   06:41     00.0     10.1   00.58   00.4     09.2    13:21     ESE
31    73.7   079.6   12:41    68.5   00:00     00.0     08.7   00.00   02.2     11.5    23:41      E 
----------------------------------------------------------------------------------------------------------------------------------------------------------
73.0 (73.5)   96.0  day 03     45.8  day 20   001.8    251.7   02.50   02.3     34.5   day 20     WSW
Max >=  86: 10
Min <=  86: 31
Max Rain: 1.01 ON 15-05-14
Days of Rain: 10 (> .008in) 6 (> .08in) 1 (> 0.8in)