NOAA Reports


Report for 2014 Jun

Daily noaa report




                            MONTHLY CLIMATOLOGICAL SUMMARY for JUN. 2014

NAME: Sunset Beach   CITY: Sunset Beach (Mainland) STATE: North Carolina
ELEV: 52 Feet LAT: 033:54:59.65 LONG: 0078:29:49.39

                            TEMPERATURE ( F), RAIN (in.), WIND SPEED (mph)

                                               HEAT     COOL           AVG
      MEAN                                     DEG      DEG            WIND                       DOM
DAY   TEMP    HIGH   TIME     LOW    TIME      DAYS     DAYS    RAIN   SPEED    HIGH    TIME      DIR
----------------------------------------------------------------------------------------------------------------------------------------------------------
01    68.8   079.8   14:25    55.4   06:07     00.0     03.9   00.00   03.5     23.0    16:59      E 
02    68.7   081.8   15:34    50.9   06:43     00.0     03.7   00.00   01.5     14.9    16:06      SE
03    72.3   084.1   13:59    57.1   06:25     00.0     07.3   00.00   04.2     21.9    16:24     WSW
04    78.4   090.6   12:32    68.5   06:28     00.0     13.5   00.00   05.0     21.9    23:40      W 
05    78.0   084.3   13:42    72.4   21:38     00.0     13.1   00.45   08.0     26.4    15:28     WSW
06    78.0   087.6   13:48    71.7   06:02     00.0     13.1   00.10   01.8     17.3    15:19     SSE
07    76.4   084.5   13:40    69.9   06:49     00.0     11.4   00.00   02.6     19.6    16:04     ESE
08    73.8   083.0   15:00    60.9   06:32     00.0     08.8   00.00   02.0     17.3    11:22     SSE
09    79.4   086.9   14:01    74.2   00:13     00.0     14.4   00.37   02.9     16.1    12:05     SSW
10    83.2   091.6   13:58    77.5   06:47     00.0     18.3   00.00   03.9     17.3    16:32     WSW
11    81.8   089.2   11:47    73.4   23:57     00.0     16.8   00.00   03.5     21.9    02:06      SW
12    80.0   087.1   13:20    73.1   08:04     00.0     15.0   00.44   03.9     26.4    18:03     WSW
13    79.9   087.0   14:06    73.7   06:44     00.0     15.0   00.07   04.9     21.9    19:16     WSW
14    81.5   091.7   12:59    73.1   07:17     00.0     16.6   00.00   02.9     19.6    17:12     WSW
15    79.1   087.0   11:29    71.7   06:37     00.0     14.2   00.27   02.7     21.9    17:36     ESE
16    79.4   087.7   12:00    70.0   05:33     00.0     14.4   00.00   02.1     16.1    15:38      S 
17    80.2   089.2   14:12    67.8   06:25     00.0     15.3   00.00   02.4     19.6    15:32     WSW
18    80.5   088.8   14:01    70.1   06:52     00.0     15.6   00.00   03.7     17.3    16:43     WSW
19    81.7   090.2   12:05    73.5   06:14     00.0     16.8   00.00   04.8     20.7    18:41     WSW
20    81.3   090.3   12:25    72.3   06:58     00.0     16.4   00.10   04.5     19.6    21:22     WSW
21    78.5   087.5   15:23    72.7   03:19     00.0     13.6   00.43   03.0     20.7    12:35     WSW
22    80.7   091.6   12:54    71.0   06:30     00.0     15.7   00.00   00.9     11.5    15:19     ENE
23    79.2   087.6   13:07    71.5   06:40     00.0     14.3   00.00   03.3     21.9    16:20      E 
24    78.3   086.4   15:09    72.5   03:50     00.0     13.3   00.28   01.5     16.1    22:39     SSE
25    81.9   089.8   11:43    75.3   07:34     00.0     16.9   00.00   04.8     23.0    22:40     WSW
26    84.1   093.5   13:58    74.1   06:36     00.0     19.1   00.03   03.4     16.1    17:09     WSW
27    80.6   092.3   13:43    74.4   06:34     00.0     15.7   00.06   01.8     14.9    00:45      SW
28    76.5   088.1   13:10    73.0   00:00     00.0     11.6   01.39   01.2     21.9    13:40     ENE
29    77.6   088.3   14:11    67.8   07:03     00.0     12.6   00.01   02.6     18.4    16:41      E 
30    76.4   088.7   12:52    63.3   06:36     00.0     11.5   00.00   00.9     14.9    15:12     ESE
----------------------------------------------------------------------------------------------------------------------------------------------------------
78.5 (78.8)   93.5  day 26     50.9  day 02   000.0    407.9   03.93   03.1     26.5   day 05      SW
Max >=  86: 24
Min <=  86: 30
Max Rain: 1.39 ON 28-06-14
Days of Rain: 13 (> .008in) 9 (> .08in) 1 (> 0.8in)