NOAA Reports


Report for 2014 Sep

Daily noaa report


                            MONTHLY CLIMATOLOGICAL SUMMARY for SEP. 2014

NAME: Sunset Beach   CITY: Sunset Beach (Mainland) STATE: North Carolina
ELEV: 52 Feet LAT: 033:54:59.65 LONG: 0078:29:49.39

                            TEMPERATURE ( F), RAIN (in.), WIND SPEED (mph)

                                               HEAT     COOL           AVG
      MEAN                                     DEG      DEG            WIND                       DOM
DAY   TEMP    HIGH   TIME     LOW    TIME      DAYS     DAYS    RAIN   SPEED    HIGH    TIME      DIR
----------------------------------------------------------------------------------------------------------------------------------------------------------
01    83.3   091.7   11:21    74.6   06:40     00.0     18.3   00.00   01.9     17.3    17:29      W 
02    83.6   092.7   11:30    76.7   06:34     00.0     18.7   00.00   02.3     17.3    17:45      W 
03    83.1   089.8   13:26    75.9   07:27     00.0     18.2   00.00   02.5     16.1    14:53     WSW
04    82.6   090.6   12:40    74.3   07:05     00.0     17.7   00.00   01.3     13.8    15:32     SSW
05    80.6   089.8   12:52    72.3   07:20     00.0     15.6   00.02   01.1     14.9    15:58      S 
06    80.0   085.8   16:17    74.5   07:54     00.0     15.0   00.84   01.8     17.3    20:58     WSW
07    80.2   089.1   13:48    73.3   06:14     00.0     15.3   00.10   01.2     16.1    12:02      SW
08    76.8   081.0   17:00    74.4   08:26     00.0     11.9   01.60   02.4     24.1    07:26      W 
09    74.4   078.2   13:27    71.7   07:52     00.0     09.5   00.00   00.4     08.1    02:07      NW
10    77.0   087.3   14:20    71.5   03:18     00.0     12.1   00.00   00.3     08.1    15:34     SSE
11    78.1   087.9   15:24    67.1   07:07     00.0     13.1   00.00   01.1     12.7    16:14     WSW
12    80.7   091.4   13:14    73.8   23:33     00.0     15.8   01.29   01.7     13.8    14:12     WNW
13    79.2   088.8   13:57    71.1   06:46     00.0     14.2   00.06   00.6     13.8    13:40     SSE
14    72.4   077.6   15:52    67.2   09:01     00.0     07.5   00.98   01.2     11.5    09:03      NE
15    71.5   075.9   18:13    69.2   05:06     00.0     06.5   00.21   00.2     08.1    13:29     ENE
16    77.5   087.9   14:21    69.4   04:19     00.0     12.6   00.00   00.3     16.1    16:06      E 
17    75.2   087.9   14:21    65.7   07:43     00.0     10.3   01.17   00.3     11.5    19:39      NE
18    73.5   081.8   10:50    66.5   07:32     00.0     08.6   00.03   01.3     13.8    15:36     ENE
19    72.1   080.9   12:25    65.4   07:05     00.0     07.2   00.10   02.9     20.7    14:33     ENE
20    71.0   076.2   16:02    65.6   07:49     00.0     06.0   00.04   02.2     14.9    11:54     NNE
21    76.2   087.7   15:47    67.8   06:55     00.0     11.2   00.06   01.2     16.1    23:49      W 
22    74.5   081.6   14:27    67.0   00:00     00.0     09.5   00.43   01.1     13.8    11:42      N 
23    63.9   067.1   00:22    59.3   23:23     01.1     00.0   00.26   02.7     18.4    19:50     NNE
24    64.4   073.0   14:19    59.4   02:27     00.6     00.0   00.34   02.0     14.9    01:29     NNE
25    70.6   076.7   13:43    66.5   00:05     00.0     05.7   00.03   00.8     11.5    23:32      NE
26    68.8   074.5   14:04    65.4   06:56     00.0     03.8   00.00   02.7     14.9    12:13      NE
27    71.8   081.0   14:27    64.9   07:17     00.0     06.8   00.01   02.8     13.8    13:44      NE
28    74.1   083.7   13:31    66.1   07:21     00.0     09.1   00.00   02.1     13.8    14:28      E 
29    68.9   076.7   13:27    62.7   21:28     00.0     03.9   00.57   00.4     11.5    20:56      NE
30    72.3   084.5   15:04    62.5   07:06     00.0     07.4   00.02   01.0     11.5    13:09      NE
----------------------------------------------------------------------------------------------------------------------------------------------------------
75.3 (76.0)   92.7  day 02     59.3  day 23   001.7    311.6   08.22   01.5     24.2   day 08     NNE
Max >=  86: 13
Min <=  86: 30
Max Rain: 1.60 ON 8-09-14
Days of Rain: 20 (> .008in) 12 (> .08in) 5 (> 0.8in)