NOAA Reports


Report for 2014 Nov

Daily noaa report


                            MONTHLY CLIMATOLOGICAL SUMMARY for NOV. 2014

NAME: Sunset Beach   CITY: Sunset Beach (Mainland) STATE: North Carolina
ELEV: 52 Feet LAT: 033:54:59.65 LONG: 0078:29:49.39

                            TEMPERATURE ( F), RAIN (in.), WIND SPEED (mph)

                                               HEAT     COOL           AVG
      MEAN                                     DEG      DEG            WIND                      DOM
DAY   TEMP    HIGH   TIME     LOW    TIME      DAYS     DAYS    RAIN   SPEED   HIGH    TIME      DIR
----------------------------------------------------------------------------------------------------------------------------------------------------------
01    47.9   056.0   18:01    43.6   14:41     17.0     00.0   01.36   001     017    13:11      NE
02    45.5   057.5   14:21    34.3   00:00     19.4     00.0   00.00   001     014    11:31      E 
03    45.5   066.4   15:21    30.3   07:01     19.4     00.0   00.00   000     009    11:51     ENE
04    50.5   068.4   14:31    34.9   05:21     14.5     00.0   00.00   001     009    14:41     ENE
05    61.2   074.2   12:11    47.1   00:01     03.7     00.0   00.00   000     009    12:01     ENE
06    65.8   075.4   13:31    54.5   02:31     00.0     00.9   00.00   003     020    20:31      NE
07    49.4   063.2   00:01    38.8   00:00     15.5     00.0   00.00   000     012    00:51      NE
08    50.8   064.7   15:05    37.3   01:59     14.2     00.0   00.00   001     007    12:38     WNW
09    53.6   062.3   13:49    43.5   23:57     11.3     00.0   00.00   001     009    11:25     NNE
10    54.0   062.2   13:59    43.1   01:13     10.9     00.0   00.01   002     012    12:27     NNE
11    64.8   075.7   14:15    58.1   01:38     00.2     00.0   00.00   002     014    11:36     NNE
12    65.0   079.4   14:15    53.8   23:58     00.0     00.1   00.00   000     006    11:37      NE
13    61.9   071.5   14:03    50.8   23:56     03.1     00.0   00.03   001     014    13:04      NE
14    44.3   050.8   00:02    35.2   23:59     20.6     00.0   00.00   002     017    09:14      NE
15    38.1   051.6   13:40    29.7   06:41     26.9     00.0   00.01   001     013    14:33     ENE
16    47.4   058.7   14:06    30.3   00:21     17.5     00.0   00.29   001     009    17:02      NE
17    61.2   072.6   12:03    47.9   02:32     03.8     00.0   00.01   004     024    15:13      NE
18    41.6   056.7   00:01    25.6   23:58     23.3     00.0   00.00   002     023    01:48     NNW
19    32.9   048.4   13:15    20.6   07:26     32.0     00.0   00.00   001     015    14:31     WSW
20    48.5   062.1   15:27    32.6   05:48     16.5     00.0   00.00   005     022    13:53      W 
21    48.5   061.9   13:17    35.5   00:00     16.5     00.0   00.00   002     015    12:10      NE
22    46.4   063.8   13:12    31.8   07:32     18.5     00.0   00.00   001     012    13:54      E 
23    59.0   069.2   22:36    45.8   01:58     05.9     00.0   01.83   004     025    21:16     SSE
24    65.8   068.5   10:05    63.0   05:25     00.0     00.8   00.23   005     022    12:41     WSW
25    64.1   066.1   00:04    61.8   04:54     00.8     00.0   00.50   001     014    23:33     WNW
26    55.0   069.4   06:03    40.1   00:00     09.9     00.0   00.47   003     023    01:26      NW
27    45.5   058.2   13:09    36.4   23:58     19.5     00.0   00.00   002     021    10:41     NNW
28    37.8   050.7   13:59    29.6   07:29     27.2     00.0   00.01   001     018    09:54      NW
29    36.2   056.5   14:19    27.9   07:32     28.7     00.0   00.00   000     014    13:03     SSW
30    51.6   067.9   12:05    34.5   07:22     13.3     00.0   00.01   002     015    11:05     WSW
----------------------------------------------------------------------------------------------------------------------------------------------------------
51.3 (51.8)   79.4  day 12     20.6  day 19   410.1    001.7   04.46   01.7     025   day 26     NNE
Min <=  86: 30
Min <=  23: 1
Max Rain: 1.83 ON 23-11-14
Days of Rain: 12 (> .008in) 6 (> .08in) 2 (> 0.8in)