NOAA Reports


Report for 2014 Dec

Daily noaa report


                            MONTHLY CLIMATOLOGICAL SUMMARY for DEC. 2014

NAME: Sunset Beach   CITY: Sunset Beach (Mainland) STATE: North Carolina
ELEV: 52 Feet LAT: 033:54:59.65 LONG: 0078:29:49.39

                            TEMPERATURE ( F), RAIN (in.), WIND SPEED (mph)

                                               HEAT     COOL           AVG
      MEAN                                     DEG      DEG            WIND                      DOM
DAY   TEMP    HIGH   TIME     LOW    TIME      DAYS     DAYS    RAIN   SPEED   HIGH    TIME      DIR
----------------------------------------------------------------------------------------------------------------------------------------------------------
01    56.5   072.7   12:27    42.5   07:19     08.5     00.0   00.00   001     014    12:10     ESE
02    54.2   064.6   11:49    46.2   00:48     10.8     00.0   00.06   001     010    12:50      NE
03    56.2   071.2   14:42    51.9   22:24     08.8     00.0   00.01   000     008    14:46     ENE
04    55.6   062.5   14:36    49.8   03:46     09.4     00.0   00.00   001     010    11:04     ENE
05    53.2   064.6   15:26    43.4   06:08     11.8     00.0   00.00   001     009    11:38      NE
06    58.6   069.8   14:41    51.0   07:29     06.4     00.0   00.12   001     008    20:38     NNW
07    50.6   061.3   00:21    42.6   23:51     14.3     00.0   00.03   005     022    09:33     WNW
08    46.9   057.6   13:40    38.4   03:00     18.1     00.0   00.09   002     015    11:20      NE
09    45.4   050.7   15:59    41.5   08:05     19.5     00.0   00.26   001     010    11:18     NNE
10    45.0   058.9   14:21    32.8   23:59     20.0     00.0   00.02   001     021    14:26     NNE
11    38.3   055.8   14:30    28.5   07:46     26.6     00.0   00.00   001     013    13:29      NE
12    40.2   061.6   14:08    26.8   07:29     24.8     00.0   00.01   001     012    16:09      NE
13    42.4   064.2   14:10    29.1   07:43     22.5     00.0   00.00   001     010    09:52      NE
14    41.9   061.6   15:14    30.8   06:52     23.0     00.0   00.00   000     010    14:41     ENE
15    43.7   063.8   12:21    29.2   07:22     21.3     00.0   00.01   000     008    13:12      NE
16    50.5   064.9   13:21    33.6   05:19     14.5     00.0   00.00   004     026    14:27     WSW
17    50.5   065.3   13:33    39.1   23:58     14.4     00.0   00.00   001     012    16:19     WNW
18    43.4   061.2   14:09    33.1   07:24     21.5     00.0   00.00   001     016    09:53      E 
19    44.1   062.7   14:23    32.1   06:53     20.8     00.0   00.00   001     010    11:09     ESE
20    44.7   047.5   12:27    40.6   00:05     20.3     00.0   00.25   002     010    11:18     ENE
21    44.3   051.0   15:42    39.5   07:20     20.7     00.0   00.09   003     016    11:15      NE
22    45.6   047.3   14:05    43.7   09:43     19.4     00.0   00.16   002     013    07:20     NNE
23    51.3   060.3   23:41    44.9   01:26     13.7     00.0   00.69   001     007    23:58      NE
24    65.3   070.3   11:28    60.2   00:01     00.0     00.4   03.69   004     026    13:34      SW
25    54.5   063.0   00:02    39.1   23:59     10.4     00.0   00.01   002     024    07:08      W 
26    46.1   065.1   14:32    34.2   07:41     18.9     00.0   00.01   000     008    13:22      SW
27    47.5   065.3   12:15    33.4   07:18     17.4     00.0   00.00   000     007    15:58      SW
28    59.2   070.2   13:40    47.0   00:01     05.8     00.0   00.00   001     017    15:09      SW
29    58.1   062.6   10:05    52.4   23:59     06.9     00.0   00.24   001     010    19:21     ENE
30    44.9   052.4   00:04    40.7   00:00     20.0     00.0   00.06   002     015    07:38     NNE
31    39.1   052.9   14:42    29.6   00:00     25.8     00.0   00.00   001     010    10:58     NNE
----------------------------------------------------------------------------------------------------------------------------------------------------------
49.0 (50.5)   72.7  day 01     26.8  day 12   496.0    000.4   05.87   01.4     026   day 24     NNE
Min <=  86: 31
Max Rain: 3.69 ON 24-12-15
Days of Rain: 18 (> .008in) 9 (> .08in) 1 (> 0.8in)