NOAA Reports


Report for 2015

Daily noaa report


                            YEARLY CLIMATOLOGICAL SUMMARY for Nov 2015

NAME: Sunset Beach   CITY: Sunset Beach (Mainland) STATE: North Carolina
ELEV: 52 Feet LAT: 033:54:59.65 LONG: 0078:29:49.39

                            TEMPERATURE ( F), RAIN (in.), WIND SPEED (mph)

                                                 HEAT     COOL           AVG
      MEAN                                       DEG      DEG            WIND                        DOM
MTH   TEMP    HIGH   TIME      LOW     TIME      DAYS     DAYS   RAIN    SPEED    HIGH    TIME       DIR
----------------------------------------------------------------------------------------------------------------------------------------------------------
01    46.4   071.6   13:27    16.6   07:13    0550.8    0001.4   07.60    02.1     032    11:13      NW
02    41.5   069.4   11:22    14.4   07:11    0634.9    0000.0   04.54    02.9     037    14:21      NW
03    55.0   083.0   17:30    24.0   07:06    0275.4    0000.9   03.28    03.2     030    22:15     WNW
04    65.2   078.1   12:02    37.8   07:24    0047.3    0053.5   05.32    03.1     026    23:54     WNW
05    71.5   089.9   13:22    46.3   06:47    0009.4    0201.2   07.05    02.9     053    14:42      W 
06    81.2   102.4   13:24    62.0   06:42    0000.0    0486.7   05.06    03.1     026    23:53     WNW
07    82.1   102.9   14:21    64.7   06:59    0000.0    0496.6   03.72    02.6     033    18:14     WNW
08    79.1   093.2   11:19    63.1   06:51    0000.0    0428.0   06.89    01.5     024    07:42      NW
09    76.2   094.1   12:53    50.7   07:19    0000.0    0335.4   03.96    01.9     029    23:59      NW
10    65.2   084.3   14:49    33.7   07:59    0056.4    0070.7   20.81    02.0     031    16:36     NNW
11    59.9   083.5   12:40    27.8   06:58    0197.1    0043.1   09.40    01.3     058    23:59     NNW
-------------------------------------------------------------------------------------------------------------------------------------------------------------
      66.0    102.9            14.4            1771.2     2117.5   77.63     2.4     58              NNW

Max >=  90.0: 100
Max <=  32.0: 0
Min <=  32.0: 323
Min <=   0.0: 0
Max >=  90.0: 100
Max <=  32.0: 0
Min <=  32.0: 323
Min <=   0.0: 0
Max <= 23.0: 0
Min <=  23.0: 9
Max <=  14.0: 0
Min <=  14.0: 0
Max <=   5.0: 0
Min <=   0.0: 0
Max <=  -4.0: 0
Min <=  -4.0: 0
Max <= -13.0: 0
Min <= -13.0: 0
Max Rain: 0.04 ON 30-01-15
Days of Rain: 148 (> .008in) 91 (> .08in) 23 (> 0.8in)