NOAA Reports


Report for 2015 Apr

Daily noaa report


                            MONTHLY CLIMATOLOGICAL SUMMARY for APR. 2015

NAME: Sunset Beach   CITY: Sunset Beach (Mainland) STATE: North Carolina
ELEV: 52 Feet LAT: 033:54:59.65 LONG: 0078:29:49.39

                            TEMPERATURE ( F), RAIN (in.), WIND SPEED (mph)

                                               HEAT     COOL           AVG
      MEAN                                     DEG      DEG            WIND                      DOM
DAY   TEMP    HIGH   TIME     LOW    TIME      DAYS     DAYS    RAIN   SPEED   HIGH    TIME      DIR
----------------------------------------------------------------------------------------------------------------------------------------------------------
01    60.8   069.4   13:48    52.4   22:51     04.2     00.0   00.00   004     018    16:53     ENE
02    62.7   072.5   15:45    52.6   00:25     02.2     00.0   00.00   004     017    14:32      SE
03    67.8   077.1   14:22    61.8   00:08     00.0     02.9   00.00   005     024    14:09      SW
04    65.7   077.4   14:38    45.9   23:59     00.0     00.7   00.00   004     024    02:31     WSW
05    55.8   070.0   13:10    37.8   07:24     09.2     00.0   00.00   003     018    16:21     ENE
06    64.0   076.7   13:09    51.4   04:31     00.9     00.0   00.00   003     017    14:29      E 
07    66.9   075.3   14:16    60.2   05:54     00.0     02.0   00.01   003     020    11:39     ESE
08    68.9   077.3   16:20    61.2   01:07     00.0     04.0   00.09   003     022    16:05      SW
09    69.7   077.1   14:57    65.3   07:13     00.0     04.7   00.02   004     023    17:07     SSW
10    70.7   078.0   14:11    65.9   07:08     00.0     05.8   00.01   007     026    16:28      SW
11    67.4   075.7   15:46    52.8   00:00     00.0     02.5   00.13   002     018    00:48      E 
12    63.0   075.4   13:17    49.5   03:13     02.0     00.0   00.00   004     020    16:04     ENE
13    66.1   074.7   12:53    58.5   05:18     00.0     01.2   00.28   003     020    12:42     ENE
14    69.7   074.9   14:38    66.5   04:18     00.0     04.8   00.61   004     022    23:37      SW
15    64.4   069.6   02:16    50.7   23:11     00.5     00.0   00.76   005     023    23:10      NE
16    61.6   071.1   14:51    50.0   02:43     03.3     00.0   00.15   004     018    15:37      NE
17    69.7   073.8   14:19    65.9   00:06     00.0     04.7   00.13   002     014    09:40     ENE
18    68.5   075.6   16:25    65.1   23:57     00.0     03.5   01.06   001     012    13:24     ENE
19    69.1   074.9   10:58    63.0   04:05     00.0     04.1   00.73   002     018    13:16     ESE
20    69.7   076.8   11:59    65.8   06:26     00.0     04.7   00.00   006     024    17:17      SW
21    68.4   076.5   13:56    59.3   23:59     00.0     03.5   00.00   004     022    00:38     WSW
22    66.1   078.1   12:02    54.5   02:47     00.0     01.1   00.00   005     023    17:45     WSW
23    67.9   077.8   14:25    55.8   00:00     00.0     03.0   00.00   003     020    00:48     WSW
24    61.5   075.1   14:55    50.1   07:04     03.5     00.0   00.00   002     016    09:15     WNW
25    63.5   070.3   15:52    51.3   05:51     01.4     00.0   00.04   003     021    18:11      SW
26    65.3   076.3   10:55    53.0   00:00     00.0     00.3   00.37   002     017    07:42      NW
27    60.9   075.4   15:18    48.7   06:26     04.0     00.0   00.01   001     016    16:37     NNW
28    59.9   073.0   16:13    44.1   06:56     05.0     00.0   00.00   001     010    15:06     NNE
29    55.9   065.2   15:13    47.4   02:13     09.1     00.0   00.34   001     010    19:08     ENE
30    63.5   077.2   15:05    55.6   01:24     01.4     00.0   00.58   001     013    23:07     NNE
----------------------------------------------------------------------------------------------------------------------------------------------------------
65.2 (65.0)   78.1  day 22     37.8  day 05   046.8    053.5   05.32   03.1     026   day 10      S 
Min <=  86: 30
Max Rain: 1.06 ON 18-04-15
Days of Rain: 17 (> .008in) 12 (> .08in) 1 (> 0.8in)