NOAA Reports


Report for 2016 Jan

Daily noaa report



                            MONTHLY CLIMATOLOGICAL SUMMARY for JAN. 2016

NAME: Sunset Beach   CITY: Sunset Beach (Mainland) STATE: North Carolina
ELEV: 52 Feet LAT: 033:54:59.65 LONG: 0078:29:49.39

                            TEMPERATURE ( F), RAIN (in.), WIND SPEED (mph)

                                               HEAT     COOL           AVG
      MEAN                                     DEG      DEG            WIND                      DOM
DAY   TEMP    HIGH   TIME     LOW    TIME      DAYS     DAYS    RAIN   SPEED   HIGH    TIME      DIR
--------------------------------------------------------------------------------------------------------
01    53.9   059.3   04:00    49.9   00:00     11.1     00.0   00.53   001     013    06:14     NNW
02    44.9   049.9   15:29    33.8   23:48     20.1     00.0   00.00   001     010    11:53     NNW
03    42.4   054.4   15:00    32.3   07:53     22.5     00.0   00.00   000     008    13:16     NNW
04    41.9   051.2   13:25    33.6   23:57     23.0     00.0   00.00   002     017    08:43     NNW
05    32.7   041.3   14:48    28.0   20:50     32.3     00.0   00.00   002     017    09:56      N 
06    39.9   051.2   14:06    28.9   00:01     25.0     00.0   00.00   003     013    16:27      N 
07    49.0   061.0   14:47    41.3   01:01     15.9     00.0   00.00   003     016    09:29      N 
08    49.7   054.0   15:20    43.5   00:19     15.2     00.0   00.00   000     010    14:22     NNW
09    57.4   068.4   13:53    50.5   04:07     07.5     00.0   00.02   002     014    17:36     NNW
10    59.5   065.6   12:12    46.1   00:00     05.5     00.0   00.00   005     026    12:37     NNW
11    39.7   053.4   14:52    26.9   00:00     25.2     00.0   00.00   001     014    14:05     NNW
12    42.9   056.7   14:57    25.7   05:01     22.0     00.0   00.00   004     026    16:56     NNW
13    39.2   053.2   13:21    28.2   07:48     25.7     00.0   00.00   001     009    14:11     NNW
14    41.1   060.1   13:31    26.6   04:56     23.8     00.0   00.00   001     014    14:39     NNW
15    51.6   062.8   11:12    37.0   05:58     13.4     00.0   01.37   004     030    20:13     NNW
16    54.4   065.2   13:45    45.0   23:59     10.5     00.0   00.00   003     018    02:55     NNW
17    41.9   046.7   04:05    31.8   00:00     23.0     00.0   00.43   001     015    07:02     NNW
18    37.0   050.3   13:19    28.5   23:59     27.9     00.0   00.01   001     014    14:12     NNW
19    29.1   041.7   14:19    18.8   07:26     35.9     00.0   00.00   001     012    12:52     NNW
20    31.9   044.0   12:49    19.2   07:20     33.0     00.0   00.00   001     012    14:23     NNW
21    41.8   056.3   14:32    29.7   06:46     23.1     00.0   00.00   001     013    09:51     NNW
22    39.3   043.9   18:41    35.3   07:58     25.6     00.0   01.47   004     022    17:26     NNW
23    34.6   037.3   16:26    30.4   09:05     30.4     00.0   00.00   003     015    14:27     NNW
24    38.0   053.7   14:36    27.8   23:57     26.9     00.0   00.00   001     010    12:23     NNW
25    40.5   057.8   14:44    25.3   06:33     24.5     00.0   00.00   001     010    10:29     NNW
26    49.9   067.1   13:19    35.6   04:42     15.0     00.0   00.00   000     008    14:41     NNW
27    54.9   060.8   12:19    48.0   00:00     10.0     00.0   00.00   001     010    15:30     NNW
28    45.9   050.2   12:00    42.5   07:23     19.1     00.0   00.16   002     009    10:17     NNW
29    47.0   060.9   16:00    38.8   00:00     17.9     00.0   00.05   002     014    16:01     NNW
30    38.5   058.0   15:31    29.6   06:00     26.4     00.0   00.00   000     010    15:02     NNW
--------------------------------------------------------------------------------------------------------
43.7 (44.2)   68.4  day 09     18.8  day 19   637.5    000.0   04.06   01.7     030   day 15     NNW
Min <=  86: 30
Min <=  23: 2
Max Rain: 1.47 ON 22-01-16
Days of Rain: 8 (> .008in) 5 (> .08in) 2 (> 0.8in)