NOAA Reports


Report for 2016 Feb

Daily noaa report



                            MONTHLY CLIMATOLOGICAL SUMMARY for FEB. 2016

NAME: Sunset Beach   CITY: Sunset Beach (Mainland) STATE: North Carolina
ELEV: 52 Feet LAT: 033:54:59.65 LONG: 0078:29:49.39

                            TEMPERATURE ( F), RAIN (in.), WIND SPEED (mph)

                                               HEAT     COOL           AVG
      MEAN                                     DEG      DEG            WIND                      DOM
DAY   TEMP    HIGH   TIME     LOW    TIME      DAYS     DAYS    RAIN   SPEED   HIGH    TIME      DIR
--------------------------------------------------------------------------------------------------------
01    58.8   072.2   12:10    50.0   07:06     06.1     00.0   00.00   003     015    14:43     NNW
02    57.6   070.3   13:36    47.6   08:55     07.3     00.0   00.00   002     013    20:45     NNW
03    64.9   071.1   13:09    56.0   00:02     00.1     00.0   01.25   004     020    15:27     NNW
04    62.4   065.0   06:40    56.2   00:00     02.6     00.0   04.03   002     021    15:50     NNW
05    45.3   056.2   00:01    32.3   00:00     19.6     00.0   00.32   002     014    12:28     NNW
06    41.1   052.4   14:00    29.8   04:08     23.8     00.0   00.18   002     014    09:42     NNW
07    37.7   041.7   22:54    35.2   14:52     27.2     00.0   02.51   005     020    09:45     NNW
08    45.5   056.4   13:20    31.3   07:44     19.5     00.0   00.03   003     021    18:37     NNW
09    42.9   048.3   13:57    38.3   23:25     22.0     00.0   00.00   006     025    11:53     NNW
10    37.0   046.2   13:22    30.6   07:29     27.9     00.0   00.00   005     024    15:06     NNW
11    36.3   051.8   15:34    24.8   07:41     28.6     00.0   00.00   002     016    14:02     NNW
12    37.8   043.2   15:10    29.2   00:00     27.2     00.0   00.00   002     014    10:06     NNW
13    34.2   047.6   17:59    26.2   10:39     30.8     00.0   00.00   001     009    10:55     NNW
14    30.7   039.7   14:06    22.2   07:18     34.2     00.0   00.00   003     016    17:27     NNW
15    45.6   061.7   23:55    31.9   07:06     19.4     00.0   00.00   002     021    22:48     NNW
16    57.2   067.2   15:12    41.0   23:59     07.7     00.0   01.12   004     030    03:58     NNW
17    49.1   066.3   14:37    36.7   00:00     15.8     00.0   00.15   001     013    13:24     NNW
18    44.7   058.4   14:51    32.8   00:00     20.3     00.0   00.00   002     013    15:53     NNW
19    41.6   056.0   13:56    28.7   07:14     23.3     00.0   00.00   001     012    16:26     NNW
20    52.4   064.7   13:35    37.7   04:48     12.5     00.0   00.00   002     017    16:12     NNW
21    59.6   069.9   11:13    49.3   06:25     05.3     00.0   00.00   003     014    17:53     NNW
22    58.1   066.5   11:37    52.4   00:00     06.9     00.0   00.11   002     013    17:32     NNW
23    57.7   063.4   16:02    52.2   02:50     07.2     00.0   00.27   001     010    18:45     NNW
24    64.7   069.0   11:36    58.4   00:00     00.2     00.0   00.17   007     031    20:33     NNW
25    52.2   059.9   15:04    44.7   00:00     12.8     00.0   00.00   009     030    01:44     NNW
26    45.3   059.0   14:47    32.2   23:17     19.6     00.0   00.00   002     016    13:14     NNW
27    42.1   057.1   14:31    28.7   07:30     22.9     00.0   00.00   001     015    13:55     NNW
28    49.2   065.1   13:57    31.0   06:44     15.7     00.0   00.00   004     020    23:29     NNW
--------------------------------------------------------------------------------------------------------
48.3 (48.5)   72.2  day 01     22.2  day 14   466.6    000.0   10.08   02.9     031   day 25     NNW
Min <=  86: 28
Min <=  23: 1
Max Rain: 4.03 ON 4-02-16
Days of Rain: 11 (> .008in) 10 (> .08in) 4 (> 0.8in)