NOAA Reports


Report for 2016 Sep

Daily noaa report



                            MONTHLY CLIMATOLOGICAL SUMMARY for SEP. 2016

NAME: Sunset Beach   CITY: Sunset Beach (Mainland) STATE: North Carolina
ELEV: 49 Feet LAT: 033:54:59.65 LONG: 0078:29:49.39

                            TEMPERATURE ( F), RAIN (in.), WIND SPEED (mph)

                                               HEAT     COOL           AVG
      MEAN                                     DEG      DEG            WIND                      DOM
DAY   TEMP    HIGH   TIME     LOW    TIME      DAYS     DAYS    RAIN   SPEED   HIGH    TIME      DIR
--------------------------------------------------------------------------------------------------------
01    77.8   089.9   14:15    71.8   12:26     00.0     12.9   00.06   002     022    17:47     SSW
02    73.9   078.4   17:57    70.9   15:51     00.0     09.0   08.03   005     030    15:45      NE
03    74.1   085.8   15:12    65.6   06:16     00.0     09.2   00.09   002     021    02:12      W 
04    73.1   086.8   15:53    61.5   00:00     00.0     08.2   00.00   001     010    18:23     NNE
05    70.7   086.0   17:00    58.2   06:58     00.0     05.7   00.00   001     015    13:15     NNE
06    75.5   092.5   14:54    58.6   05:22     00.0     10.5   00.00   003     015    16:23      SW
07    79.9   093.3   15:18    70.1   05:50     00.0     14.9   00.00   004     017    17:24      SW
08    81.3   090.0   14:44    71.9   06:58     00.0     16.3   00.00   004     015    15:50     SSW
09    79.5   087.9   15:33    70.1   05:12     00.0     14.5   00.00   003     017    15:39     SSW
10    80.7   087.7   14:51    70.5   07:15     00.0     15.8   00.00   003     020    15:08     SSW
11    82.5   090.0   12:57    76.1   07:06     00.0     17.6   00.00   003     015    16:03     SSW
12    76.4   085.6   11:29    72.1   00:00     00.0     11.4   00.60   001     009    11:55      SW
13    76.7   087.1   13:36    71.0   05:57     00.0     11.7   00.00   003     018    13:58      NE
14    73.9   079.1   13:17    69.5   04:57     00.0     09.0   00.57   001     012    14:53      NE
15    76.0   083.4   13:52    71.4   04:12     00.0     11.1   00.07   003     021    18:01      N 
16    75.4   086.0   15:28    70.0   06:49     00.0     10.5   00.04   003     022    12:33      N 
17    76.8   087.0   16:48    70.8   09:03     00.0     11.9   00.00   003     017    18:11     NNE
18    79.8   088.6   15:22    73.0   04:02     00.0     14.8   00.05   003     020    16:23      NE
19    77.7   087.4   14:13    71.8   23:53     00.0     12.8   00.32   001     018    04:05     NNE
20    73.5   081.0   14:35    70.5   03:29     00.0     08.6   00.00   000     007    14:56     NNE
21    75.1   083.9   14:34    70.6   07:11     00.0     10.2   00.01   002     009    16:06     SSW
22    76.1   085.1   15:55    71.1   05:09     00.0     11.1   01.91   003     022    21:39      NE
23    74.5   081.4   17:15    70.1   23:56     00.0     09.5   00.61   001     013    18:04     NNE
24    76.8   089.6   15:18    68.6   07:33     00.0     11.8   00.01   001     010    11:47      NE
25    74.3   086.5   14:14    64.4   06:02     00.0     09.3   00.00   003     016    20:28      NE
26    74.6   085.4   14:38    65.8   06:25     00.0     09.6   00.01   003     020    16:37      NE
--------------------------------------------------------------------------------------------------------
76.4 (77.7)   93.3  day 07     58.2  day 05   000.0    297.9   12.38   02.3     030   day 02     NNE
Max >=  86: 16
Min <=  86: 26
Max Rain: 8.03 ON 2-09-16
Days of Rain: 14 (> .008in) 7 (> .08in) 2 (> 0.8in)