NOAA Reports


Report for 2016 Oct

Daily noaa report



                            MONTHLY CLIMATOLOGICAL SUMMARY for OCT. 2016

NAME: Sunset Beach   CITY: Sunset Beach (Mainland) STATE: North Carolina
ELEV: 49 Feet LAT: 033:54:59.65 LONG: 0078:29:49.39

                            TEMPERATURE ( F), RAIN (in.), WIND SPEED (mph)

                                               HEAT     COOL           AVG
      MEAN                                     DEG      DEG            WIND                      DOM
DAY   TEMP    HIGH   TIME     LOW    TIME      DAYS     DAYS    RAIN   SPEED   HIGH    TIME      DIR
--------------------------------------------------------------------------------------------------------
05    63.5   078.0   08:41    50.4   22:31     01.5     00.0   00.00   001     013    09:41     SSW
06    58.0   071.6   07:50    46.4   00:00     06.9     00.0   00.10   001     013    06:08     WNW
07    63.5   074.4   08:51    46.4   00:01     01.4     00.0   00.00   001     012    10:11     NNW
08    65.6   079.9   08:51    54.7   00:00     00.0     00.7   00.00   001     015    04:31      N 
09    66.4   083.0   09:16    54.6   00:51     00.0     01.4   00.00   001     009    04:51      W 
10    68.8   077.4   07:56    59.5   23:21     00.0     03.9   00.00   002     014    04:11     NNE
11    64.0   075.3   16:16    55.2   00:00     01.0     00.0   00.00   001     013    13:07      N 
12    65.9   082.2   14:56    54.6   01:20     00.0     00.9   00.00   001     010    11:41     NNE
13    67.2   081.1   15:21    54.1   07:06     00.0     02.3   00.00   001     010    13:06     SSE
14    70.1   083.4   12:36    56.6   07:56     00.0     05.1   00.00   001     012    16:51      S 
15    70.8   086.5   13:16    55.4   00:00     00.0     05.9   00.00   001     009    14:56     SSW
16    65.8   082.2   14:29    54.6   01:11     00.0     00.9   00.00   001     010    11:22      NE
17    67.3   081.1   15:05    54.1   06:29     00.0     02.4   00.00   001     009    15:14      SE
18    70.2   083.4   12:20    56.5   07:21     00.0     05.2   00.00   001     012    14:09      S 
19    71.7   086.5   13:04    59.5   07:07     00.0     06.7   00.00   001     010    14:26      S 
20    68.8   082.7   12:30    59.5   07:20     00.0     03.9   00.00   001     013    16:05      E 
21    67.4   080.6   14:26    56.3   03:36     00.0     02.5   00.01   002     015    17:45      S 
22    58.5   069.9   17:07    41.9   00:00     06.4     00.0   00.00   002     012    17:17     WSW
23    53.7   074.7   16:09    37.2   07:02     11.2     00.0   00.00   001     012    13:14      SW
24    63.1   078.2   14:28    50.6   00:00     01.9     00.0   00.00   003     013    09:04     SSW
25    59.7   072.3   16:18    50.1   01:03     05.3     00.0   00.00   002     016    19:23      N 
26    60.6   075.2   14:27    51.7   00:00     04.3     00.0   00.00   002     014    16:33      NE
27    63.9   078.6   14:24    48.8   04:27     01.0     00.0   00.00   001     012    13:29     SSE
28    68.9   083.7   15:25    55.4   07:27     00.0     04.0   00.00   002     010    12:16     SSW
29    63.2   077.9   13:47    49.6   07:51     01.8     00.0   00.00   001     009    13:46     ENE
30    66.9   083.9   13:51    50.9   07:44     00.0     01.9   00.02   002     015    16:55     SSW
31    67.5   081.0   14:15    57.1   07:58     00.0     02.6   00.00   002     018    17:00     NNE
--------------------------------------------------------------------------------------------------------
65.2 (66.0)   86.5  day 19     37.2  day 23   042.7    050.3   08.61   01.4     018   day 31     SSW
Max >=  86: 2
Min <=  86: 27
Max Rain: 0.10 ON 6-10-16
Days of Rain: 3 (> .008in) 1 (> .08in) 0 (> 0.8in)