NOAA Reports


Report for 2016 Dec






                            MONTHLY CLIMATOLOGICAL SUMMARY for DEC. 2016

NAME: Sunset Beach   CITY: Sunset Beach (Mainland) STATE: North Carolina
ELEV: 49 Feet LAT: 033:54:59.65 LONG: 0078:29:49.39

                            TEMPERATURE ( F), RAIN (in.), WIND SPEED (mph)

                                               HEAT     COOL           AVG
      MEAN                                     DEG      DEG            WIND                      DOM
DAY   TEMP    HIGH   TIME     LOW    TIME      DAYS     DAYS    RAIN   SPEED   HIGH    TIME      DIR
--------------------------------------------------------------------------------------------------------
01    61.3   072.6   14:29    40.2   23:05     03.6     00.0   00.30   004     020    00:13      SW
02    46.7   064.3   14:20    34.5   00:00     18.2     00.0   00.00   001     009    11:15     WNW
03    42.1   049.8   11:05    31.4   07:15     22.9     00.0   00.00   002     018    10:24      N 
04    47.4   051.5   00:00    45.0   00:18     17.6     00.0   00.01   002     010    17:19     NNE
05    56.8   064.9   04:09    50.2   09:39     08.1     00.0   01.04   002     017    04:29      N 
06    56.4   065.8   14:39    47.9   04:19     08.6     00.0   01.08   004     018    17:19     NNW
07    50.8   064.3   14:29    40.2   23:39     14.1     00.0   00.29   001     012    11:39      N 
08    49.0   060.9   15:19    34.3   00:00     15.9     00.0   00.00   001     012    10:39      SW
09    35.8   049.7   13:29    23.9   23:27     29.1     00.0   00.00   001     017    15:09      NW
10    32.4   049.4   14:28    22.3   01:06     32.5     00.0   00.00   001     013    00:00      NW
11    43.9   062.7   00:00    22.2   03:17     21.1     00.0   00.00   003     017    00:00     NNE
12    62.2   070.4   14:24    54.5   23:13     02.7     00.0   00.47   003     022    14:18      SW
13    53.3   056.3   01:02    51.6   23:09     11.6     00.0   00.05   002     013    00:00      N 
14    51.9   058.0   14:14    46.5   00:00     13.0     00.0   00.25   002     017    00:00      N 
15    43.3   055.9   14:18    31.6   00:00     21.7     00.0   00.00   002     017    13:11     NNW
16    35.4   042.6   14:29    25.4   07:12     29.6     00.0   00.00   003     016    10:31      NE
17    50.0   063.6   14:39    34.8   05:38     14.9     00.0   00.15   002     013    13:39      SW
18    62.5   069.8   13:39    57.4   23:11     02.4     00.0   00.01   003     016    14:39      SW
19    43.9   061.6   01:29    35.7   22:21     21.0     00.0   00.34   005     022    00:00     NNE
20    37.8   040.1   00:00    34.6   05:07     27.2     00.0   00.01   002     022    11:29      N 
21    42.0   060.2   14:23    29.3   08:21     22.9     00.0   00.01   001     009    18:20     WNW
22    46.3   062.1   13:25    36.6   23:08     18.6     00.0   00.00   002     017    00:00      SW
23    47.7   060.1   14:13    39.5   07:19     17.2     00.0   00.00   003     017    17:00     NNE
24    60.3   075.2   14:52    42.8   03:13     04.7     00.0   00.03   001     012    20:14     WSW
25    55.3   069.5   13:03    44.3   06:14     09.7     00.0   00.00   002     013    15:24     ENE
26    55.3   065.4   15:07    46.9   04:15     09.6     00.0   00.31   003     013    16:02     NNE
27    61.0   069.6   13:15    57.4   00:20     03.9     00.0   00.07   003     016    12:10      SW
28    57.3   066.9   14:19    42.5   00:00     07.6     00.0   00.00   001     015    16:09      E 
29    54.4   070.8   14:17    36.9   23:29     10.5     00.0   00.00   003     022    00:00      SW
30    41.6   054.3   13:15    27.6   00:00     23.3     00.0   00.00   003     022    08:12      W 
31    42.9   060.6   14:27    24.0   05:29     22.0     00.0   00.00   002     021    08:28     WSW
--------------------------------------------------------------------------------------------------------
49.3 (49.7)   75.2  day 24     22.2  day 11   485.9    000.0   00.00   02.2     022   day 12      NW
Min <=  86: 31
Min <=  23: 2
Max Rain: 1.08 ON 6-12-18
Days of Rain: 16 (> .008in) 9 (> .08in) 2 (> 0.8in)