NOAA Reports


Report for 2017 Feb






                            MONTHLY CLIMATOLOGICAL SUMMARY for FEB. 2017

NAME: Sunset Beach   CITY: Sunset Beach (Mainland) STATE: North Carolina
ELEV: 49 Feet LAT: 033:54:59.65 LONG: 0078:29:49.39

                            TEMPERATURE ( F), RAIN (in.), WIND SPEED (mph)

                                               HEAT     COOL           AVG
      MEAN                                     DEG      DEG            WIND                      DOM
DAY   TEMP    HIGH   TIME     LOW    TIME      DAYS     DAYS    RAIN   SPEED   HIGH    TIME      DIR
--------------------------------------------------------------------------------------------------------
01    57.3   073.9   13:07    45.0   04:02     07.6     00.0   00.00   003     021    00:00      S 
02    58.9   073.0   15:08    51.4   23:20     06.1     00.0   00.00   002     021    15:02      S 
03    48.4   054.7   02:28    43.3   00:00     16.6     00.0   00.11   003     021    00:00     NNE
04    41.5   049.3   15:16    33.1   21:11     23.5     00.0   00.00   004     021    12:16      NE
05    46.8   063.6   15:13    38.3   06:13     18.2     00.0   00.00   002     016    00:00      NW
06    46.6   067.1   13:11    32.9   07:00     18.3     00.0   00.00   001     016    13:23     SSW
07    57.2   072.8   12:19    40.9   05:04     07.8     00.0   00.00   004     023    17:20      S 
08    63.0   072.8   15:15    58.5   22:46     01.9     00.0   00.53   002     017    12:26      SW
09    55.6   064.1   06:06    39.3   00:00     09.3     00.0   00.14   005     024    09:17     WNW
10    42.2   053.7   13:19    30.8   06:38     22.7     00.0   00.00   003     017    15:18      SE
11    57.6   075.3   13:16    47.5   04:37     07.3     00.0   00.00   003     020    00:00     SSW
12    64.7   075.0   13:27    58.3   05:10     00.3     00.0   00.00   003     020    11:30      S 
13    56.5   067.5   00:06    34.2   00:00     08.4     00.0   00.00   003     022    20:04     NNW
14    49.5   067.7   13:07    29.9   07:07     15.4     00.0   00.00   002     018    13:24      S 
15    54.2   060.7   09:29    41.3   21:10     10.8     00.0   00.31   002     022    00:00     SSW
16    44.0   060.3   14:23    30.1   07:10     21.0     00.0   00.00   002     022    10:29      W 
17    49.8   062.7   13:24    33.3   05:17     15.2     00.0   00.00   002     020    14:14     ESE
18    55.2   074.0   12:20    39.5   05:29     09.7     00.0   00.00   002     020    00:00      S 
19    56.5   073.3   15:15    43.1   06:14     08.5     00.0   00.00   001     020    18:03     WNW
20    55.9   076.2   13:01    40.6   07:01     09.1     00.0   00.00   002     015    00:00      E 
21    57.5   072.6   13:05    44.7   05:27     07.4     00.0   00.00   002     018    18:26      E 
22    61.3   076.0   13:11    55.2   23:20     03.7     00.0   00.00   003     025    00:00     ESE
23    63.0   077.3   13:11    52.8   02:21     01.9     00.0   00.00   002     025    00:00      E 
24    62.7   077.1   16:08    50.4   06:23     02.2     00.0   00.00   002     025    15:26      E 
25    61.2   075.0   13:19    47.1   07:03     03.7     00.0   00.00   003     022    00:00      S 
26    49.3   062.6   14:09    35.4   00:00     15.6     00.0   00.00   002     022    12:16     WNW
27    53.9   072.5   11:24    31.7   05:18     11.1     00.0   00.00   003     015    00:00     ESE
28    67.1   077.1   11:24    56.9   07:13     00.0     02.1   00.17   004     021    18:06     SSE
--------------------------------------------------------------------------------------------------------
54.9 (55.6)   77.3  day 23     29.9  day 14   283.3    002.1   00.05   02.5     025   day 25     SSE
Min <=  86: 28
Max Rain: 0.53 ON 8-02-18
Days of Rain: 5 (> .008in) 5 (> .08in) 0 (> 0.8in)