NOAA Reports


Report for 2017 Mar






                            MONTHLY CLIMATOLOGICAL SUMMARY for MAR. 2017

NAME: Sunset Beach   CITY: Sunset Beach (Mainland) STATE: North Carolina
ELEV: 49 Feet LAT: 033:54:59.65 LONG: 0078:29:49.39

                            TEMPERATURE ( F), RAIN (in.), WIND SPEED (mph)

                                               HEAT     COOL           AVG
      MEAN                                     DEG      DEG            WIND                      DOM
DAY   TEMP    HIGH   TIME     LOW    TIME      DAYS     DAYS    RAIN   SPEED   HIGH    TIME      DIR
--------------------------------------------------------------------------------------------------------
01    69.2   076.4   12:56    65.6   00:20     00.0     04.2   00.00   004     022    17:46     SSW
02    56.8   069.0   00:26    38.1   00:00     08.2     00.0   00.09   002     020    00:06      NW
03    47.8   065.0   14:56    30.1   07:01     17.2     00.0   00.00   002     016    13:26      SW
04    41.7   057.1   14:01    28.4   07:01     23.3     00.0   00.00   002     014    09:16     ENE
05    43.5   062.0   13:41    29.0   06:56     21.5     00.0   00.00   001     016    13:16     ESE
06    50.0   067.6   13:16    32.3   06:31     14.9     00.0   00.00   001     014    14:51      SE
07    63.4   074.2   13:56    45.8   01:01     01.5     00.0   00.00   004     020    16:06      S 
08    63.4   074.3   14:51    42.1   00:00     01.6     00.0   00.00   002     015    04:41     WSW
09    53.5   075.7   12:11    35.1   06:51     11.5     00.0   00.00   001     014    15:31      S 
10    61.7   075.5   13:26    45.6   00:41     03.3     00.0   00.00   002     020    21:06      NW
11    46.5   058.9   14:16    31.4   06:56     18.4     00.0   00.00   001     013    15:41     ENE
12    37.7   047.2   00:06    33.1   12:09     27.2     00.0   00.40   003     015    08:34      NE
13    45.6   056.6   13:51    33.0   04:21     19.4     00.0   00.81   003     016    13:16      NE
14    48.3   057.5   17:01    38.9   09:26     16.6     00.0   00.30   002     018    14:11      NW
15    36.4   045.0   00:01    26.4   00:00     28.5     00.0   00.00   003     020    14:51      NW
16    34.7   050.8   17:06    21.1   07:11     30.3     00.0   00.00   001     017    11:36     WNW
17    48.2   058.5   13:01    24.3   07:37     16.7     00.0   00.00   003     016    18:31     SSE
18    58.9   066.5   16:51    53.9   23:41     06.1     00.0   00.00   002     020    18:26     SSW
19    51.7   059.9   16:51    37.3   00:00     13.2     00.0   00.00   003     020    17:21      N 
20    47.2   062.5   13:31    29.7   07:31     17.7     00.0   00.00   002     016    14:46     SSE
21    63.0   080.8   14:16    47.8   03:01     01.9     00.0   00.00   002     012    16:16      S 
22    60.9   068.7   15:41    48.5   00:00     04.0     00.0   00.13   003     020    11:51      NE
23    47.1   061.6   14:46    36.9   00:00     17.9     00.0   00.00   003     016    15:16     ENE
24    54.1   074.2   14:41    34.8   04:46     10.8     00.0   00.00   002     015    14:16      SE
25    62.3   075.2   15:36    49.9   01:55     02.6     00.0   00.00   001     017    16:11     SSE
26    65.2   078.7   13:21    53.2   02:12     00.0     00.3   00.00   002     017    16:06     SSE
27    66.5   079.0   13:26    51.8   07:36     00.0     01.6   00.00   002     017    15:16      S 
28    69.8   080.3   14:26    62.4   07:01     00.0     04.8   00.00   002     016    15:16      S 
29    64.9   081.2   13:06    53.7   07:31     00.0     00.0   00.02   002     015    14:51      E 
30    65.3   076.9   13:21    55.0   07:36     00.0     00.3   00.01   003     020    14:36     ESE
31    68.9   075.7   13:36    63.9   23:37     00.0     04.0   00.46   004     022    07:56      S 
--------------------------------------------------------------------------------------------------------
54.6 (54.4)   81.2  day 29     21.1  day 16   334.3    015.3   00.09   02.4     022   day 13     SSE
Min <=  86: 31
Min <=  23: 1
Max Rain: 0.81 ON 13-03-18
Days of Rain: 8 (> .008in) 6 (> .08in) 1 (> 0.8in)