NOAA Reports


Report for 2017 May






                            MONTHLY CLIMATOLOGICAL SUMMARY for MAY. 2017

NAME: Sunset Beach   CITY: Sunset Beach (Mainland) STATE: North Carolina
ELEV: 49 Feet LAT: 033:54:59.65 LONG: 0078:29:49.39

                            TEMPERATURE ( F), RAIN (in.), WIND SPEED (mph)

                                               HEAT     COOL           AVG
      MEAN                                     DEG      DEG            WIND                      DOM
DAY   TEMP    HIGH   TIME     LOW    TIME      DAYS     DAYS    RAIN   SPEED   HIGH    TIME      DIR
--------------------------------------------------------------------------------------------------------
01    76.7   083.1   13:21    73.0   06:58     00.0     11.8   00.00   009     030    16:10      S 
02    71.4   081.0   14:05    57.5   00:00     00.0     06.4   00.11   002     024    01:05      SW
03    67.1   085.5   14:19    51.7   06:39     00.0     02.2   00.00   002     021    19:02      S 
04    71.4   083.4   12:49    57.9   04:19     00.0     06.5   00.22   005     025    12:53      SE
05    69.9   077.4   13:21    56.0   00:00     00.0     05.0   01.25   007     035    04:49      S 
06    59.2   070.7   16:42    50.5   04:25     05.7     00.0   00.00   002     017    15:23      W 
07    60.5   072.3   16:37    50.8   06:55     04.4     00.0   00.08   002     015    11:08     NNW
08    62.1   078.6   14:17    46.2   06:50     02.8     00.0   00.00   001     016    15:08      S 
09    65.3   081.4   13:58    48.3   06:35     00.0     00.4   00.00   002     015    13:48      S 
10    74.3   088.7   15:38    58.7   06:49     00.0     09.3   00.00   001     014    16:57     WSW
11    76.4   090.1   15:32    64.8   06:29     00.0     11.4   00.00   001     010    13:42      NW
12    69.6   075.7   16:48    65.5   02:23     00.0     04.7   00.00   001     010    14:04     ENE
13    66.6   074.4   14:20    63.2   00:00     00.0     01.7   00.18   001     009    08:11      N 
14    67.8   080.1   14:05    55.0   06:46     00.0     02.8   00.26   002     021    15:18      S 
15    74.1   090.0   15:24    59.2   04:50     00.0     09.2   00.00   001     015    13:40      N 
16    75.8   092.6   13:20    60.8   06:40     00.0     10.9   00.00   002     016    14:52      S 
17    77.7   088.5   12:55    66.7   06:58     00.0     12.7   00.00   003     022    16:14      S 
18    75.9   085.0   13:35    67.0   06:26     00.0     10.9   00.00   004     026    14:21      S 
19    75.0   085.5   14:14    63.7   06:49     00.0     10.1   00.00   002     018    15:30      S 
20    75.8   089.6   13:37    64.6   05:15     00.0     10.8   00.00   002     016    15:44      S 
21    76.4   084.9   13:24    68.7   06:34     00.0     11.4   00.00   003     018    14:20      SE
22    76.5   084.5   12:41    67.0   22:34     00.0     11.6   00.94   004     023    16:30      S 
23    72.3   082.0   14:52    67.1   01:28     00.0     07.4   01.67   002     025    14:40      S 
24    73.4   081.3   12:33    68.5   06:05     00.0     08.4   00.10   005     029    17:36      S 
25    69.8   077.7   13:35    59.5   15:24     00.0     04.8   00.78   002     023    00:14     SSW
26    71.4   084.1   13:56    59.4   06:53     00.0     06.5   00.00   001     012    01:43      N 
27    74.6   088.2   13:34    59.7   06:22     00.0     09.7   00.00   002     018    14:10     SSW
28    78.6   091.5   12:46    67.4   06:01     00.0     13.7   00.00   002     016    21:40      S 
29    78.5   091.6   13:13    67.4   06:18     00.0     13.6   00.00   002     020    16:47      S 
30    79.1   088.7   13:05    69.7   06:24     00.0     14.1   00.02   001     015    09:17     SSE
31    77.5   082.6   15:02    71.6   06:58     00.0     12.5   00.00   002     021    17:36      S 
--------------------------------------------------------------------------------------------------------
72.3 (72.5)   92.6  day 16     46.2  day 08   013.0    240.5   00.22   02.5     035   day 01      S 
Max >=  86: 10
Min <=  86: 31
Max Rain: 1.67 ON 23-05-18
Days of Rain: 11 (> .008in) 9 (> .08in) 3 (> 0.8in)