NOAA Reports


Report for 2017 Jul






                            MONTHLY CLIMATOLOGICAL SUMMARY for JUL. 2017

NAME: Sunset Beach   CITY: Sunset Beach (Mainland) STATE: North Carolina
ELEV: 49 Feet LAT: 033:54:59.65 LONG: 0078:29:49.39

                            TEMPERATURE ( F), RAIN (in.), WIND SPEED (mph)

                                               HEAT     COOL           AVG
      MEAN                                     DEG      DEG            WIND                      DOM
DAY   TEMP    HIGH   TIME     LOW    TIME      DAYS     DAYS    RAIN   SPEED   HIGH    TIME      DIR
--------------------------------------------------------------------------------------------------------
01    80.7   089.3   14:21    71.5   05:16     00.0     15.8   00.04   002     017    15:41      S 
02    83.3   095.0   14:41    72.6   06:11     00.0     18.4   00.00   001     014    15:31     SSE
03    81.6   091.6   11:31    74.4   07:06     00.0     16.7   00.00   001     014    16:46      S 
04    81.9   090.7   16:51    73.3   06:21     00.0     17.0   00.04   001     012    17:36      S 
05    82.7   095.6   14:21    74.3   00:00     00.0     17.7   00.13   001     015    16:41     NNW
06    83.1   096.6   13:51    72.7   02:52     00.0     18.2   00.00   001     016    14:26     SSW
07    86.0   097.6   14:41    78.5   06:56     00.0     21.1   00.00   001     015    17:01      S 
08    85.2   095.2   11:36    76.5   00:00     00.0     20.2   00.00   002     016    19:11      S 
09    78.1   087.7   14:01    71.5   06:21     00.0     13.2   00.39   001     012    18:01     SSE
10    77.9   086.7   12:41    72.5   07:06     00.0     13.0   00.25   001     010    00:00     SSE
11    82.6   091.0   12:36    75.2   06:46     00.0     17.6   00.00   002     013    17:01      S 
12    83.7   092.3   14:26    75.3   06:56     00.0     18.7   00.00   002     015    19:01      S 
13    83.2   092.5   14:26    73.3   07:01     00.0     18.3   00.00   002     017    15:16      S 
14    84.1   095.0   12:26    74.9   06:46     00.0     19.2   00.00   002     020    17:51      S 
15    83.7   096.5   13:06    73.6   21:51     00.0     18.8   00.10   002     016    15:46      S 
16    77.7   085.0   17:31    72.8   04:21     00.0     12.7   00.04   000     009    16:31     SSE
17    75.5   079.5   14:36    71.5   07:16     00.0     10.5   00.36   001     017    00:46     SSW
18    78.3   084.4   17:06    73.6   23:51     00.0     13.3   00.06   001     012    18:51      S 
19    79.7   090.2   16:21    71.4   07:01     00.0     14.7   00.00   001     012    16:41      NE
20    80.1   091.4   12:41    68.5   06:46     00.0     15.1   00.00   001     014    14:11     SSE
21    82.7   094.0   12:11    73.4   06:51     00.0     17.8   00.00   002     016    18:06      S 
22    83.3   092.8   12:56    74.6   06:51     00.0     18.3   00.00   002     018    15:06      S 
23    83.7   093.3   13:26    77.1   03:31     00.0     18.8   00.00   002     020    15:46      S 
24    81.7   091.7   14:36    74.1   23:56     00.0     16.8   00.10   002     015    18:06      S 
25    81.2   092.4   14:31    72.0   07:01     00.0     16.3   00.00   001     012    17:41     SSE
26    80.3   087.5   11:21    72.2   00:00     00.0     15.4   00.00   002     012    15:06     ENE
27    79.4   089.7   12:56    68.5   06:51     00.0     14.4   00.00   002     015    14:21     SSE
28    81.3   090.7   14:21    72.4   06:51     00.0     16.3   00.00   001     013    16:56      S 
29    80.0   086.1   16:37    72.5   00:00     00.0     15.1   00.32   001     020    16:37     NNE
30    75.3   085.4   15:01    66.4   00:00     00.0     10.4   00.00   004     021    02:15     NNE
31    73.4   086.2   16:24    58.8   06:07     00.0     08.5   00.00   003     020    11:39     NNE
--------------------------------------------------------------------------------------------------------
81.0 (81.7)   97.6  day 07     58.8  day 31   000.0    498.3   02.89   01.5     021   day 29     SSE
Max >=  86: 27
Min <=  86: 31
Max Rain: 0.39 ON 9-07-18
Days of Rain: 11 (> .008in) 7 (> .08in) 0 (> 0.8in)