NOAA Reports


Report for 2017 Aug






                            MONTHLY CLIMATOLOGICAL SUMMARY for AUG. 2017

NAME: Sunset Beach   CITY: Sunset Beach (Mainland) STATE: North Carolina
ELEV: 49 Feet LAT: 033:54:59.65 LONG: 0078:29:49.39

                            TEMPERATURE ( F), RAIN (in.), WIND SPEED (mph)

                                               HEAT     COOL           AVG
      MEAN                                     DEG      DEG            WIND                      DOM
DAY   TEMP    HIGH   TIME     LOW    TIME      DAYS     DAYS    RAIN   SPEED   HIGH    TIME      DIR
--------------------------------------------------------------------------------------------------------
01    73.6   089.2   15:25    58.0   05:49     00.0     08.6   00.00   002     018    16:42      E 
02    75.1   091.0   14:37    61.3   07:07     00.0     10.1   00.00   002     016    16:34      SE
08    75.0   085.7   12:18    55.4   18:48     00.0     10.1   00.00   002     021    14:49     SSE
09    73.4   075.6   12:32    72.0   00:00     00.0     08.5   00.09   001     009    12:28     NNE
10    74.4   080.6   11:46    70.5   07:05     00.0     09.5   00.83   001     012    17:26     ENE
11    79.2   087.9   14:21    72.1   01:55     00.0     14.2   00.51   003     018    16:02     SSE
12    81.9   089.6   14:43    74.8   05:24     00.0     16.9   00.54   003     026    04:57      S 
13    80.1   090.1   11:26    74.9   16:43     00.0     15.1   03.17   001     023    14:38      S 
14    80.7   089.6   12:28    74.4   07:15     00.0     15.8   00.00   002     018    12:58     SSE
15    83.6   093.1   14:10    75.4   06:54     00.0     18.6   00.00   001     013    16:50     SSE
16    85.6   092.4   13:21    76.1   23:50     00.0     20.6   00.00   002     012    18:09      E 
17    81.1   093.3   12:44    74.9   06:51     00.0     16.2   00.23   002     016    13:26      SE
18    84.8   094.3   12:14    76.4   00:39     00.0     19.8   00.00   002     022    16:44      S 
19    82.8   092.7   11:46    75.1   18:10     00.0     17.8   00.71   001     018    13:34      S 
20    81.4   092.2   14:51    75.7   07:23     00.0     16.5   00.48   001     016    17:07      SE
21    78.8   089.0   12:23    75.0   07:05     00.0     13.9   01.30   001     015    13:53     ESE
22    80.9   090.4   13:30    73.4   06:54     00.0     16.0   00.02   001     017    15:50     SSE
23    82.5   092.2   13:21    72.6   23:23     00.0     17.5   01.38   002     022    21:20      S 
24    76.0   082.1   15:42    70.7   03:26     00.0     11.1   02.48   001     013    00:39      E 
26    74.5   079.8   20:00    72.4   07:46     00.0     09.6   00.00   001     010    08:40      NE
27    75.8   085.4   14:56    69.8   07:08     00.0     10.8   00.00   005     023    10:54      NE
28    71.8   078.7   13:56    65.7   05:54     00.0     06.9   01.54   004     023    12:51      NE
29    72.9   077.3   15:23    67.4   00:00     00.0     08.0   00.28   003     017    10:42      N 
30    72.0   082.4   13:55    64.5   04:54     00.0     07.0   00.00   001     010    16:14     ESE
31    76.3   088.4   14:20    69.6   05:49     00.0     11.4   01.42   001     017    17:48     SSE
--------------------------------------------------------------------------------------------------------
78.2 (79.0)   94.3  day 18     55.4  day 08   000.0    330.7   17.33   01.9     026   day 13     ESE
Max >=  86: 16
Min <=  86: 25
Max Rain: 3.17 ON 13-08-18
Days of Rain: 15 (> .008in) 14 (> .08in) 7 (> 0.8in)