NOAA Reports


Report for 2017 Sep






                            MONTHLY CLIMATOLOGICAL SUMMARY for SEP. 2017

NAME: Sunset Beach   CITY: Sunset Beach (Mainland) STATE: North Carolina
ELEV: 49 Feet LAT: 033:54:59.65 LONG: 0078:29:49.39

                            TEMPERATURE ( F), RAIN (in.), WIND SPEED (mph)

                                               HEAT     COOL           AVG
      MEAN                                     DEG      DEG            WIND                      DOM
DAY   TEMP    HIGH   TIME     LOW    TIME      DAYS     DAYS    RAIN   SPEED   HIGH    TIME      DIR
--------------------------------------------------------------------------------------------------------
01    79.6   088.4   14:09    51.1   07:25     00.0     14.7   00.21   003     022    18:25      S 
02    76.8   083.8   15:23    72.0   00:00     00.0     11.8   00.54   001     016    06:39     SSE
03    74.9   084.1   16:17    67.4   00:00     00.0     10.0   00.00   001     009    14:10     NNE
04    74.4   088.8   14:00    64.2   07:02     00.0     09.5   00.00   002     012    14:03      S 
05    80.5   086.8   14:08    71.3   07:05     00.0     15.6   00.00   004     026    14:29      S 
06    74.9   080.7   16:16    65.8   23:40     00.0     09.9   01.80   002     020    02:53      S 
07    65.8   077.3   17:02    60.6   00:00     00.0     00.9   00.00   001     012    17:03      N 
08    67.2   079.4   15:55    55.6   06:54     00.0     02.3   00.00   002     016    12:03     NNE
09    66.9   078.5   13:14    59.5   07:10     00.0     02.0   00.00   004     022    12:16      NE
10    69.2   074.6   08:06    61.0   08:00     00.0     04.3   00.00   007     022    12:57      NE
11    68.8   075.3   00:00    64.3   04:21     00.0     03.9   00.67   008     030    13:51     ENE
12    77.7   085.6   14:03    69.9   00:00     00.0     12.7   03.65   004     028    02:02      SE
13    73.4   084.5   13:51    62.7   07:20     00.0     08.5   00.00   001     015    16:20     SSE
14    76.8   085.0   14:12    71.5   02:02     00.0     11.9   00.19   001     016    17:18      S 
15    76.8   088.5   13:27    67.7   07:06     00.0     11.9   00.00   001     013    15:32     SSE
16    75.1   087.3   14:22    66.6   07:00     00.0     10.2   00.10   001     014    14:44      E 
17    74.0   081.4   15:34    68.2   07:18     00.0     09.0   00.15   002     015    12:17     NNE
18    73.2   082.5   16:02    68.3   06:13     00.0     08.3   00.00   002     021    14:07      N 
19    73.5   085.4   15:27    65.1   05:49     00.0     08.6   00.00   001     012    11:00     NNW
20    75.9   088.2   13:27    64.8   07:22     00.0     10.9   00.00   001     013    16:30      NW
21    75.3   091.0   13:26    67.5   00:00     00.0     10.3   01.01   001     018    19:21     ENE
22    73.5   088.4   13:06    63.7   06:17     00.0     08.6   00.00   001     014    14:45     ESE
23    74.4   088.6   13:25    65.4   07:12     00.0     09.5   00.00   001     013    16:49     ESE
24    73.5   084.0   15:01    67.9   00:47     00.0     08.6   00.00   002     021    11:22     NNE
25    73.4   079.9   16:26    67.9   05:33     00.0     08.5   00.00   003     016    13:38      N 
26    77.4   085.9   16:35    72.2   05:52     00.0     12.4   00.00   003     022    11:49     NNW
27    78.1   088.4   16:41    71.6   04:46     00.0     13.2   00.00   002     016    13:03     NNW
28    78.2   093.3   13:38    67.2   07:35     00.0     13.2   00.00   001     012    16:25     SSW
29    75.9   086.2   14:01    70.4   08:44     00.0     11.0   00.00   002     014    13:51     ENE
30    71.7   080.9   14:49    64.5   23:37     00.0     06.8   00.00   004     020    13:15     NNE
--------------------------------------------------------------------------------------------------------
74.2 (75.1)   93.3  day 28     51.1  day 01   000.0    278.7   08.33   02.3     030   day 11     ENE
Max >=  86: 12
Min <=  86: 30
Max Rain: 3.65 ON 12-09-18
Days of Rain: 9 (> .008in) 9 (> .08in) 3 (> 0.8in)