NOAA Reports


Report for 2017 Dec






                            MONTHLY CLIMATOLOGICAL SUMMARY for DEC. 2017

NAME: Carolina Stormwatch   CITY: Calabash STATE: North Carolina
ELEV: 44 Feet LAT: 033:55:28.7554 LONG: -0078:34:10.7426

                            TEMPERATURE ( F), RAIN (in.), WIND SPEED (mph)

                                               HEAT     COOL           AVG
      MEAN                                     DEG      DEG            WIND                      DOM
DAY   TEMP    HIGH   TIME     LOW    TIME      DAYS     DAYS    RAIN   SPEED   HIGH    TIME      DIR
--------------------------------------------------------------------------------------------------------
01    59.1   072.5   14:16    50.0   00:15     05.9     00.0   00.00   001     008    14:51      NE
02    53.2   060.2   13:46    49.4   01:41     11.7     00.0   00.00   002     009    08:37      NE
03    54.5   065.2   14:51    46.4   22:21     10.4     00.0   00.00   001     012    13:31     NNE
04    53.0   067.2   14:41    41.4   06:55     12.0     00.0   00.01   001     012    14:56      NE
05    63.1   076.1   12:47    54.2   03:51     01.9     00.0   00.05   001     012    15:01      S 
06    58.5   067.1   12:37    43.1   23:26     06.4     00.0   00.28   001     013    16:16      N 
07    43.1   044.4   15:51    41.8   02:12     21.8     00.0   00.16   001     009    00:46      N 
08    41.0   043.2   00:01    39.6   00:00     24.0     00.0   00.97   003     020    17:06      NE
09    39.6   042.0   14:06    36.4   00:00     25.4     00.0   00.25   002     014    07:47      N 
10    38.7   128.0   00:36    28.5   07:37     26.3     00.0   00.00   001     013    11:57     NNW
11    39.4   055.1   15:01    30.3   07:27     25.6     00.0   00.00   001     008    16:01     SSE
12    48.8   064.4   13:57    34.8   00:41     16.1     00.0   00.00   002     015    21:26     WSW
13    38.7   128.0   00:26    26.5   07:12     26.2     00.0   00.00   001     012    11:57      NW
14    47.3   061.7   14:51   -00.0   00:07     17.7     00.0   00.00   001     012    05:11     WSW
15    48.6   060.8   14:06    38.6   07:42     16.4     00.0   00.00   001     012    21:11     NNW
16    38.5   054.2   14:46    28.2   07:37     26.5     00.0   00.00   001     012    15:46     NNE
17    44.2   061.2   14:41    28.2   06:50     20.7     00.0   00.00   001     010    13:21      SE
18    57.4   069.5   14:11    48.8   07:42     07.6     00.0   00.00   000     008    14:26      S 
20    54.2   064.7   12:47    47.8   07:57     10.7     00.0   00.83   002     016    21:46      NE
21    48.9   051.7   00:41    45.2   07:56     16.1     00.0   00.00   003     014    03:02      NE
22    53.2   062.8   14:20    46.6   07:38     11.8     00.0   00.02   001     012    12:46     NNE
23    59.2   070.6   13:36    39.3   08:00     05.8     00.0   00.00   003     022    17:35     SSW
24    61.7   064.9   02:16    54.4   00:00     03.2     00.0   00.18   001     012    23:50     SSW
25    46.5   054.4   00:04    35.0   21:28     18.4     00.0   00.00   002     016    14:45     NNW
26    39.0   047.9   14:08    32.5   04:56     25.9     00.0   00.00   001     008    20:31     ENE
27    40.4   047.7   00:01    33.9   00:00     24.6     00.0   00.07   003     015    11:31     NNE
28    31.8   053.0   14:28    27.0   22:48     33.1     00.0   00.00   005     022    10:47      NE
29    32.3   046.1   14:49    26.3   23:40     32.6     00.0   00.00   002     017    01:23     NNE
30    36.1   058.7   13:03    24.5   04:00     28.8     00.0   00.00   001     013    15:06      SW
31    34.3   040.4   01:24    29.0   23:37     30.7     00.0   00.00   005     022    10:42      NE
--------------------------------------------------------------------------------------------------------
46.8 (49.9)   128.0  day 13    -00.0  day 14   544.0    000.0   03.36   01.6     022   day 31     NNE
Max >=  86: 2
Min <=  86: 30
Min <=  23: 1
Min <=   5: 1
Max Rain: 0.97 ON 8-12-18
Days of Rain: 10 (> .008in) 6 (> .08in) 2 (> 0.8in)