NOAA Reports


Report for 2018 Jan






                            MONTHLY CLIMATOLOGICAL SUMMARY for JAN. 2018

NAME: Carolina Stormwatch   CITY: Calabash STATE: North Carolina
ELEV: 44 Feet LAT: 033:55:28.7554 LONG: -0078:34:10.7426

                            TEMPERATURE ( F), RAIN (in.), WIND SPEED (mph)

                                               HEAT     COOL           AVG
      MEAN                                     DEG      DEG            WIND                      DOM
DAY   TEMP    HIGH   TIME     LOW    TIME      DAYS     DAYS    RAIN   SPEED   HIGH    TIME      DIR
--------------------------------------------------------------------------------------------------------
01    25.8   029.9   14:23    15.6   00:00     39.1     00.0   00.00   006     023    10:26      NE
02    23.0   033.0   15:04    15.1   00:23     41.9     00.0   00.00   003     023    08:12     NNE
03    27.5   034.1   12:29    20.6   01:19     37.5     00.0   00.00   005     020    18:04     NNE
04    30.0   038.3   13:24    22.3   07:17     34.9     00.0   00.01   004     020    11:23     NNW
05    25.1   037.4   15:00    13.3   07:17     39.8     00.0   00.01   001     013    13:18      NW
06    23.7   034.0   14:26    16.3   23:20     41.3     00.0   00.00   002     015    15:01      N 
07    22.9   034.4   13:25    14.3   07:21     42.0     00.0   00.00   002     013    09:15      NE
08    37.1   053.9   21:06    16.5   02:22     27.8     00.0   00.00   000     008    08:18      SE
09    48.2   067.2   15:12    37.4   06:30     16.7     00.0   00.00   001     010    16:02     ENE
10    57.6   058.4   19:13    55.2   23:15     07.3     00.0   00.00   002     006    20:24     ENE
11    64.9   074.8   11:14    55.1   00:24     00.0     00.0   00.17   004     023    18:09     ESE
12    64.3   067.2   00:18    56.2   00:00     00.7     00.0   00.53   004     016    21:24      S 
13    47.1   056.4   02:13    34.2   22:22     17.8     00.0   00.01   002     016    08:18      NW
14    33.4   040.8   15:08    27.9   00:00     31.5     00.0   00.00   004     021    09:01     NNE
15    31.9   044.7   13:28    24.3   05:10     33.0     00.0   00.00   002     014    08:07      N 
16    35.5   054.7   14:25    24.0   07:14     29.4     00.0   00.00   001     010    14:38      W 
17    39.0   056.9   13:17    29.2   06:02     25.9     00.0   00.11   002     017    23:17     NNE
18    29.1   040.2   15:05    22.1   07:05     35.9     00.0   00.05   003     021    00:28     NNW
19    37.5   058.7   13:19    22.8   06:21     27.4     00.0   00.00   001     013    16:07      SW
26    43.4   062.7   16:00    27.5   07:17     21.5     00.0   00.00   002     016    13:06     SSW
27    62.7   062.7   23:58    60.5   09:00     02.2     00.0   00.00   002     005    09:00      E 
28    61.1   065.7   14:01    58.9   00:00     03.8     00.0   01.07   001     008    19:24     ESE
29    54.1   059.5   02:02    39.4   00:00     10.8     00.0   01.06   003     023    14:24      N 
30    40.6   047.7   14:02    32.9   23:27     24.4     00.0   00.07   004     028    14:07     NNW
31    34.3   045.8   13:05    26.0   07:24     30.7     00.0   00.00   002     016    11:00     ESE
--------------------------------------------------------------------------------------------------------
40.0 (40.5)   74.8  day 11     13.3  day 05   623.6    000.0   01.48   02.5     028   day 01     NNE
Max <=  32: 1
Min <=  86: 25
Min <=  23: 10
Max Rain: 1.07 ON 28-01-18
Days of Rain: 10 (> .008in) 5 (> .08in) 2 (> 0.8in)