NOAA Reports


Report for 2018 Feb

Daily noaa report



                            MONTHLY CLIMATOLOGICAL SUMMARY for FEB. 2018

NAME: Carolina StormWatch   CITY: Calabash STATE: North Carolina
ELEV: 44 Feet LAT: 033:55:28.75  N LONG: 0078:34:10.74  W

                            TEMPERATURE ( F), RAIN (in.), WIND SPEED (mph)

                                               HEAT     COOL           AVG
      MEAN                                     DEG      DEG            WIND                       DOM
DAY   TEMP    HIGH   TIME     LOW    TIME      DAYS     DAYS    RAIN   SPEED    HIGH    TIME      DIR
--------------------------------------------------------------------------------------------------------
01    48.0   064.6   14:10    30.5   04:14     17.0     00.0   00.00   03.5     25.3    12:26     SSW
02    48.1   059.2   05:46    33.2   00:00     16.9     00.0   00.12   04.1     25.3    06:43     NNW
03    35.2   046.3   14:11    28.0   07:35     29.7     00.0   00.00   04.1     17.3    05:03      NE
04    51.9   061.7   11:41    36.0   01:04     13.1     00.0   00.74   04.1     32.2    15:04     SSE
05    47.2   057.6   17:00    37.5   00:00     17.8     00.0   00.03   01.7     14.9    12:43      N 
06    48.8   066.6   13:53    33.3   07:15     16.2     00.0   00.00   01.0     12.7    12:13     SSE
07    58.8   069.8   10:50    42.6   03:35     06.1     00.0   00.00   03.5     21.9    14:46     SSW
08    49.4   060.0   00:04    35.2   00:00     15.5     00.0   00.06   02.1     18.4    10:02      NE
09    48.9   065.9   14:44    32.3   05:14     16.0     00.0   00.14   02.1     16.1    15:15      E 
10    64.6   075.0   12:19    52.5   00:15     00.4     00.0   00.15   02.7     17.3    14:15      S 
11    66.1   070.4   13:24    62.2   20:52     00.0     01.2   00.06   04.8     23.0    16:15     SSW
12    62.0   072.5   15:41    31.0   08:36     02.9     00.0   00.15   02.5     23.0    21:08     ESE
13    46.6   049.6   12:57    43.4   00:00     18.4     00.0   00.12   04.7     19.6    05:19      NE
14    51.3   066.4   15:13    42.1   05:51     13.7     00.0   00.00   01.3     11.5    15:36      E 
15    61.2   074.6   13:12    50.9   06:31     03.7     00.0   00.00   02.2     14.9    15:12      S 
16    66.9   081.9   15:01    58.2   02:49     00.0     02.0   00.00   02.5     16.1    11:52     SSW
17    57.5   064.7   00:48    53.7   21:25     07.5     00.0   00.00   03.4     18.4    09:38      NE
18    57.3   069.0   13:19    50.4   00:00     07.7     00.0   00.00   03.4     20.7    10:39     ENE
19    59.7   069.4   12:35    49.0   01:40     05.3     00.0   00.03   01.5     12.7    01:17      NE
20    68.4   079.2   13:28    60.7   06:45     00.0     03.5   00.00   01.9     16.1    11:55     SSE
21    67.4   078.3   15:13    57.9   07:11     00.0     02.4   00.00   01.8     14.9    16:06      S 
22    69.0   080.7   13:18    58.6   00:00     00.0     04.0   00.00   02.2     12.7    16:07      S 
23    65.5   079.5   13:31    55.3   07:14     00.0     00.5   00.00   01.3     14.9    16:30     SSE
24    67.9   079.0   12:10    60.1   00:38     00.0     03.0   00.00   02.9     17.3    14:59      S 
25    68.1   079.2   13:12    60.2   20:39     00.0     03.1   00.02   02.6     17.3    15:14     SSW
26    61.3   071.5   12:00    49.7   23:31     03.6     00.0   00.10   01.6     23.0    21:00     NNE
27    51.1   064.8   14:08    38.7   00:00     13.8     00.0   00.07   03.0     19.6    11:12      NE
28    53.9   069.4   14:50    38.5   01:34     11.1     00.0   00.02   00.9     09.2    20:46      SE
--------------------------------------------------------------------------------------------------------
57.2 (57.3)   81.9  day 16     28.0  day 03   236.2    019.8   01.93   02.6     32.2   day 04      SE
Min <=  86: 28
Max Rain: 0.74 ON 4-02-18
Days of Rain: 14 (> .008in) 7 (> .08in) 0 (> 0.8in)