NOAA Reports


Report for 2018 Apr






                            MONTHLY CLIMATOLOGICAL SUMMARY for APR. 2018

NAME: Carolina Stormwatch   CITY: Calabash STATE: North Carolina
ELEV: 44 Feet LAT: 033:55:28.7554 LONG: -0078:34:10.7426

                            TEMPERATURE ( F), RAIN (in.), WIND SPEED (mph)

                                               HEAT     COOL           AVG
      MEAN                                     DEG      DEG            WIND                      DOM
DAY   TEMP    HIGH   TIME     LOW    TIME      DAYS     DAYS    RAIN   SPEED   HIGH    TIME      DIR
--------------------------------------------------------------------------------------------------------
01    56.6   076.5   12:39    39.6   07:14     08.3     00.0   00.00   002     017    16:30     SSE
02    63.8   078.8   13:21    48.9   05:02     01.2     00.0   00.00   002     020    16:31     SSW
03    66.9   077.5   13:59    59.5   03:45     00.0     01.9   00.00   004     022    17:13      S 
04    69.2   077.7   12:37    55.9   23:38     00.0     04.3   00.03   004     017    06:21     SSW
05    52.8   065.7   14:24    42.2   23:38     12.1     00.0   00.00   002     016    15:39     ENE
06    57.4   072.2   13:02    39.5   07:05     07.6     00.0   00.00   003     017    15:49      S 
07    64.2   074.8   10:44    43.8   00:00     00.7     00.0   01.19   003     022    21:22      S 
08    44.6   055.9   17:29    37.0   07:20     20.4     00.0   00.12   003     021    10:01      NE
09    48.0   051.3   23:50    44.0   02:09     16.9     00.0   00.31   003     021    11:48      NE
10    51.1   057.3   17:40    44.2   00:00     13.8     00.0   00.00   002     020    11:45      NE
11    51.0   066.5   14:13    40.8   03:16     14.0     00.0   00.00   002     014    14:23     ESE
12    56.8   073.0   13:03    39.6   07:07     08.1     00.0   00.00   002     015    15:49      S 
13    65.7   078.1   12:43    51.2   02:54     00.0     00.8   00.00   003     024    16:36     SSW
14    68.3   080.6   13:27    53.1   06:53     00.0     03.4   00.00   003     018    17:04     SSW
15    71.5   079.7   11:52    65.3   22:53     00.0     06.6   00.78   006     025    23:54      S 
16    57.7   066.7   00:40    48.8   23:22     07.2     00.0   00.04   003     020    00:33     WSW
17    52.9   068.2   16:43    35.3   07:05     12.0     00.0   00.00   002     014    17:16     WSW
18    67.1   081.8   12:34    54.4   06:59     00.0     02.2   00.00   003     020    18:26     SSW
19    72.2   085.8   16:35    55.7   00:00     00.0     07.3   00.00   003     021    22:38     WNW
20    54.1   067.8   14:07    43.0   00:00     10.8     00.0   00.00   003     018    02:03     ENE
21    54.9   072.3   13:18    37.7   06:47     10.1     00.0   00.00   002     016    17:25     ESE
22    59.8   073.9   12:55    43.9   04:34     05.1     00.0   00.00   002     021    15:54     ESE
23    62.1   065.9   10:09    56.8   07:05     02.9     00.0   00.52   005     028    18:20     ESE
24    65.2   071.4   17:25    62.1   07:59     00.0     00.3   02.29   005     030    04:44     SSW
25    66.4   076.8   12:07    57.3   06:40     00.0     01.5   00.04   001     013    14:59     WNW
26    67.3   080.3   11:46    57.3   06:56     00.0     02.3   00.00   002     016    16:30     WSW
27    66.6   076.6   12:34    57.0   00:00     00.0     01.7   00.09   002     020    16:33      W 
28    66.3   079.6   13:02    53.4   07:04     00.0     01.3   00.00   002     015    15:09      W 
29    60.9   071.7   14:27    45.5   00:00     04.0     00.0   00.00   002     018    09:18     ENE
30    58.0   075.6   16:39    40.2   06:44     06.9     00.0   00.00   001     018    14:12      E 
--------------------------------------------------------------------------------------------------------
60.7 (60.5)   85.8  day 19     35.3  day 17   162.2    033.5   05.41   02.7     030   day 24      S 
Min <=  86: 30
Max Rain: 2.29 ON 24-04-18
Days of Rain: 10 (> .008in) 7 (> .08in) 2 (> 0.8in)