NOAA Reports


Report for 2018 Jun






                            MONTHLY CLIMATOLOGICAL SUMMARY for JUN. 2018

NAME: Carolina Stormwatch   CITY: Calabash STATE: North Carolina
ELEV: 39 Feet LAT: 033:55:28.7554 LONG: -0078:34:10.7426

                            TEMPERATURE ( F), RAIN (in.), WIND SPEED (mph)

                                               HEAT     COOL           AVG
      MEAN                                     DEG      DEG            WIND                      DOM
DAY   TEMP    HIGH   TIME     LOW    TIME      DAYS     DAYS    RAIN   SPEED   HIGH    TIME      DIR
--------------------------------------------------------------------------------------------------------
01    81.6   093.6   16:14    72.3   04:06     00.0     16.6   00.00   001     013    18:18     SSE
02    80.6   092.0   16:10    68.9   06:16     00.0     15.7   00.00   001     012    18:47     SSW
03    79.7   089.4   13:08    70.4   03:08     00.0     14.8   00.00   001     013    17:33      S 
04    79.8   090.5   15:59    73.2   23:48     00.0     14.8   00.00   002     014    10:03      NE
05    76.6   089.5   16:01    65.9   05:40     00.0     11.6   00.00   001     010    16:35     SSE
06    77.4   090.8   15:34    62.0   06:31     00.0     12.5   00.00   001     014    16:38      S 
07    80.3   091.0   14:21    69.2   06:36     00.0     15.4   00.00   002     016    16:16     SSE
08    79.2   090.8   13:21    68.2   05:16     00.0     14.3   00.00   002     020    17:30     ESE
09    77.8   088.8   13:36    69.9   06:46     00.0     12.9   00.77   002     017    16:45      SE
10    80.0   090.4   15:11    70.8   06:36     00.0     15.1   00.06   002     015    17:25     SSE
11    80.2   093.0   12:06    69.7   00:00     00.0     15.2   00.93   002     016    19:00      S 
12    71.5   074.3   11:51    69.4   01:31     00.0     06.6   01.18   002     013    08:25      NE
13    76.3   086.1   12:34    69.1   02:51     00.0     11.3   00.00   001     014    17:45      S 
14    76.6   091.1   12:07    70.1   23:53     00.0     11.7   00.28   001     014    14:47     SSE
15    78.8   091.8   13:21    69.4   01:46     00.0     13.9   00.08   001     012    16:46     ENE
16    80.4   089.2   12:53    71.7   05:33     00.0     15.5   00.00   002     015    15:06     ESE
17    80.5   089.3   14:53    70.6   06:19     00.0     15.6   00.00   002     016    17:06      S 
18    81.4   091.3   11:35    74.3   05:55     00.0     16.5   00.21   002     018    18:47      S 
19    83.2   095.6   14:38    73.1   04:02     00.0     18.2   00.00   001     014    17:47      S 
20    83.2   096.6   13:27    74.2   23:24     00.0     18.3   00.16   001     014    17:45     SSE
21    83.4   094.4   15:08    74.8   00:06     00.0     18.4   00.25   001     013    14:27     SSE
22    83.8   094.4   12:57    76.2   06:28     00.0     18.9   00.00   002     018    17:36      S 
23    84.2   092.4   12:22    76.2   06:36     00.0     19.3   00.00   002     017    13:20      S 
24    83.2   094.0   11:52    72.4   23:31     00.0     18.2   00.17   002     020    18:54      S 
25    79.7   091.7   16:02    70.3   21:05     00.0     14.7   00.71   002     017    19:59     SSE
26    78.4   089.9   14:41    70.5   04:36     00.0     13.4   00.41   001     014    14:53     ESE
27    79.3   089.0   13:30    72.2   03:28     00.0     14.4   00.00   001     010    18:56      SE
28    81.7   092.2   13:59    71.7   06:27     00.0     16.8   00.15   001     013    15:56      S 
29    82.4   091.9   12:47    75.6   06:27     00.0     17.4   00.02   001     014    13:56      S 
30    82.7   092.7   12:09    73.5   06:12     00.0     17.8   00.00   002     013    18:17      SE
--------------------------------------------------------------------------------------------------------
80.1 (81.1)   96.6  day 20     62.0  day 06   000.0    456.0   05.39   01.6     020   day 25     SSE
Max >=  86: 29
Min <=  86: 30
Max Rain: 1.18 ON 12-06-18
Days of Rain: 14 (> .008in) 12 (> .08in) 2 (> 0.8in)